000
CXUS56 KTFX 220802
CF6GTF
PRELIMINARY LOCAL CLIMATOLOGICAL DATA (WS FORM: F-6)
STATION: GREAT FALLS MT
MONTH: FEBRUARY
YEAR: 2023
LATITUDE: 47 28 N
LONGITUDE: 111 22 W
TEMPERATURE IN F: :PCPN: SNOW: WIND :SUNSHINE: SKY :PK WND
================================================================================
1 2 3 4 5 6A 6B 7 8 9 10 11 12 13 14 15 16 17 18
12Z AVG MX 2MIN
DY MAX MIN AVG DEP HDD CDD WTR SNW DPTH SPD SPD DIR MIN PSBL S-S WX SPD DR
================================================================================
1 37 15 26 1 39 0 T T 2 18.2 31 220 M M 6 1 41 230
2 40 10 25 0 40 0 0.00 0.0 1 14.2 28 230 M M 5 1 34 230
3 46 34 40 15 25 0 0.00 0.0 1 17.6 28 210 M M 1 33 210
4 45 30 38 13 27 0 0.00 0.0 T 18.4 35 220 M M 0 44 220
5 48 30 39 14 26 0 0.00 0.0 T 15.4 25 230 M M 5 34 220
6 48 33 41 16 24 0 0.00 0.0 T 17.9 31 250 M M 4 39 250
7 44 35 40 15 25 0 0.00 0.0 0 22.4 31 230 M M 2 39 230
8 41 23 32 7 33 0 T T 0 15.9 32 240 M M 6 43 240
9 43 20 32 7 33 0 0.00 0.0 0 17.3 29 220 M M 0 37 230
10 50 28 39 13 26 0 0.00 0.0 0 19.2 33 230 M M 0 43 230
11 48 23 36 10 29 0 0.00 0.0 0 13.2 28 240 M M 0 35 260
12 50 26 38 12 27 0 0.00 0.0 0 20.8 31 220 M M 0 41 220
13 53 26 40 14 25 0 0.00 0.0 0 22.0 43 230 M M 2 58 230
14 31 2 17 -9 48 0 0.13 3.0 2 11.5 28 350 M M 6 12 39 360
15 30 5 18 -8 47 0 0.00 0.0 1 15.5 24 220 M M 0 31 210
16 40 20 30 4 35 0 0.00 0.0 1 20.9 36 220 M M 0 47 230
17 43 32 38 12 27 0 0.00 0.0 T 22.7 33 220 M M 3 44 220
18 39 23 31 5 34 0 T T 0 13.2 29 220 M M 8 8 39 220
19 41 25 33 7 32 0 T T T 21.6 40 260 M M 8 56 260
20 39 24 32 5 33 0 0.23 3.4 1 9.5 26 250 M M 8 1 32 240
21 39 -6 17 -10 48 0 0.13 3.5 3 15.0 28 350 M M 8 1289 37 350
22 -4 -11 -7 -34 72 0 0.07 1.5 5 13.9 21 30 M M 10 18 26 30
23 -5 -21 -13 -40 78 0 0.02 T 4 6.8 16 20 M M 8 18 22 20
24 22 -22 0 -28 65 0 T 0.1 3 14.0 31 220 M M 1 1 40 230
25 38 22 30 2 35 0 0.00 0.0 3 24.3 38 230 M M 1 47 230
26 49 30 40 12 25 0 0.00 0.0 2 17.9 31 220 M M 1 39 220
27 38 23 31 3 34 0 0.00 0.0 T 13.0 28 250 M M 2 34 240
28 40 17 29 0 36 0 T T T 9.2 26 230 M M 5 33 230
================================================================================
SM 1073 496 1028 0 0.58 11.5 461.5 M 100
================================================================================
AV 38.3 17.7 16.5 FASTST M M 4 MAX(MPH)
MISC ----> 43 230 58 230
================================================================================
NOTES:
# LAST OF SEVERAL OCCURRENCES
COLUMN 17 PEAK WIND IN M.P.H.
PRELIMINARY LOCAL CLIMATOLOGICAL DATA (WS FORM: F-6) , PAGE 2
STATION: GREAT FALLS MT
MONTH: FEBRUARY
YEAR: 2023
LATITUDE: 47 28 N
LONGITUDE: 111 22 W
[TEMPERATURE DATA] [PRECIPITATION DATA] SYMBOLS USED IN COLUMN 16
AVERAGE MONTHLY: 28.0 TOTAL FOR MONTH: 0.58 1 = FOG OR MIST
DPTR FM NORMAL: 1.8 DPTR FM NORMAL: -0.01 2 = FOG REDUCING VISIBILITY
HIGHEST: 53 ON 13 GRTST 24HR 0.23 ON 20-20 TO 1/4 MILE OR LESS
LOWEST: -22 ON 24 3 = THUNDER
SNOW, ICE PELLETS, HAIL 4 = ICE PELLETS
TOTAL MONTH: 11.5 INCHES 5 = HAIL
GRTST 24HR 3.5 ON 21-21 6 = FREEZING RAIN OR DRIZZLE
GRTST DEPTH: 5 ON 22 7 = DUSTSTORM OR SANDSTORM:
VSBY 1/2 MILE OR LESS
8 = SMOKE OR HAZE
[NO. OF DAYS WITH] [WEATHER - DAYS WITH] 9 = BLOWING SNOW
X = TORNADO
MAX 32 OR BELOW: 5 0.01 INCH OR MORE: 5
MAX 90 OR ABOVE: 0 0.10 INCH OR MORE: 3
MIN 32 OR BELOW: 25 0.50 INCH OR MORE: 0
MIN 0 OR BELOW: 4 1.00 INCH OR MORE: 0
[HDD (BASE 65) ]
TOTAL THIS MO. 1028 CLEAR (SCALE 0-3) 15
DPTR FM NORMAL -57 PTCLDY (SCALE 4-7) 10
TOTAL FM JUL 1 5466 CLOUDY (SCALE 8-10) 3
DPTR FM NORMAL -8
[CDD (BASE 65) ]
TOTAL THIS MO. 0
DPTR FM NORMAL 0 [PRESSURE DATA]
TOTAL FM JAN 1 0 HIGHEST SLP 30.62 ON 23
DPTR FM NORMAL 0 LOWEST SLP 29.26 ON 26
[REMARKS]
#FINAL-02-23#