000
CXUS56 KTFX 220801
CF6GTF
PRELIMINARY LOCAL CLIMATOLOGICAL DATA (WS FORM: F-6)
STATION: GREAT FALLS MT
MONTH: NOVEMBER
YEAR: 2022
LATITUDE: 47 28 N
LONGITUDE: 111 22 W
TEMPERATURE IN F: :PCPN: SNOW: WIND :SUNSHINE: SKY :PK WND
================================================================================
1 2 3 4 5 6A 6B 7 8 9 10 11 12 13 14 15 16 17 18
12Z AVG MX 2MIN
DY MAX MIN AVG DEP HDD CDD WTR SNW DPTH SPD SPD DIR MIN PSBL S-S WX SPD DR
================================================================================
1 67 34 51 13 14 0 0.00 0.0 0 13.6 26 190 M M 1 36 190
2 35 21 28 -10 37 0 0.10 0.8 0 10.4 20 300 M M 10 1 28 320
3 38 18 28 -10 37 0 0.00 T 1 11.5 24 220 M M 4 32 240
4 48 30 39 2 26 0 0.00 0.0 0 24.3 37 230 M M 3 50 220
5 51 22 37 0 28 0 0.09 0.9 0 25.6 54 250 M M 2 1 69 250
6 23 11 17 -20 48 0 T T 1 10.2 20 40 M M 10 1 26 30
7 15 -3 6 -30 59 0 0.29 4.4 1 7.3 18 290 M M 9 1 24 290
8 5 -15 -5 -41 70 0 0.20 3.9 4 4.5 10 310 M M 8 128 12 300
9 4 -10 -3 -39 68 0 0.22 2.3 7 5.2 12 220 M M 9 128 12 40
10 15 -13 1 -34 64 0 0.00 0.0 7 7.2 16 210 M M 2 20 210
11 28 12 20 -15 45 0 0.00 0.0 6 15.7 22 200 M M 0 26 220
12 32 10 21 -14 44 0 0.00 0.0 5 15.3 25 220 M M 1 31 210
13 26 17 22 -12 43 0 0.09 2.1 4 9.4 17 210 M M 7 12 20 200
14 34 13 24 -10 41 0 0.02 0.3 6 10.4 28 300 M M 7 1 34 310
15 37 12 25 -9 40 0 0.00 0.0 4 12.2 20 330 M M 5 12 27 350
16 31 18 25 -9 40 0 0.07 0.8 4 11.1 22 350 M M 8 1 28 360
17 19 -6 7 -26 58 0 T 0.1 4 8.6 18 350 M M 6 18 23 320
18 20 -3 9 -24 56 0 0.00 0.0 3 19.7 32 210 M M 0 9 38 210
19 32 14 23 -9 42 0 0.00 0.0 2 21.6 33 220 M M 0 43 220
20 38 26 32 0 33 0 0.00 0.0 2 18.4 26 220 M M 0 34 230
21 39 26 33 1 32 0 0.00 0.0 2 15.5 22 230 M M 1 29 220
22 44 32 38 6 27 0 0.00 0.0 1 20.0 33 230 M M 2 42 220
23 40 27 34 3 31 0 0.10 0.3 T 12.8 24 220 M M 7 1 32 220
24 47 28 38 7 27 0 0.00 0.0 T 21.2 29 220 M M 0 37 220
25 58 40 49 18 16 0 0.00 0.0 0 20.1 31 220 M M 0 42 220
26 45 33 39 9 26 0 0.02 T 0 13.6 38 230 M M 5 12 48 230
27 46 20 33 3 32 0 T T 0 22.3 38 260 M M 2 1 49 270
28 21 -2 10 -20 55 0 0.10 1.8 1 8.6 21 10 M M 10 12 26 340
29 10 -1 5 -25 60 0 0.01 0.2 1 5.2 10 130 M M 5 1 13 130
30 37 -1 18 -11 47 0 0.00 0.0 2 11.5 26 200 M M 4 35 190
================================================================================
SM 985 410 1246 0 1.31 17.9 413.0 M 128
================================================================================
AV 32.8 13.7 13.8 FASTST M M 4 MAX(MPH)
MISC ----> 54 250 69 250
================================================================================
NOTES:
# LAST OF SEVERAL OCCURRENCES
COLUMN 17 PEAK WIND IN M.P.H.
PRELIMINARY LOCAL CLIMATOLOGICAL DATA (WS FORM: F-6) , PAGE 2
STATION: GREAT FALLS MT
MONTH: NOVEMBER
YEAR: 2022
LATITUDE: 47 28 N
LONGITUDE: 111 22 W
[TEMPERATURE DATA] [PRECIPITATION DATA] SYMBOLS USED IN COLUMN 16
AVERAGE MONTHLY: 23.3 TOTAL FOR MONTH: 1.31 1 = FOG OR MIST
DPTR FM NORMAL: -10.3 DPTR FM NORMAL: 0.63 2 = FOG REDUCING VISIBILITY
HIGHEST: 67 ON 1 GRTST 24HR 0.29 ON 7- 7 TO 1/4 MILE OR LESS
LOWEST: -15 ON 8 3 = THUNDER
SNOW, ICE PELLETS, HAIL 4 = ICE PELLETS
TOTAL MONTH: 17.9 INCHES 5 = HAIL
GRTST 24HR 4.4 ON 7- 7 6 = FREEZING RAIN OR DRIZZLE
GRTST DEPTH: 7 ON 10, 9 7 = DUSTSTORM OR SANDSTORM:
VSBY 1/2 MILE OR LESS
8 = SMOKE OR HAZE
[NO. OF DAYS WITH] [WEATHER - DAYS WITH] 9 = BLOWING SNOW
X = TORNADO
MAX 32 OR BELOW: 14 0.01 INCH OR MORE: 12
MAX 90 OR ABOVE: 0 0.10 INCH OR MORE: 6
MIN 32 OR BELOW: 27 0.50 INCH OR MORE: 0
MIN 0 OR BELOW: 9 1.00 INCH OR MORE: 0
[HDD (BASE 65) ]
TOTAL THIS MO. 1246 CLEAR (SCALE 0-3) 14
DPTR FM NORMAL 306 PTCLDY (SCALE 4-7) 11
TOTAL FM JUL 1 1884 CLOUDY (SCALE 8-10) 5
DPTR FM NORMAL -57
[CDD (BASE 65) ]
TOTAL THIS MO. 0
DPTR FM NORMAL 0 [PRESSURE DATA]
TOTAL FM JAN 1 535 HIGHEST SLP 30.96 ON 17
DPTR FM NORMAL 225 LOWEST SLP 29.02 ON 5
[REMARKS]
#FINAL-11-22#