000
CXUS54 KAMA 010710
CF6GUY
PRELIMINARY LOCAL CLIMATOLOGICAL DATA (WS FORM: F-6)
STATION: GUYMON
MONTH: OCTOBER
YEAR: 2021
LATITUDE: 36 41 N
LONGITUDE: 101 30 W
TEMPERATURE IN F: :PCPN: SNOW: WIND :SUNSHINE: SKY :PK WND
================================================================================
1 2 3 4 5 6A 6B 7 8 9 10 11 12 13 14 15 16 17 18
12Z AVG MX 2MIN
DY MAX MIN AVG DEP HDD CDD WTR SNW DPTH SPD SPD DIR MIN PSBL S-S WX SPD DR
================================================================================
1 66 53 60 -5 5 0 0.26 M M 4.1 12 10 M M 6 1 14 90
2 74 52 63 -1 2 0 0.00 M M 6.7 17 20 M M 4 1 23 20
3 84 50 67 3 0 2 0.00 M M 6.0 16 10 M M 0 1 21 10
4 89 49 69 6 0 4 0.00 M M 6.8 15 30 M M 1 21 20
5 83 45 64 1 1 0 0.00 M M 5.5 10 160 M M 0 17 160
6 84 48 66 4 0 1 0.00 M M 9.8 22 210 M M 0 28 190
7 92 52 72 10 0 7 0.00 M M 7.6 17 250 M M 0 23 240
8 94 49 72 10 0 7 0.00 M M 6.8 18 220 M M 0 26 220
9 96 60 78 17 0 13 T M M 16.3 35 220 M M 0 44 230
10 77 49 63 2 2 0 0.57 M M 11.1 24 10 M M 8 1 32 360
11 77 43 60 0 5 0 0.00 M M 10.8 23 190 M M 0 33 180
12 82 51 67 7 0 2 0.20 M M 17.7 45 220 M M 1 13 66 230
13 72 38 55 -4 10 0 0.00 M M 7.9 16 270 M M 0 21 270
14 62 38 50 -9 15 0 0.00 M M 9.5 18 40 M M 3 12 25 40
15 62 35 49 -9 16 0 T M M 10.9 21 340 M M 2 31 340
16 76 31 54 -4 11 0 0.00 M M 8.2 22 250 M M 0 32 240
17 78 36 57 -1 8 0 0.00 M M 12.1 30 220 M M 0 39 210
18 84 46 65 8 0 0 0.00 M M 16.7 26 190 M M 0 40 190
19 86 50 68 11 0 3 0.00 M M 18.4 36 220 M M 0 53 220
20 70 43 57 1 8 0 0.00 M M 8.7 17 20 M M 0 24 340
21 74 36 55 -1 10 0 0.00 M M 4.5 15 220 M M 0 22 210
22 82 45 64 9 1 0 0.00 M M 3.5 13 210 M M 2 17 210
23 89 43 66 11 0 1 0.00 M M 11.9 31 250 M M 0 40 240
24 76 47 62 7 3 0 0.00 M M 8.8 21 350 M M 0 31 350
25 85 41 63 9 2 0 0.00 M M 11.2 22 160 M M 0 32 190
26 89 54 72 18 0 7 0.00 M M 16.9 36 220 M M 0 47 220
27 65 46 56 3 9 0 0.00 M M 23.1 47 360 M M 2 68 360
28 65 42 54 1 11 0 0.00 M M 19.6 40 360 M M 0 61 10
29 71 39 55 2 10 0 0.00 M M 8.2 15 350 M M 0 23 340
30 79 35 57 5 8 0 0.00 M M 8.6 22 20 M M 0 27 20
31 58 36 47 -5 18 0 0.00 M M 11.4 20 30 M M 0 28 60
================================================================================
SM 2421 1382 155 47 1.03 M 329.3 M 29
================================================================================
AV 78.1 44.6 10.6 FASTST M M 1 MAX(MPH)
MISC ----> 47 360 68 360
================================================================================
NOTES:
# LAST OF SEVERAL OCCURRENCES
COLUMN 17 PEAK WIND IN M.P.H.
PRELIMINARY LOCAL CLIMATOLOGICAL DATA (WS FORM: F-6) , PAGE 2
STATION: GUYMON
MONTH: OCTOBER
YEAR: 2021
LATITUDE: 36 41 N
LONGITUDE: 101 30 W
[TEMPERATURE DATA] [PRECIPITATION DATA] SYMBOLS USED IN COLUMN 16
AVERAGE MONTHLY: 61.3 TOTAL FOR MONTH: 1.03 1 = FOG OR MIST
DPTR FM NORMAL: 3.3 DPTR FM NORMAL: -0.72 2 = FOG REDUCING VISIBILITY
HIGHEST: 96 ON 9 GRTST 24HR 0.57 ON 9-10 TO 1/4 MILE OR LESS
LOWEST: 31 ON 16 3 = THUNDER
SNOW, ICE PELLETS, HAIL 4 = ICE PELLETS
TOTAL MONTH: M 5 = HAIL
GRTST 24HR M ON M 6 = FREEZING RAIN OR DRIZZLE
GRTST DEPTH: M ON M 7 = DUSTSTORM OR SANDSTORM:
VSBY 1/2 MILE OR LESS
8 = SMOKE OR HAZE
[NO. OF DAYS WITH] [WEATHER - DAYS WITH] 9 = BLOWING SNOW
X = TORNADO
MAX 32 OR BELOW: 0 0.01 INCH OR MORE: 3
MAX 90 OR ABOVE: 3 0.10 INCH OR MORE: 3
MIN 32 OR BELOW: 1 0.50 INCH OR MORE: 1
MIN 0 OR BELOW: 0 1.00 INCH OR MORE: 0
[HDD (BASE 65) ]
TOTAL THIS MO. 155 CLEAR (SCALE 0-3) 28
DPTR FM NORMAL -97 PTCLDY (SCALE 4-7) 2
TOTAL FM JUL 1 164 CLOUDY (SCALE 8-10) 1
DPTR FM NORMAL -124
[CDD (BASE 65) ]
TOTAL THIS MO. 47
DPTR FM NORMAL 10 [PRESSURE DATA]
TOTAL FM JAN 1 1781 HIGHEST SLP M ON M
DPTR FM NORMAL 143 LOWEST SLP 29.28 ON 26
[REMARKS]
#FINAL-10-21#