000
CXUS54 KFWD 072133
CF6GVT
PRELIMINARY LOCAL CLIMATOLOGICAL DATA (WS FORM: F-6)
STATION: GREENVILLE
MONTH: MARCH
YEAR: 2022
LATITUDE: 33 4 N
LONGITUDE: 96 4 W
TEMPERATURE IN F: :PCPN: SNOW: WIND :SUNSHINE: SKY :PK WND
================================================================================
1 2 3 4 5 6A 6B 7 8 9 10 11 12 13 14 15 16 17 18
12Z AVG MX 2MIN
DY MAX MIN AVG DEP HDD CDD WTR SNW DPTH SPD SPD DIR MIN PSBL S-S WX SPD DR
================================================================================
1 72 29 51 -2 14 0 0.00 M M 3.8 9 140 M M 0 M M
2 76 30 53 0 12 0 0.00 M M 5.0 12 160 M M 0 M M
3 77 37 57 4 8 0 0.00 M M 3.5 14 150 M M 0 17 150
4 75 42 59 6 6 0 0.00 M M 9.3 20 160 M M 4 1 23 180
5 75 62 69 15 0 4 0.02 M M 13.4 21 190 M M 7 1 30 180
6 78 42 60 6 5 0 0.01 M M 12.9 22 320 M M 9 1 29 170
7 50 35 43 -11 22 0 0.00 M M 13.4 20 350 M M 7 25 340
8 45 31 38 -16 27 0 0.06 M M 5.6 9 20 M M 5 M M
9 59 24 42 -13 23 0 0.00 M M 5.4 13 50 M M 0 1 18 50
10 67 28 48 -7 17 0 0.00 M M 5.1 12 110 M M 0 1 16 150
11 46 28 37 -18 28 0 0.10 M M 14.9 23 360 M M 7 1 30 350
12 55 21 38 -18 27 0 0.00 M M 5.0 8 170 M M 0 M M
13 66 29 48 -8 17 0 0.00 M M 12.5 20 180 M M 0 25 170
14 72 48 60 4 5 0 0.42 M M 12.9 20 180 M M 7 31 150
15 68 46 57 1 8 0 0.01 M M 7.7 21 360 M M 6 1 22 290
16 77 39 58 1 7 0 0.00 M M 6.5 15 150 M M 0 1 22 150
17 77 51 64 7 1 0 0.00 M M 13.2 24 160 M M 4 31 160
18 65 41 53 -4 12 0 0.00 M M 16.4 26 280 M M 5 35 280
19 73 31 52 -5 13 0 0.00 M M 4.5 12 230 M M 0 18 230
20 78 43 61 3 4 0 0.00 M M 11.4 20 140 M M 0 25 160
21 70 56 63 5 2 0 0.68 M M 15.9 24 150 M M 9 1 32 160
22 60 47 54 -4 11 0 0.00 M M 12.5 22 280 M M 8 26 310
23 62 40 51 -7 14 0 0.00 M M 12.7 22 290 M M 2 31 290
24 65 30 48 -11 17 0 0.00 M M 6.9 17 280 M M 0 28 270
25 78 32 55 -4 10 0 0.00 M M 2.1 6 350 M M 0 M M
26 82 43 63 4 2 0 0.00 M M 6.4 14 110 M M 0 17 120
27 86 47 67 8 0 2 0.00 M M 8.1 15 170 M M 0 21 120
28 83 53 68 8 0 3 0.00 M M 12.9 22 180 M M 2 28 180
29 79 65 72 12 0 7 0.00 M M 19.5 28 170 M M 7 36 170
30 73 40 57 -3 8 0 1.69 M M 13.6 25 300 M M 7 1 36 170
31 67 37 52 -8 13 0 0.00 M M 6.0 23 300 M M 3 30 300
================================================================================
SM 2156 1227 333 16 2.99 M 298.9 M 99
================================================================================
AV 69.5 39.6 9.6 FASTST M M 3 MAX(MPH)
MISC ----> 28 170 # 36 170
================================================================================
NOTES:
# LAST OF SEVERAL OCCURRENCES
COLUMN 17 PEAK WIND IN M.P.H.
PRELIMINARY LOCAL CLIMATOLOGICAL DATA (WS FORM: F-6) , PAGE 2
STATION: GREENVILLE
MONTH: MARCH
YEAR: 2022
LATITUDE: 33 4 N
LONGITUDE: 96 4 W
[TEMPERATURE DATA] [PRECIPITATION DATA] SYMBOLS USED IN COLUMN 16
AVERAGE MONTHLY: 54.6 TOTAL FOR MONTH: 2.99 1 = FOG OR MIST
DPTR FM NORMAL: -1.9 DPTR FM NORMAL: -1.23 2 = FOG REDUCING VISIBILITY
HIGHEST: 86 ON 27 GRTST 24HR 1.69 ON 30-30 TO 1/4 MILE OR LESS
LOWEST: 21 ON 12 3 = THUNDER
SNOW, ICE PELLETS, HAIL 4 = ICE PELLETS
TOTAL MONTH: M 5 = HAIL
GRTST 24HR M ON M 6 = FREEZING RAIN OR DRIZZLE
GRTST DEPTH: M ON M 7 = DUSTSTORM OR SANDSTORM:
VSBY 1/2 MILE OR LESS
8 = SMOKE OR HAZE
[NO. OF DAYS WITH] [WEATHER - DAYS WITH] 9 = BLOWING SNOW
X = TORNADO
MAX 32 OR BELOW: 0 0.01 INCH OR MORE: 8
MAX 90 OR ABOVE: 0 0.10 INCH OR MORE: 4
MIN 32 OR BELOW: 11 0.50 INCH OR MORE: 2
MIN 0 OR BELOW: 0 1.00 INCH OR MORE: 1
[HDD (BASE 65) ]
TOTAL THIS MO. 333 CLEAR (SCALE 0-3) 17
DPTR FM NORMAL 46 PTCLDY (SCALE 4-7) 12
TOTAL FM JUL 1 2166 CLOUDY (SCALE 8-10) 2
DPTR FM NORMAL -128
[CDD (BASE 65) ]
TOTAL THIS MO. 16
DPTR FM NORMAL -9 [PRESSURE DATA]
TOTAL FM JAN 1 19 HIGHEST SLP M ON M
DPTR FM NORMAL -14 LOWEST SLP M ON M
[REMARKS]
#FINAL-03-22#