000
CXUS55 KBOU 010900
CF6GXY
PRELIMINARY LOCAL CLIMATOLOGICAL DATA (WS FORM: F-6)
STATION: GREELEY CO
MONTH: MAY
YEAR: 2022
LATITUDE: 40 25 N
LONGITUDE: 104 38 W
TEMPERATURE IN F: :PCPN: SNOW: WIND :SUNSHINE: SKY :PK WND
================================================================================
1 2 3 4 5 6A 6B 7 8 9 10 11 12 13 14 15 16 17 18
12Z AVG MX 2MIN
DY MAX MIN AVG DEP HDD CDD WTR SNW DPTH SPD SPD DIR MIN PSBL S-S WX SPD DR
================================================================================
1 68 30 49 M 16 0 M M M 12.2 22 140 M M 3 1 33 110
2 45 34 40 M 25 0 M M M 10.4 15 30 M M 10 1 18 20
3 60 33 47 M 18 0 M M M 10.9 22 120 M M 8 1 32 120
4 54 40 47 M 18 0 M M M 7.0 15 100 M M 10 1 M M
5 72 38 55 M 10 0 M M M 5.2 15 100 M M 5 12 21 100
6 84 43 64 M 1 0 M M M 4.0 9 10 M M 0 M M
7 90 46 68 M 0 3 M M M 11.0 32 10 M M 0 39 350
8 79 47 63 M 2 0 M M M 13.1 29 360 M M 5 41 10
9 74 41 58 M 7 0 M M M 8.8 21 60 M M 1 33 50
10 75 39 57 M 8 0 M M M 8.1 21 100 M M 0 26 100
11 91 39 65 M 0 0 M M M 7.3 15 320 M M 0 22 170
12 72 48 60 M 5 0 M M M 13.2 32 260 M M 2 40 260
13 76 35 56 M 9 0 M M M 8.3 23 300 M M 0 30 300
14 82 41 62 M 3 0 M M M 5.6 10 140 M M 0 M M
15 78 49 64 M 1 0 M M M 8.4 16 20 M M 0 18 110
16 88 42 65 M 0 0 M M M 6.3 15 200 M M 0 17 140
17 87 46 67 M 0 2 M M M 9.3 25 10 M M 3 38 20
18 85 49 67 M 0 2 M M M 4.7 14 30 M M 1 M M
19 86 40 63 M 2 0 M M M 8.8 36 30 M M 1 8 51 30
20 44 36 40 M 25 0 M M M 11.6 18 350 M M 10 30 350
21 56 32 44 M 21 0 M M M 5.6 9 190 M M 3 M M
22 64 33 49 M 16 0 M M M 13.0 27 150 M M 5 36 150
23 63 41 52 M 13 0 M M M 10.8 24 360 M M 6 32 360
24 57 38 48 M 17 0 M M M 6.2 10 100 M M 6 M M
25 76 34 55 M 10 0 M M M 9.9 23 350 M M 2 30 320
26 88 38 63 M 2 0 M M M 5.1 9 210 M M 0 M M
27 94 45 70 M 0 5 M M M 6.6 17 180 M M 0 41 290
28 85 48 67 M 0 2 M M M 4.7 18 300 M M 0 31 290
29 80 48 64 M 1 0 M M M 9.8 31 240 M M 4 3 40 250
30 69 43 56 M 9 0 M M M 10.2 23 270 M M 5 35 320
31 64 37 51 M 14 0 M M M 6.8 17 350 M M 6 1 23 10
================================================================================
SM 2286 1253 253 14 M M 262.7 M 96
================================================================================
AV 73.7 40.4 8.5 FASTST M M 3 MAX(MPH)
MISC ----> 36 30 51 30
================================================================================
NOTES:
# LAST OF SEVERAL OCCURRENCES
COLUMN 17 PEAK WIND IN M.P.H.
PRELIMINARY LOCAL CLIMATOLOGICAL DATA (WS FORM: F-6) , PAGE 2
STATION: GREELEY CO
MONTH: MAY
YEAR: 2022
LATITUDE: 40 25 N
LONGITUDE: 104 38 W
[TEMPERATURE DATA] [PRECIPITATION DATA] SYMBOLS USED IN COLUMN 16
AVERAGE MONTHLY: 57.1 TOTAL FOR MONTH: M 1 = FOG OR MIST
DPTR FM NORMAL: 0.0 DPTR FM NORMAL: M 2 = FOG REDUCING VISIBILITY
HIGHEST: 94 ON 27 GRTST 24HR 0.58 ON 1- 2 TO 1/4 MILE OR LESS
LOWEST: 30 ON 1 3 = THUNDER
SNOW, ICE PELLETS, HAIL 4 = ICE PELLETS
TOTAL MONTH: M 5 = HAIL
GRTST 24HR M ON M 6 = FREEZING RAIN OR DRIZZLE
GRTST DEPTH: M ON M 7 = DUSTSTORM OR SANDSTORM:
VSBY 1/2 MILE OR LESS
8 = SMOKE OR HAZE
[NO. OF DAYS WITH] [WEATHER - DAYS WITH] 9 = BLOWING SNOW
X = TORNADO
MAX 32 OR BELOW: 0 0.01 INCH OR MORE: 0
MAX 90 OR ABOVE: 3 0.10 INCH OR MORE: 0
MIN 32 OR BELOW: 2 0.50 INCH OR MORE: 0
MIN 0 OR BELOW: 0 1.00 INCH OR MORE: 0
[HDD (BASE 65) ]
TOTAL THIS MO. 253 CLEAR (SCALE 0-3) 17
DPTR FM NORMAL M PTCLDY (SCALE 4-7) 10
TOTAL FM JUL 1 6195 CLOUDY (SCALE 8-10) 4
DPTR FM NORMAL M
[CDD (BASE 65) ]
TOTAL THIS MO. 14
DPTR FM NORMAL M [PRESSURE DATA]
TOTAL FM JAN 1 14 HIGHEST SLP 30.37 ON 21
DPTR FM NORMAL M LOWEST SLP 29.18 ON 8
[REMARKS]
#FINAL-05-22#