000
CXUS51 KGYX 021634
CF6GYX
PRELIMINARY LOCAL CLIMATOLOGICAL DATA (WS FORM: F-6)
STATION: GRAY ME
MONTH: NOVEMBER
YEAR: 2022
LATITUDE: 43 53 N
LONGITUDE: 70 15 W
TEMPERATURE IN F: :PCPN: SNOW: WIND :SUNSHINE: SKY :PK WND
================================================================================
1 2 3 4 5 6A 6B 7 8 9 10 11 12 13 14 15 16 17 18
12Z AVG MX 2MIN
DY MAX MIN AVG DEP HDD CDD WTR SNW DPTH SPD SPD DIR MIN PSBL S-S WX SPD DR
================================================================================
1 64 37 51 7 14 0 0.01 0.0 0 M M M M M M M M
2 60 47 54 10 11 0 0.00 0.0 0 M M M M M M M M
3 61 37 49 6 16 0 0.00 0.0 0 M M M M M M M M
4 69 41 55 12 10 0 0.00 0.0 0 M M M M M M M M
5 76 51 64 21 1 0 0.00 0.0 0 M M M M M M M M
6 74 57 66 24 0 1 T 0.0 0 M M M M M M M M
7 71 47 59 17 6 0 T 0.0 0 M M M M M M M M
8 48 35 42 0 23 0 0.00 0.0 0 M M M M M M M M
9 48 29 39 -2 26 0 0.00 0.0 0 M M M M M M M M
10 66 32 49 8 16 0 0.00 0.0 0 M M M M M M M M
11 71 45 58 18 7 0 1.06 0.0 0 M M M M M M M M
12 71 52 62 22 3 0 0.20 0.0 0 M M M M M M M M
13 55 33 44 4 21 0 0.54 T 0 M M M M M M M M
14 37 27 32 -7 33 0 T 0.0 0 M M M M M M M M
15 39 27 33 -6 32 0 T T 0 M M M M M M M M
16 34 29 32 -7 33 0 0.55 1.2 1 M M M M M M M M
17 40 28 34 -4 31 0 0.01 0.1 0 M M M M M M M M
18 39 24 32 -6 33 0 0.00 0.0 0 M M M M M M M M
19 39 26 33 -5 32 0 0.00 0.0 0 M M M M M M M M
20 36 22 29 -8 36 0 T T 0 M M M M M M M M
21 31 15 23 -14 42 0 0.00 0.0 0 M M M M M M M M
22 42 26 34 -2 31 0 0.00 0.0 0 M M M M M M M M
23 44 27 36 0 29 0 0.00 0.0 0 M M M M M M M M
24 38 21 30 -6 35 0 0.00 0.0 0 M M M M M M M M
25 43 26 35 0 30 0 0.09 0.0 0 M M M M M M M M
26 45 33 39 4 26 0 0.00 0.0 0 M M M M M M M M
27 54 30 42 8 23 0 0.67 0.0 0 M M M M M M 1 M M
28 46 31 39 5 26 0 0.14 0.0 0 M M M M M M M M
29 35 25 30 -4 35 0 T T 0 M M M M M M M M
30 53 31 42 9 23 0 1.15 0.3 T M M M M M M 1 M M
================================================================================
SM 1529 991 684 1 4.42 1.6 M M M
================================================================================
AV 51.0 33.0 M FASTST M M M MAX(MPH)
MISC ----> M M M M
================================================================================
NOTES:
# LAST OF SEVERAL OCCURRENCES
COLUMN 17 PEAK WIND IN M.P.H.
PRELIMINARY LOCAL CLIMATOLOGICAL DATA (WS FORM: F-6) , PAGE 2
STATION: GRAY ME
MONTH: NOVEMBER
YEAR: 2022
LATITUDE: 43 53 N
LONGITUDE: 70 15 W
[TEMPERATURE DATA] [PRECIPITATION DATA] SYMBOLS USED IN COLUMN 16
AVERAGE MONTHLY: 42.0 TOTAL FOR MONTH: 4.42 1 = FOG OR MIST
DPTR FM NORMAL: 3.2 DPTR FM NORMAL: -0.23 2 = FOG REDUCING VISIBILITY
HIGHEST: 76 ON 5 GRTST 24HR 1.15 ON 30-30 TO 1/4 MILE OR LESS
LOWEST: 15 ON 21 3 = THUNDER
SNOW, ICE PELLETS, HAIL 4 = ICE PELLETS
TOTAL MONTH: 1.6 INCHES 5 = HAIL
GRTST 24HR 1.2 ON 16-16 6 = FREEZING RAIN OR DRIZZLE
GRTST DEPTH: 1 ON 16 7 = DUSTSTORM OR SANDSTORM:
VSBY 1/2 MILE OR LESS
8 = SMOKE OR HAZE
[NO. OF DAYS WITH] [WEATHER - DAYS WITH] 9 = BLOWING SNOW
X = TORNADO
MAX 32 OR BELOW: 1 0.01 INCH OR MORE: 10
MAX 90 OR ABOVE: 0 0.10 INCH OR MORE: 7
MIN 32 OR BELOW: 18 0.50 INCH OR MORE: 5
MIN 0 OR BELOW: 0 1.00 INCH OR MORE: 2
[HDD (BASE 65) ]
TOTAL THIS MO. 684 CLEAR (SCALE 0-3) 0
DPTR FM NORMAL -104 PTCLDY (SCALE 4-7) 0
TOTAL FM JUL 1 1264 CLOUDY (SCALE 8-10) 30
DPTR FM NORMAL -207
[CDD (BASE 65) ]
TOTAL THIS MO. 1
DPTR FM NORMAL 1 [PRESSURE DATA]
TOTAL FM JAN 1 584 HIGHEST SLP M ON M
DPTR FM NORMAL 189 LOWEST SLP M ON M
[REMARKS]
#FINAL-11-22#