000
CXUS51 KGYX 051245
CLSGYX
PWMCLSGYX 000
TTAA00 GYX 031657
CLIMATE REPORT
NATIONAL WEATHER SERVICE GRAY ME
0745 AM EST SUN MAR 05 2023
...................................
...THE GRAY ME CLIMATE SUMMARY FOR THE WINTER SEASON, FROM
12/1/2022 TO 2/28/2023...
CLIMATE NORMAL PERIOD: 1991 TO 2020
CLIMATE RECORD PERIOD: 1995 TO 2023
WEATHER OBSERVED NORMAL DEPART LAST YEAR`S
VALUE DATE(S) VALUE FROM VALUE
NORMAL
..............................................................
TEMPERATURE (F)
RECORD
HIGH 69 12/07/1998
LOW -17 02/04/2023
HIGHEST 56 02/16 58 -2 63
LOWEST -17R 02/04 -7 -10 -9
AVG. MAXIMUM 35.6 32.7 2.9 33.3
AVG. MINIMUM 21.3 17.2 4.1 15.9
MEAN 28.5 25.0 3.5 24.6
DAYS MAX >= 90 0 0.0 0.0 0
DAYS MAX <= 32 35 43.8 -8.8 44
DAYS MIN <= 32 81 85.0 -4.0 87
DAYS MIN <= 0 3 6.7 -3.7 9
PRECIPITATION (INCHES)
RECORD
MAXIMUM 15.31 2008
TOTALS 11.81 11.48 0.33 9.28
DAILY AVG. 0.13 0.13 0.00 0.10
DAYS >= .01 39 33.7 5.3 37
DAYS >= .10 23 21.4 1.6 20
DAYS >= .50 9 7.6 1.4 5
DAYS >= 1.00 4 2.7 1.3 1
GREATEST
24 HR. TOTAL 1.60 1.88
SNOWFALL (INCHES)
RECORDS
TOTAL 111.3 2008
TOTALS 55.1 58.7 -3.6 37.8
SINCE 7/1 56.7 63.1 -6.4 38.2
SNOWDEPTH AVG. 6
DAYS >= TRACE 36 24.0 12.0 39
DAYS >= 1.0 13 14.4 -1.4 10
GREATEST
SNOW DEPTH 15 01/31 12
02/01
02/02
24 HR TOTAL 16.0 02/28 TO 02/28 17.6
DEGREE DAYS
HEATING TOTAL 3255 3602 -347 3622
SINCE 7/1 4519 5075 -556 3622
COOLING TOTAL 0 0 0 0
SINCE 1/1 0 0 0 0
..............................................................
- INDICATES NEGATIVE NUMBERS.
R INDICATES RECORD WAS SET OR TIED.
MM INDICATES DATA IS MISSING.
T INDICATES TRACE AMOUNT.
$$