000
CXUS54 KJAN 011510
CF6HBG
PRELIMINARY LOCAL CLIMATOLOGICAL DATA (WS FORM: F-6)
STATION: HATTIESBURG
MONTH: DECEMBER
YEAR: 2022
LATITUDE: 31 16 N
LONGITUDE: 89 15 W
TEMPERATURE IN F: :PCPN: SNOW: WIND :SUNSHINE: SKY :PK WND
================================================================================
1 2 3 4 5 6A 6B 7 8 9 10 11 12 13 14 15 16 17 18
12Z AVG MX 2MIN
DY MAX MIN AVG DEP HDD CDD WTR SNW DPTH SPD SPD DIR MIN PSBL S-S WX SPD DR
================================================================================
1 61 35 48 -5 17 0 0.00 0.0 0 3.3 12 90 M M 0 18 17 90
2 74 33 54 1 11 0 0.00 0.0 0 5.1 14 150 M M 5 1 21 150
3 76 62 69 16 0 4 0.14 0.0 0 2.7 9 150 M M 9 12 14 150
4 68 57 63 10 2 0 0.00 0.0 0 2.6 9 350 M M 8 1 12 360
5 74 60 67 14 0 2 0.02 0.0 0 6.0 14 190 M M 10 1 20 170
6 82 67 75 22 0 10 0.01 0.0 0 7.3 16 200 M M 6 1 24 200
7 82 65 74 22 0 9 0.00 0.0 0 3.8 10 210 M M 6 1 17 270
8 80 59 70 18 0 5 0.00 0.0 0 3.1 12 260 M M 5 16 260
9 76 57 67 15 0 2 0.00 0.0 0 2.7 10 270 M M 5 1 15 280
10 74 55 65 13 0 0 0.00 0.0 0 2.5 12 170 M M 6 128 17 170
11 68 57 63 11 2 0 0.15 0.0 0 2.3 15 150 M M 9 12 19 160
12 69 56 63 11 2 0 0.00 0.0 0 2.9 7 80 M M 10 12 9 70
13 72 62 67 15 0 2 T 0.0 0 7.5 17 140 M M 10 1 25 140
14 80 50 65 13 0 0 2.72 0.0 0 11.2 28 290 M M 8 138 45 300
15 61 39 50 -2 15 0 0.00 0.0 0 4.6 14 300 M M 0 21 300
16 62 35 49 -2 16 0 0.00 0.0 0 1.8 9 10 M M 1 14 350
17 52 32 42 -9 23 0 T 0.0 0 4.2 14 290 M M 5 19 350
18 54 28 41 -10 24 0 0.00 0.0 0 3.2 13 360 M M 0 18 21 20
19 41 29 35 -16 30 0 1.17 0.0 0 3.8 10 120 M M 8 1 15 110
20 52 41 47 -4 18 0 0.61 0.0 0 6.9 14 10 M M 10 1 22 360
21 51 46 49 -2 16 0 0.00 0.0 0 4.7 13 60 M M 10 1 17 60
22 61 37 49 -2 16 0 T 0.0 0 7.8 28 340 M M 9 1 41 320
23 37 18 28 -22 37 0 0.00 0.0 0 13.7 25 330 M M 1 41 320
24 36 20 28 -22 37 0 0.00 0.0 0 6.8 14 340 M M 0 22 340
25 46 20 33 -17 32 0 0.00 0.0 0 2.5 14 300 M M 0 20 280
26 53 21 37 -13 28 0 0.00 0.0 0 1.1 8 180 M M 1 11 170
27 60 26 43 -7 22 0 0.00 0.0 0 1.0 9 160 M M 0 15 180
28 73 31 52 2 13 0 0.00 0.0 0 5.6 20 140 M M 2 26 160
29 74 54 64 14 1 0 0.00 0.0 0 5.7 14 150 M M 8 1 20 190
30 66 54 60 10 5 0 1.29 0.0 0 4.6 18 300 M M 8 13 34 310
31 69 55 62 12 3 0 0.04 0.0 0 2.0 9 180 M M 10 12 13 190
================================================================================
SM 1984 1361 370 34 6.15 0.0 143.0 M 170
================================================================================
AV 64.0 43.9 4.6 FASTST M M 5 MAX(MPH)
MISC ----> # 28 290 45 300
================================================================================
NOTES:
# LAST OF SEVERAL OCCURRENCES
COLUMN 17 PEAK WIND IN M.P.H.
PRELIMINARY LOCAL CLIMATOLOGICAL DATA (WS FORM: F-6) , PAGE 2
STATION: HATTIESBURG
MONTH: DECEMBER
YEAR: 2022
LATITUDE: 31 16 N
LONGITUDE: 89 15 W
[TEMPERATURE DATA] [PRECIPITATION DATA] SYMBOLS USED IN COLUMN 16
AVERAGE MONTHLY: 54.0 TOTAL FOR MONTH: 6.15 1 = FOG OR MIST
DPTR FM NORMAL: 2.6 DPTR FM NORMAL: 1.17 2 = FOG REDUCING VISIBILITY
HIGHEST: 82 ON 7, 6 GRTST 24HR 2.72 ON 13-14 TO 1/4 MILE OR LESS
LOWEST: 18 ON 23 3 = THUNDER
SNOW, ICE PELLETS, HAIL 4 = ICE PELLETS
TOTAL MONTH: 0.0 INCH 5 = HAIL
GRTST 24HR 0.0 6 = FREEZING RAIN OR DRIZZLE
GRTST DEPTH: 0 7 = DUSTSTORM OR SANDSTORM:
VSBY 1/2 MILE OR LESS
8 = SMOKE OR HAZE
[NO. OF DAYS WITH] [WEATHER - DAYS WITH] 9 = BLOWING SNOW
X = TORNADO
MAX 32 OR BELOW: 0 0.01 INCH OR MORE: 9
MAX 90 OR ABOVE: 0 0.10 INCH OR MORE: 6
MIN 32 OR BELOW: 9 0.50 INCH OR MORE: 4
MIN 0 OR BELOW: 0 1.00 INCH OR MORE: 3
[HDD (BASE 65) ]
TOTAL THIS MO. 370 CLEAR (SCALE 0-3) 10
DPTR FM NORMAL -66 PTCLDY (SCALE 4-7) 8
TOTAL FM JUL 1 667 CLOUDY (SCALE 8-10) 13
DPTR FM NORMAL -118
[CDD (BASE 65) ]
TOTAL THIS MO. 34
DPTR FM NORMAL 19 [PRESSURE DATA]
TOTAL FM JAN 1 2734 HIGHEST SLP 30.59 ON 24
DPTR FM NORMAL 256 LOWEST SLP 29.60 ON 14
[REMARKS]
#FINAL-12-22#