000
CXUS53 KGID 012258
CF6HDE
PRELIMINARY LOCAL CLIMATOLOGICAL DATA (WS FORM: F-6)
STATION: HOLDREGE NE
MONTH: JANUARY
YEAR: 2022
LATITUDE: 40 27 N
LONGITUDE: 99 20 W
TEMPERATURE IN F: :PCPN: SNOW: WIND :SUNSHINE: SKY :PK WND
================================================================================
1 2 3 4 5 6A 6B 7 8 9 10 11 12 13 14 15 16 17 18
12Z AVG MX 2MIN
DY MAX MIN AVG DEP HDD CDD WTR SNW DPTH SPD SPD DIR MIN PSBL S-S WX SPD DR
================================================================================
1 7 -1 3 M 62 0 M M M 18.8 27 360 M M 7 33 10
2 32 -4 14 M 51 0 0.00 M M 6.1 10 280 M M 0 M M
3 46 19 33 M 32 0 0.00 M M 8.8 14 180 M M 0 20 180
4 58 18 38 M 27 0 0.00 M M 14.5 29 300 M M 1 39 300
5 18 5 12 M 53 0 M M M 13.8 23 20 M M 7 28 20
6 10 -1 5 M 60 0 M M M 9.7 17 360 M M 6 25 360
7 20 5 13 M 52 0 0.00 M M 13.4 22 170 M M 1 25 180
8 45 15 30 M 35 0 0.00 M M 9.7 24 20 M M 1 37 20
9 33 8 21 M 44 0 0.00 M M 8.3 18 360 M M 0 24 360
10 47 18 33 M 32 0 0.00 M M 7.2 12 270 M M 0 3 M M
11 58 27 43 M 22 0 0.00 M M 9.4 17 360 M M 0 23 360
12 58 29 44 M 21 0 0.00 M M 9.9 15 270 M M 0 18 310
13 60 35 48 M 17 0 0.00 M M 6.7 13 310 M M 2 20 310
14 45 20 33 M 32 0 M M M 17.8 33 360 M M 7 44 350
15 30 11 21 M 44 0 M M M 12.9 28 350 M M 2 40 340
16 54 20 37 M 28 0 0.00 M M 11.4 22 340 M M 1 29 360
17 56 25 41 M 24 0 0.00 M M 6.9 18 230 M M 0 28 230
18 63 30 47 M 18 0 0.00 M M 9.7 22 10 M M 0 27 10
19 30 2 16 M 49 0 T M M 16.5 27 10 M M 7 33 10
20 18 -2 8 M 57 0 0.00 M M 4.7 12 160 M M 4 M M
21 31 9 20 M 45 0 0.00 M M 10.9 18 200 M M 4 24 200
22 50 21 36 M 29 0 0.00 M M 8.8 16 240 M M 2 23 230
23 58 24 41 M 24 0 0.00 M M 8.5 15 260 M M 6 24 230
24 48 22 35 M 30 0 0.00 M M 12.0 24 360 M M 7 30 350
25 22 13 18 M 47 0 M M M 3.3 10 60 M M 10 M M
26 34 15 25 M 40 0 0.00 M M 12.3 25 210 M M 4 31 210
27 41 22 32 M 33 0 0.00 M M 8.3 17 330 M M 4 23 330
28 48 13 31 M 34 0 0.00 M M 5.0 12 280 M M 3 1 16 270
29 61 27 44 M 21 0 0.00 M M 11.3 17 300 M M 0 23 300
30 55 18 37 M 28 0 0.00 M M 6.7 16 220 M M 0 21 220
31 58 19 39 M 26 0 0.00 M M 4.7 14 210 M M 0 20 210
================================================================================
SM 1294 482 1117 0 M M 308.0 M 86
================================================================================
AV 41.7 15.5 9.9 FASTST M M 3 MAX(MPH)
MISC ----> 33 360 M M
================================================================================
NOTES:
# LAST OF SEVERAL OCCURRENCES
COLUMN 17 PEAK WIND IN M.P.H.
PRELIMINARY LOCAL CLIMATOLOGICAL DATA (WS FORM: F-6) , PAGE 2
STATION: HOLDREGE NE
MONTH: JANUARY
YEAR: 2022
LATITUDE: 40 27 N
LONGITUDE: 99 20 W
[TEMPERATURE DATA] [PRECIPITATION DATA] SYMBOLS USED IN COLUMN 16
AVERAGE MONTHLY: 28.6 TOTAL FOR MONTH: M 1 = FOG OR MIST
DPTR FM NORMAL: M DPTR FM NORMAL: M 2 = FOG REDUCING VISIBILITY
HIGHEST: 63 ON 18 GRTST 24HR M ON M TO 1/4 MILE OR LESS
LOWEST: -4 ON 2 3 = THUNDER
SNOW, ICE PELLETS, HAIL 4 = ICE PELLETS
TOTAL MONTH: M 5 = HAIL
GRTST 24HR M ON M 6 = FREEZING RAIN OR DRIZZLE
GRTST DEPTH: M ON M 7 = DUSTSTORM OR SANDSTORM:
VSBY 1/2 MILE OR LESS
8 = SMOKE OR HAZE
[NO. OF DAYS WITH] [WEATHER - DAYS WITH] 9 = BLOWING SNOW
X = TORNADO
MAX 32 OR BELOW: 10 0.01 INCH OR MORE: M
MAX 90 OR ABOVE: 0 0.10 INCH OR MORE: M
MIN 32 OR BELOW: 30 0.50 INCH OR MORE: M
MIN 0 OR BELOW: 4 1.00 INCH OR MORE: M
[HDD (BASE 65) ]
TOTAL THIS MO. 1117 CLEAR (SCALE 0-3) 19
DPTR FM NORMAL M PTCLDY (SCALE 4-7) 11
TOTAL FM JUL 1 2947 CLOUDY (SCALE 8-10) 1
DPTR FM NORMAL M
[CDD (BASE 65) ]
TOTAL THIS MO. 0
DPTR FM NORMAL M [PRESSURE DATA]
TOTAL FM JAN 1 0 HIGHEST SLP M ON M
DPTR FM NORMAL M LOWEST SLP M ON M
[REMARKS]
#FINAL-01-22#