551
CXUS53 KBIS 010830
CF6HEI
PRELIMINARY LOCAL CLIMATOLOGICAL DATA (WS FORM: F-6)
STATION: HETTINGER ND
MONTH: SEPTEMBER
YEAR: 2020
LATITUDE: 46 0 N
LONGITUDE: 102 39 W
TEMPERATURE IN F: :PCPN: SNOW: WIND :SUNSHINE: SKY :PK WND
================================================================================
1 2 3 4 5 6A 6B 7 8 9 10 11 12 13 14 15 16 17 18
12Z AVG MX 2MIN
DY MAX MIN AVG DEP HDD CDD WTR SNW DPTH SPD SPD DIR MIN PSBL S-S WX SPD DR
================================================================================
1 80 44 62 -2 3 0 0.00 M M 11.9 31 270 M M 2 43 280
2 92 41 67 4 0 2 T M M 14.9 41 330 M M 1 58 320
3 76 39 58 -5 7 0 0.00 M M 11.1 22 300 M M 0 31 300
4 84 37 61 -1 4 0 0.00 M M 8.0 21 300 M M 1 30 300
5 85 42 64 2 1 0 0.00 M M 9.3 22 120 M M 0 30 110
6 79 47 63 2 2 0 0.01 M M 12.9 25 320 M M 1 34 320
7 51 36 44 -17 21 0 1.12 M M 8.9 23 40 M M 8 1 28 30
8 48 29 39 -21 26 0 0.00 M M 6.6 16 30 M M 3 22 30
9 61 27 44 -16 21 0 0.00 M M 5.8 16 210 M M 0 22 200
10 69 29 49 -10 16 0 0.00 M M 5.3 14 120 M M 0 17 110
11 61 40 51 -8 14 0 0.00 M M 7.3 16 120 M M 7 23 120
12 81 39 60 2 5 0 0.00 M M 5.8 14 350 M M 1 12 18 340
13 67 45 56 -2 9 0 0.00 M M 11.9 22 40 M M 0 27 40
14 85 43 64 7 1 0 0.00 M M 6.8 14 190 M M 2 12 20 180
15 77 44 61 4 4 0 0.00 M M 6.3 14 340 M M 2 8 17 330
16 64 44 54 -2 11 0 0.00 M M 6.4 15 360 M M 1 20 360
17 70 41 56 0 9 0 0.00 M M 6.1 12 100 M M 0 15 100
18 71 45 58 3 7 0 0.00 M M 10.6 18 140 M M 0 28 120
19 73 46 60 5 5 0 0.00 M M 9.3 20 110 M M 0 28 110
20 77 41 59 5 6 0 0.00 M M 12.9 31 260 M M 0 45 260
21 81 39 60 6 5 0 0.00 M M 4.2 16 250 M M 1 25 260
22 86 42 64 11 1 0 0.00 M M 5.7 16 140 M M 0 8 21 140
23 82 43 63 10 2 0 0.00 M M 4.5 18 30 M M 1 3 26 250
24 87 41 64 12 1 0 T M M 10.4 24 170 M M 0 12 36 350
25 75 46 61 9 4 0 0.00 M M 8.9 22 310 M M 2 28 300
26 69 43 56 5 9 0 T M M 13.9 37 280 M M 5 51 300
27 64 40 52 1 13 0 0.00 M M 18.7 32 330 M M 4 54 320
28 64 35 50 0 15 0 0.00 M M 12.2 26 310 M M 0 36 300
29 79 36 58 8 7 0 0.00 M M 12.2 28 350 M M 3 42 350
30 61 30 46 -4 19 0 0.00 M M 18.2 36 320 M M 0 57 310
================================================================================
SM 2199 1194 248 2 1.13 M 287.0 M 45
================================================================================
AV 73.3 39.8 9.6 FASTST M M 2 MAX(MPH)
MISC ----> # 41 330 # 58 320
================================================================================
NOTES:
# LAST OF SEVERAL OCCURRENCES
COLUMN 17 PEAK WIND IN M.P.H.
PRELIMINARY LOCAL CLIMATOLOGICAL DATA (WS FORM: F-6) , PAGE 2
STATION: HETTINGER ND
MONTH: SEPTEMBER
YEAR: 2020
LATITUDE: 46 0 N
LONGITUDE: 102 39 W
[TEMPERATURE DATA] [PRECIPITATION DATA] SYMBOLS USED IN COLUMN 16
AVERAGE MONTHLY: 56.6 TOTAL FOR MONTH: 1.13 1 = FOG OR MIST
DPTR FM NORMAL: 0.1 DPTR FM NORMAL: -0.50 2 = FOG REDUCING VISIBILITY
HIGHEST: 92 ON 2 GRTST 24HR 1.12 ON 7- 7 TO 1/4 MILE OR LESS
LOWEST: 27 ON 9 3 = THUNDER
SNOW, ICE PELLETS, HAIL 4 = ICE PELLETS
TOTAL MONTH: M 5 = HAIL
GRTST 24HR M ON M 6 = FREEZING RAIN OR DRIZZLE
GRTST DEPTH: M ON M 7 = DUSTSTORM OR SANDSTORM:
VSBY 1/2 MILE OR LESS
8 = SMOKE OR HAZE
[NO. OF DAYS WITH] [WEATHER - DAYS WITH] 9 = BLOWING SNOW
X = TORNADO
MAX 32 OR BELOW: 0 0.01 INCH OR MORE: 2
MAX 90 OR ABOVE: 1 0.10 INCH OR MORE: 1
MIN 32 OR BELOW: 4 0.50 INCH OR MORE: 1
MIN 0 OR BELOW: 0 1.00 INCH OR MORE: 1
[HDD (BASE 65) ]
TOTAL THIS MO. 248 CLEAR (SCALE 0-3) 26
DPTR FM NORMAL -33 PTCLDY (SCALE 4-7) 4
TOTAL FM JUL 1 290 CLOUDY (SCALE 8-10) 0
DPTR FM NORMAL -81
[CDD (BASE 65) ]
TOTAL THIS MO. 2
DPTR FM NORMAL -25 [PRESSURE DATA]
TOTAL FM JAN 1 362 HIGHEST SLP 30.55 ON 8
DPTR FM NORMAL -14 LOWEST SLP 29.38 ON 2
[REMARKS]
#FINAL-09-20#