000
CXUS56 KLOX 011155
CF6HHR
PRELIMINARY LOCAL CLIMATOLOGICAL DATA (WS FORM: F-6)
STATION: HAWTHORNE AIRPORT CA
MONTH: APRIL
YEAR: 2022
LATITUDE: 33 55 N
LONGITUDE: 118 20 W
TEMPERATURE IN F: :PCPN: SNOW: WIND :SUNSHINE: SKY :PK WND
================================================================================
1 2 3 4 5 6A 6B 7 8 9 10 11 12 13 14 15 16 17 18
12Z AVG MX 2MIN
DY MAX MIN AVG DEP HDD CDD WTR SNW DPTH SPD SPD DIR MIN PSBL S-S WX SPD DR
================================================================================
1 68 55 62 1 3 0 0.00 M M 4.6 15 260 M M 3 8 22 240
2 66 57 62 1 3 0 0.00 M M 5.8 14 260 M M 9 8 19 260
3 66 57 62 1 3 0 0.00 M M 7.5 16 260 M M 8 23 260
4 66 57 62 1 3 0 0.00 M M 4.2 15 250 M M 4 19 260
5 78 56 67 6 0 2 0.00 M M 3.7 10 250 M M 0 18 17 260
6 80 60 70 8 0 5 0.00 M M 3.3 13 260 M M 0 18 18 280
7 99 63 81 19 0 16 0.00 M M 2.7 15 260 M M 0 19 260
8 99 66 83 21 0 18 0.00 M M 3.7 16 270 M M 0 8 23 260
9 81 63 72 10 0 7 0.00 M M 5.4 15 260 M M 1 20 250
10 70 61 66 4 0 1 0.00 M M 7.0 14 260 M M 9 23 240
11 68 56 62 0 3 0 0.00 M M 8.4 22 260 M M 8 31 250
12 68 53 61 -1 4 0 0.00 M M 11.2 25 260 M M 1 8 36 260
13 67 55 61 -1 4 0 0.00 M M 7.4 16 250 M M 0 8 29 320
14 67 53 60 -2 5 0 0.00 M M 7.1 17 260 M M 0 8 26 270
15 69 55 62 0 3 0 0.00 M M 6.1 18 250 M M 1 8 24 270
16 68 57 63 1 2 0 0.00 M M 8.0 22 250 M M 3 8 29 250
17 68 55 62 0 3 0 0.00 M M 6.3 16 250 M M 3 24 260
18 71 57 64 2 1 0 0.00 M M 5.2 16 270 M M 0 23 270
19 70 58 64 2 1 0 0.00 M M 7.1 17 260 M M 0 26 270
20 67 56 62 -1 3 0 0.00 M M 7.9 16 270 M M 1 8 24 260
21 67 54 61 -2 4 0 0.15 M M 9.2 23 250 M M 3 18 38 240
22 66 56 61 -2 4 0 0.05 M M 11.7 31 260 M M 2 1 43 260
23 70 54 62 -1 3 0 0.00 M M 5.5 21 260 M M 0 8 27 260
24 87 56 72 9 0 7 0.00 M M 5.0 18 270 M M 0 27 260
25 90 60 75 12 0 10 0.00 M M 4.6 17 260 M M 0 22 270
26 80 59 70 7 0 5 0.00 M M 5.7 18 240 M M 0 27 230
27 72 57 65 2 0 0 0.00 M M 5.8 16 270 M M 4 22 260
28 67 57 62 -1 3 0 0.00 M M 6.0 16 260 M M 6 25 260
29 69 55 62 -1 3 0 0.00 M M 5.2 16 250 M M 1 22 250
30 72 57 65 1 0 0 0.00 M M 4.3 16 260 M M 0 8 21 270
================================================================================
SM 2196 1715 58 71 0.20 M 185.6 M 67
================================================================================
AV 73.2 57.2 6.2 FASTST M M 2 MAX(MPH)
MISC ----> 31 260 43 260
================================================================================
NOTES:
# LAST OF SEVERAL OCCURRENCES
COLUMN 17 PEAK WIND IN M.P.H.
PRELIMINARY LOCAL CLIMATOLOGICAL DATA (WS FORM: F-6) , PAGE 2
STATION: HAWTHORNE AIRPORT CA
MONTH: APRIL
YEAR: 2022
LATITUDE: 33 55 N
LONGITUDE: 118 20 W
[TEMPERATURE DATA] [PRECIPITATION DATA] SYMBOLS USED IN COLUMN 16
AVERAGE MONTHLY: 65.2 TOTAL FOR MONTH: 0.20 1 = FOG OR MIST
DPTR FM NORMAL: 2.9 DPTR FM NORMAL: -0.40 2 = FOG REDUCING VISIBILITY
HIGHEST: 99 ON 8, 7 GRTST 24HR 0.20 ON 21-22 TO 1/4 MILE OR LESS
LOWEST: 53 ON 14,12 3 = THUNDER
SNOW, ICE PELLETS, HAIL 4 = ICE PELLETS
TOTAL MONTH: M 5 = HAIL
GRTST 24HR M ON M 6 = FREEZING RAIN OR DRIZZLE
GRTST DEPTH: M ON M 7 = DUSTSTORM OR SANDSTORM:
VSBY 1/2 MILE OR LESS
8 = SMOKE OR HAZE
[NO. OF DAYS WITH] [WEATHER - DAYS WITH] 9 = BLOWING SNOW
X = TORNADO
MAX 32 OR BELOW: 0 0.01 INCH OR MORE: 2
MAX 90 OR ABOVE: 3 0.10 INCH OR MORE: 1
MIN 32 OR BELOW: 0 0.50 INCH OR MORE: 0
MIN 0 OR BELOW: 0 1.00 INCH OR MORE: 0
[HDD (BASE 65) ]
TOTAL THIS MO. 58 CLEAR (SCALE 0-3) 22
DPTR FM NORMAL -51 PTCLDY (SCALE 4-7) 5
TOTAL FM JUL 1 796 CLOUDY (SCALE 8-10) 3
DPTR FM NORMAL -238
[CDD (BASE 65) ]
TOTAL THIS MO. 71
DPTR FM NORMAL 45 [PRESSURE DATA]
TOTAL FM JAN 1 133 HIGHEST SLP 30.18 ON 17
DPTR FM NORMAL 76 LOWEST SLP 29.75 ON 9
[REMARKS]
#FINAL-04-22#