000
CXUS56 KPQR 011201
CF6HIO
PRELIMINARY LOCAL CLIMATOLOGICAL DATA (WS FORM: F-6)
STATION: HILLSBORO OR
MONTH: OCTOBER
YEAR: 2023
LATITUDE: 45 32 N
LONGITUDE: 122 57 W
TEMPERATURE IN F: :PCPN: SNOW: WIND :SUNSHINE: SKY :PK WND
================================================================================
1 2 3 4 5 6A 6B 7 8 9 10 11 12 13 14 15 16 17 18
12Z AVG MX 2MIN
DY MAX MIN AVG DEP HDD CDD WTR SNW DPTH SPD SPD DIR MIN PSBL S-S WX SPD DR
================================================================================
1 71 41 56 -1 9 0 0.00 M M 4.3 16 310 M M 0 24 310
2 58 46 52 -5 13 0 0.17 M M 5.0 14 180 M M 9 1 18 180
3 70 53 62 5 3 0 0.00 M M 5.1 16 320 M M 6 1 18 320
4 70 51 61 5 4 0 0.00 M M 2.3 9 320 M M 6 8 11 310
5 81 48 65 9 0 0 T M M 1.6 10 30 M M 0 1 14 40
6 85 51 68 12 0 3 0.00 M M 7.1 16 80 M M 0 22 60
7 85 49 67 12 0 2 0.00 M M 2.3 7 300 M M 0 8 300
8 77 48 63 8 2 0 0.00 M M 1.8 13 150 M M 0 12 15 160
9 62 50 56 2 9 0 0.09 M M 4.6 12 230 M M 5 1 16 240
10 63 53 58 4 7 0 0.42 M M 10.4 20 170 M M 9 18 29 200
11 64 49 57 3 8 0 0.23 M M 9.6 21 180 M M 9 1 27 170
12 68 46 57 4 8 0 0.00 M M 5.1 14 90 M M 5 12 20 90
13 69 48 59 6 6 0 0.13 M M 4.7 15 240 M M 5 1 20 80
14 61 48 55 2 10 0 0.03 M M 0.9 6 290 M M 9 12 7 310
15 66 50 58 6 7 0 T M M 1.7 7 330 M M 5 12 8 290
16 65 50 58 6 7 0 0.24 M M 5.2 16 170 M M 5 18 22 180
17 64 45 55 3 10 0 0.00 M M 1.3 8 20 M M 6 12 10 20
18 72 40 56 5 9 0 0.00 M M 0.0 5 300 M M 1 12 5 330
19 73 44 59 8 6 0 0.00 M M 1.4 6 300 M M 5 128 6 300
20 70 49 60 9 5 0 0.00 M M 1.2 8 330 M M 6 12 9 320
21 59 49 54 4 11 0 0.00 M M 1.8 8 60 M M 10 12 10 70
22 63 52 58 8 7 0 0.00 M M 1.4 9 30 M M 9 1 12 360
23 59 47 53 3 12 0 0.00 M M 4.8 14 310 M M 8 1 16 330
24 50 44 47 -3 18 0 0.56 M M 6.0 21 180 M M 10 1 28 170
25 51 38 45 -4 20 0 0.18 M M 5.9 15 180 M M 9 1 19 180
26 47 35 41 -8 24 0 0.00 M M 2.0 6 310 M M 9 128 7 250
27 53 32 43 -6 22 0 0.00 M M 4.1 12 20 M M 3 12 15 30
28 53 30 42 -7 23 0 0.00 M M 6.3 13 20 M M 0 17 60
29 59 28 44 -4 21 0 0.00 M M 4.6 14 60 M M 0 16 60
30 61 27 44 -4 21 0 0.00 M M 3.7 12 60 M M 0 1 14 50
31 61 30 46 -2 19 0 0.00 M M 1.9 8 120 M M 1 1 10 140
================================================================================
SM 2010 1371 321 5 2.05 M 118.1 M 150
================================================================================
AV 64.8 44.2 3.8 FASTST M M 5 MAX(MPH)
MISC ----> # 21 180 29 200
================================================================================
NOTES:
# LAST OF SEVERAL OCCURRENCES
COLUMN 17 PEAK WIND IN M.P.H.
PRELIMINARY LOCAL CLIMATOLOGICAL DATA (WS FORM: F-6) , PAGE 2
STATION: HILLSBORO OR
MONTH: OCTOBER
YEAR: 2023
LATITUDE: 45 32 N
LONGITUDE: 122 57 W
[TEMPERATURE DATA] [PRECIPITATION DATA] SYMBOLS USED IN COLUMN 16
AVERAGE MONTHLY: 54.5 TOTAL FOR MONTH: 2.05 1 = FOG OR MIST
DPTR FM NORMAL: 2.2 DPTR FM NORMAL: -1.32 2 = FOG REDUCING VISIBILITY
HIGHEST: 85 ON 7, 6 GRTST 24HR 0.61 ON 24-25 TO 1/4 MILE OR LESS
LOWEST: 27 ON 30 3 = THUNDER
SNOW, ICE PELLETS, HAIL 4 = ICE PELLETS
TOTAL MONTH: M 5 = HAIL
GRTST 24HR M ON M 6 = FREEZING RAIN OR DRIZZLE
GRTST DEPTH: M ON M 7 = DUSTSTORM OR SANDSTORM:
VSBY 1/2 MILE OR LESS
8 = SMOKE OR HAZE
[NO. OF DAYS WITH] [WEATHER - DAYS WITH] 9 = BLOWING SNOW
X = TORNADO
MAX 32 OR BELOW: 0 0.01 INCH OR MORE: 9
MAX 90 OR ABOVE: 0 0.10 INCH OR MORE: 7
MIN 32 OR BELOW: 5 0.50 INCH OR MORE: 1
MIN 0 OR BELOW: 0 1.00 INCH OR MORE: 0
[HDD (BASE 65) ]
TOTAL THIS MO. 321 CLEAR (SCALE 0-3) 10
DPTR FM NORMAL -74 PTCLDY (SCALE 4-7) 11
TOTAL FM JUL 1 442 CLOUDY (SCALE 8-10) 10
DPTR FM NORMAL -149
[CDD (BASE 65) ]
TOTAL THIS MO. 5
DPTR FM NORMAL 4 [PRESSURE DATA]
TOTAL FM JAN 1 516 HIGHEST SLP 30.50 ON 28
DPTR FM NORMAL 241 LOWEST SLP 29.47 ON 10
[REMARKS]
#FINAL-10-23#