000
CXUS53 KGID 011119 CCA
CF6HJH
PRELIMINARY LOCAL CLIMATOLOGICAL DATA (WS FORM: F-6)
STATION: HEBRON NE
MONTH: MARCH
YEAR: 2022
LATITUDE: 40 9 N
LONGITUDE: 97 35 W
TEMPERATURE IN F: :PCPN: SNOW: WIND :SUNSHINE: SKY :PK WND
================================================================================
1 2 3 4 5 6A 6B 7 8 9 10 11 12 13 14 15 16 17 18
12Z AVG MX 2MIN
DY MAX MIN AVG DEP HDD CDD WTR SNW DPTH SPD SPD DIR MIN PSBL S-S WX SPD DR
================================================================================
1 77 35 56 M 9 0 0.00 M M 5.4 12 330 M M 0 16 330
2 79 33 56 M 9 0 0.00 M M 4.4 12 20 M M 0 18 20
3 56 29 43 M 22 0 0.00 M M 11.4 17 80 M M 1 21 60
4 73 33 53 M 12 0 T M M 12.3 22 170 M M 3 32 180
5 63 27 45 M 20 0 T M M 13.4 21 310 M M 8 1 29 310
6 34 22 28 M 37 0 M M M 12.7 17 30 M M 5 25 10
7 38 17 28 M 37 0 M M M 7.4 14 340 M M 1 20 330
8 51 13 32 M 33 0 0.00 M M 6.9 16 260 M M 2 32 220
9 32 19 26 M 39 0 M M M 9.5 17 10 M M 7 21 10
10 24 15 20 M 45 0 M M M 7.6 15 30 M M 7 8 20 30
11 32 7 20 M 45 0 0.00 M M 9.1 18 340 M M 2 25 320
12 45 1 23 M 42 0 0.00 M M 6.9 18 200 M M 1 25 210
13 69 27 48 M 17 0 0.00 M M 6.2 15 180 M M 0 20 180
14 56 32 44 M 21 0 0.00 M M 9.1 17 20 M M 0 25 360
15 64 22 43 M 22 0 0.00 M M 5.6 12 180 M M 0 M M
16 71 32 52 M 13 0 0.00 M M 6.8 16 240 M M 0 23 240
17 53 34 44 M 21 0 0.46 M M 18.6 32 20 M M 7 3 45 20
18 55 31 43 M 22 0 0.22 M M 10.3 18 360 M M 4 30 350
19 66 25 46 M 19 0 0.00 M M 4.2 10 200 M M 0 16 200
20 79 35 57 M 8 0 0.00 M M 12.8 23 190 M M 0 33 190
21 68 43 56 M 9 0 0.43 M M 13.2 21 190 M M 6 31 190
22 47 35 41 M 24 0 M M M 21.7 30 360 M M 8 45 360
23 41 33 37 M 28 0 T M M 14.8 23 350 M M 8 31 350
24 51 33 42 M 23 0 0.00 M M 7.4 13 310 M M 6 20 310
25 59 29 44 M 21 0 0.00 M M 9.5 20 310 M M 3 28 310
26 55 25 40 M 25 0 0.00 M M 5.6 10 40 M M 0 16 50
27 49 30 40 M 25 0 0.00 M M 8.2 14 80 M M 2 21 70
28 61 27 44 M 21 0 0.00 M M 10.4 20 130 M M 0 29 130
29 85 39 62 M 3 0 0.00 M M 15.2 29 170 M M 1 39 240
30 45 31 38 M 27 0 M M M 20.3 27 340 M M 10 36 330
31 51 28 40 M 25 0 M M M 9.9 17 330 M M 5 27 340
================================================================================
SM 1729 842 724 0 M M 316.8 M 97
================================================================================
AV 55.8 27.2 10.2 FASTST M M 3 MAX(MPH)
MISC ----> 32 20 M M
================================================================================
NOTES:
# LAST OF SEVERAL OCCURRENCES
COLUMN 17 PEAK WIND IN M.P.H.
PRELIMINARY LOCAL CLIMATOLOGICAL DATA (WS FORM: F-6) , PAGE 2
STATION: HEBRON NE
MONTH: MARCH
YEAR: 2022
LATITUDE: 40 9 N
LONGITUDE: 97 35 W
[TEMPERATURE DATA] [PRECIPITATION DATA] SYMBOLS USED IN COLUMN 16
AVERAGE MONTHLY: 41.5 TOTAL FOR MONTH: M 1 = FOG OR MIST
DPTR FM NORMAL: M DPTR FM NORMAL: M 2 = FOG REDUCING VISIBILITY
HIGHEST: 85 ON 29 GRTST 24HR M ON M TO 1/4 MILE OR LESS
LOWEST: 1 ON 12 3 = THUNDER
SNOW, ICE PELLETS, HAIL 4 = ICE PELLETS
TOTAL MONTH: M 5 = HAIL
GRTST 24HR M ON M 6 = FREEZING RAIN OR DRIZZLE
GRTST DEPTH: M ON M 7 = DUSTSTORM OR SANDSTORM:
VSBY 1/2 MILE OR LESS
8 = SMOKE OR HAZE
[NO. OF DAYS WITH] [WEATHER - DAYS WITH] 9 = BLOWING SNOW
X = TORNADO
MAX 32 OR BELOW: 3 0.01 INCH OR MORE: M
MAX 90 OR ABOVE: 0 0.10 INCH OR MORE: M
MIN 32 OR BELOW: 21 0.50 INCH OR MORE: M
MIN 0 OR BELOW: 0 1.00 INCH OR MORE: M
[HDD (BASE 65) ]
TOTAL THIS MO. 724 CLEAR (SCALE 0-3) 19
DPTR FM NORMAL M PTCLDY (SCALE 4-7) 10
TOTAL FM JUL 1 4531 CLOUDY (SCALE 8-10) 2
DPTR FM NORMAL M
[CDD (BASE 65) ]
TOTAL THIS MO. 0
DPTR FM NORMAL M [PRESSURE DATA]
TOTAL FM JAN 1 0 HIGHEST SLP M ON M
DPTR FM NORMAL M LOWEST SLP M ON M
[REMARKS]
#FINAL-03-22#