000
CXUS54 KJAN 020146
CF6HKS
PRELIMINARY LOCAL CLIMATOLOGICAL DATA (WS FORM: F-6)
STATION: JACKSON HAWKINS
MONTH: MAY
YEAR: 2022
LATITUDE: 32 20 N
LONGITUDE: 90 14 W
TEMPERATURE IN F: :PCPN: SNOW: WIND :SUNSHINE: SKY :PK WND
================================================================================
1 2 3 4 5 6A 6B 7 8 9 10 11 12 13 14 15 16 17 18
12Z AVG MX 2MIN
DY MAX MIN AVG DEP HDD CDD WTR SNW DPTH SPD SPD DIR MIN PSBL S-S WX SPD DR
================================================================================
1 86 66 76 7 0 11 0.13 0.0 0 5.8 20 260 M M 2 13 29 270
2 87 67 77 7 0 12 0.00 0.0 0 8.0 16 170 M M 2 1 23 180
3 87 69 78 8 0 13 0.00 0.0 0 8.1 21 160 M M 2 27 180
4 90 68 79 9 0 14 0.00 0.0 0 3.9 13 180 M M 1 1 20 170
5 87 66 77 7 0 12 0.35 0.0 0 8.0 30 320 M M 4 13 46 310
6 82 61 72 1 0 7 0.00 0.0 0 11.2 28 270 M M 2 40 270
7 84 57 71 0 0 6 0.00 0.0 0 5.6 15 280 M M 0 25 240
8 88 58 73 2 0 8 0.00 0.0 0 7.0 14 80 M M 0 20 80
9 91 70 81 9 0 16 0.00 0.0 0 8.8 17 160 M M 5 18 22 150
10 87 69 78 6 0 13 0.00 0.0 0 5.1 13 160 M M 4 1 17 160
11 93 65 79 7 0 14 0.00 0.0 0 2.0 9 70 M M 1 1 13 70
12 93 70 82 10 0 17 1.05 0.0 0 5.1 22 90 M M 3 138 32 100
13 83 65 74 1 0 9 0.30 0.0 0 3.8 20 120 M M 6 13 32 90
14 86 63 75 2 0 10 T 0.0 0 2.7 12 290 M M 1 13 15 350
15 90 67 79 6 0 14 0.04 0.0 0 3.5 26 330 M M 2 13 45 310
16 89 64 77 3 0 12 0.00 0.0 0 2.7 13 280 M M 1 16 280
17 90 69 80 6 0 15 0.00 0.0 0 3.5 12 150 M M 2 16 140
18 91 69 80 6 0 15 0.00 0.0 0 6.8 17 200 M M 2 23 190
19 92 72 82 8 0 17 0.00 0.0 0 9.3 21 180 M M 2 30 210
20 91 71 81 6 0 16 0.00 0.0 0 11.1 18 210 M M 2 1 26 210
21 95 72 84 9 0 19 0.00 0.0 0 11.0 26 150 M M 4 38 150
22 90 70 80 5 0 15 0.88 0.0 0 5.8 16 150 M M 7 138 24 350
23 81 69 75 -1 0 10 0.00 0.0 0 4.2 9 70 M M 7 1 14 70
24 86 69 78 2 0 13 0.86 0.0 0 9.6 30 160 M M 6 13 43 160
25 80 69 75 -1 0 10 1.37 0.0 0 10.1 23 260 M M 5 13 35 270
26 84 67 76 0 0 11 0.05 0.0 0 7.9 18 270 M M 3 13 25 250
27 81 61 71 -6 0 6 0.00 0.0 0 5.4 15 280 M M 0 21 280
28 85 59 72 -5 0 7 0.00 0.0 0 1.6 9 70 M M 0 1 13 10
29 88 63 76 -1 0 11 0.00 0.0 0 3.8 14 140 M M 1 19 140
30 90 69 80 3 0 15 0.00 0.0 0 9.1 17 140 M M 2 1 25 180
31 94 73 84 6 0 19 0.00 0.0 0 6.8 15 170 M M 4 1 20 170
================================================================================
SM 2721 2067 0 387 5.03 0.0 197.3 M 83
================================================================================
AV 87.8 66.7 6.4 FASTST M M 3 MAX(MPH)
MISC ----> # 30 320 46 310
================================================================================
NOTES:
# LAST OF SEVERAL OCCURRENCES
COLUMN 17 PEAK WIND IN M.P.H.
PRELIMINARY LOCAL CLIMATOLOGICAL DATA (WS FORM: F-6) , PAGE 2
STATION: JACKSON HAWKINS
MONTH: MAY
YEAR: 2022
LATITUDE: 32 20 N
LONGITUDE: 90 14 W
[TEMPERATURE DATA] [PRECIPITATION DATA] SYMBOLS USED IN COLUMN 16
AVERAGE MONTHLY: 77.2 TOTAL FOR MONTH: 5.03 1 = FOG OR MIST
DPTR FM NORMAL: 3.6 DPTR FM NORMAL: 1.09 2 = FOG REDUCING VISIBILITY
HIGHEST: 95 ON 21 GRTST 24HR 2.23 ON 24-25 TO 1/4 MILE OR LESS
LOWEST: 57 ON 7 3 = THUNDER
SNOW, ICE PELLETS, HAIL 4 = ICE PELLETS
TOTAL MONTH: 0.0 INCH 5 = HAIL
GRTST 24HR 0.0 6 = FREEZING RAIN OR DRIZZLE
GRTST DEPTH: 0 7 = DUSTSTORM OR SANDSTORM:
VSBY 1/2 MILE OR LESS
8 = SMOKE OR HAZE
[NO. OF DAYS WITH] [WEATHER - DAYS WITH] 9 = BLOWING SNOW
X = TORNADO
MAX 32 OR BELOW: 0 0.01 INCH OR MORE: 9
MAX 90 OR ABOVE: 13 0.10 INCH OR MORE: 7
MIN 32 OR BELOW: 0 0.50 INCH OR MORE: 4
MIN 0 OR BELOW: 0 1.00 INCH OR MORE: 2
[HDD (BASE 65) ]
TOTAL THIS MO. 0 CLEAR (SCALE 0-3) 20
DPTR FM NORMAL -10 PTCLDY (SCALE 4-7) 11
TOTAL FM JUL 1 1815 CLOUDY (SCALE 8-10) 0
DPTR FM NORMAL -307
[CDD (BASE 65) ]
TOTAL THIS MO. 387
DPTR FM NORMAL 110 [PRESSURE DATA]
TOTAL FM JAN 1 554 HIGHEST SLP 30.20 ON 11
DPTR FM NORMAL 126 LOWEST SLP 29.67 ON 6
[REMARKS]
#FINAL-05-22#