000
CXUS54 KJAN 011414
CF6HKS
PRELIMINARY LOCAL CLIMATOLOGICAL DATA (WS FORM: F-6)
STATION: JACKSON HAWKINS
MONTH: APRIL
YEAR: 2020
LATITUDE: 32 20 N
LONGITUDE: 90 14 W
TEMPERATURE IN F: :PCPN: SNOW: WIND :SUNSHINE: SKY :PK WND
================================================================================
1 2 3 4 5 6A 6B 7 8 9 10 11 12 13 14 15 16 17 18
12Z AVG MX 2MIN
DY MAX MIN AVG DEP HDD CDD WTR SNW DPTH SPD SPD DIR MIN PSBL S-S WX SPD DR
================================================================================
1 74 44 59 -2 6 0 0.00 0.0 0 1.6 12 50 M M 0 16 20
2 75 50 63 2 2 0 0.00 0.0 0 4.2 14 120 M M 0 20 120
3 75 58 67 5 0 2 T 0.0 0 1.8 9 320 M M 3 14 310
4 69 58 64 2 1 0 0.02 0.0 0 2.3 10 310 M M 6 1 14 310
5 81 57 69 7 0 4 0.00 0.0 0 3.4 8 330 M M 2 18 13 350
6 80 61 71 9 0 6 0.00 0.0 0 3.8 14 200 M M 1 8 19 200
7 82 66 74 11 0 9 0.00 0.0 0 6.9 16 210 M M 7 1 24 220
8 84 73 79 16 0 14 T 0.0 0 8.3 14 240 M M 6 18 21 260
9 82 65 74 11 0 9 T 0.0 0 6.9 15 250 M M 5 18 21 240
10 67 47 57 -6 8 0 0.00 0.0 0 4.7 17 10 M M 2 27 10
11 76 43 60 -4 5 0 0.00 0.0 0 6.2 14 150 M M 0 19 140
12 80 58 69 5 0 4 1.43 0.0 0 10.6 35 290 M M 9 138 50 270
13 58 44 51 -13 14 0 0.00 0.0 0 5.5 14 350 M M 7 23 350
14 64 44 54 -10 11 0 0.00 0.0 0 7.0 15 10 M M 0 24 10
15 64 40 52 -13 13 0 0.00 0.0 0 5.5 13 10 M M 0 22 20
16 74 40 57 -8 8 0 0.00 0.0 0 6.0 16 110 M M 0 26 100
17 78 45 62 -3 3 0 0.00 0.0 0 5.1 18 170 M M 3 25 180
18 71 55 63 -3 2 0 T 0.0 0 5.5 15 360 M M 4 13 25 360
19 72 59 66 0 0 1 3.10 0.0 0 5.3 18 310 M M 10 138 30 310
20 72 55 64 -2 1 0 0.00 0.0 0 3.3 14 330 M M 4 1 23 320
21 82 50 66 0 0 1 0.00 0.0 0 2.1 9 360 M M 0 12 15 40
22 78 57 68 1 0 3 0.57 0.0 0 8.4 26 120 M M 4 13 40 130
23 79 58 69 2 0 4 2.72 0.0 0 8.5 21 280 M M 4 138 30 300
24 81 54 68 1 0 3 0.13 0.0 0 2.7 10 120 M M 1 123 15 120
25 75 61 68 1 0 3 0.02 0.0 0 8.1 23 270 M M 6 1 32 300
26 76 54 65 -3 0 0 0.00 0.0 0 3.8 16 320 M M 0 28 320
27 77 51 64 -4 1 0 0.00 0.0 0 6.2 14 140 M M 0 19 140
28 77 56 67 -1 0 2 0.01 0.0 0 7.8 20 160 M M 1 31 160
29 75 58 67 -1 0 2 0.23 0.0 0 9.1 22 130 M M 6 13 32 120
30 75 52 64 -5 1 0 0.00 0.0 0 5.8 20 290 M M 0 28 290
================================================================================
SM 2253 1613 76 67 8.23 0.0 166.4 M 91
================================================================================
AV 75.1 53.8 5.5 FASTST M M 3 MAX(MPH)
MISC ----> # 35 290 # 50 270
================================================================================
NOTES:
# LAST OF SEVERAL OCCURRENCES
COLUMN 17 PEAK WIND IN M.P.H.
PRELIMINARY LOCAL CLIMATOLOGICAL DATA (WS FORM: F-6) , PAGE 2
STATION: JACKSON HAWKINS
MONTH: APRIL
YEAR: 2020
LATITUDE: 32 20 N
LONGITUDE: 90 14 W
[TEMPERATURE DATA] [PRECIPITATION DATA] SYMBOLS USED IN COLUMN 16
AVERAGE MONTHLY: 64.4 TOTAL FOR MONTH: 8.23 1 = FOG OR MIST
DPTR FM NORMAL: -0.5 DPTR FM NORMAL: 3.12 2 = FOG REDUCING VISIBILITY
HIGHEST: 84 ON 8 GRTST 24HR 3.10 ON 19-19 TO 1/4 MILE OR LESS
LOWEST: 40 ON 16,15 3 = THUNDER
SNOW, ICE PELLETS, HAIL 4 = ICE PELLETS
TOTAL MONTH: 0.0 INCH 5 = HAIL
GRTST 24HR 0.0 6 = FREEZING RAIN OR DRIZZLE
GRTST DEPTH: 0 7 = DUSTSTORM OR SANDSTORM:
VSBY 1/2 MILE OR LESS
8 = SMOKE OR HAZE
[NO. OF DAYS WITH] [WEATHER - DAYS WITH] 9 = BLOWING SNOW
X = TORNADO
MAX 32 OR BELOW: 0 0.01 INCH OR MORE: 9
MAX 90 OR ABOVE: 0 0.10 INCH OR MORE: 6
MIN 32 OR BELOW: 0 0.50 INCH OR MORE: 4
MIN 0 OR BELOW: 0 1.00 INCH OR MORE: 3
[HDD (BASE 65) ]
TOTAL THIS MO. 76 CLEAR (SCALE 0-3) 16
DPTR FM NORMAL -14 PTCLDY (SCALE 4-7) 12
TOTAL FM JUL 1 1759 CLOUDY (SCALE 8-10) 2
DPTR FM NORMAL -450
[CDD (BASE 65) ]
TOTAL THIS MO. 67
DPTR FM NORMAL -19 [PRESSURE DATA]
TOTAL FM JAN 1 215 HIGHEST SLP M ON M
DPTR FM NORMAL 90 LOWEST SLP 29.45 ON 12
[REMARKS]
#FINAL-04-20#