000
CXUS53 KGLD 010800
CF6HLC
PRELIMINARY LOCAL CLIMATOLOGICAL DATA (WS FORM: F-6)
STATION: HILL CITY KS
MONTH: NOVEMBER
YEAR: 2020
LATITUDE: 39 22 N
LONGITUDE: 99 50 W
TEMPERATURE IN F: :PCPN: SNOW: WIND :SUNSHINE: SKY :PK WND
================================================================================
1 2 3 4 5 6A 6B 7 8 9 10 11 12 13 14 15 16 17 18
12Z AVG MX 2MIN
DY MAX MIN AVG DEP HDD CDD WTR SNW DPTH SPD SPD DIR MIN PSBL S-S WX SPD DR
================================================================================
1 58 25 42 -5 23 0 0.00 M M 5.7 15 170 M M 0 20 170
2 80 27 54 7 11 0 0.00 M M 5.2 13 240 M M 0 18 220
3 83 33 58 12 7 0 0.00 M M 4.8 9 180 M M 0 13 170
4 86 37 62 16 3 0 0.00 M M 4.4 10 270 M M 0 14 290
5 80 39 60 14 5 0 0.00 M M 7.1 18 350 M M 0 8 24 350
6 84 35 60 15 5 0 0.00 M M 12.1 25 180 M M 0 35 170
7 79 55 67 22 0 2 0.00 M M 20.8 33 180 M M 0 52 180
8 75 56 66 22 0 1 0.00 M M 21.4 35 190 M M 1 50 200
9 64 31 48 4 17 0 0.27 M M 16.4 25 350 M M 8 136 43 170
10 48 25 37 -6 28 0 T M M 9.3 22 10 M M 5 1 30 10
11 56 23 40 -3 25 0 0.00 M M 5.9 15 200 M M 1 20 230
12 45 18 32 -10 33 0 0.00 M M 7.8 25 360 M M 0 33 360
13 53 16 35 -7 30 0 0.00 M M 9.4 29 210 M M 0 40 200
14 62 27 45 4 20 0 0.00 M M 12.9 38 300 M M 2 8 55 300
15 56 30 43 2 22 0 0.00 M M 11.6 24 300 M M 1 37 290
16 66 30 48 8 17 0 0.00 M M 6.3 21 360 M M 2 28 340
17 71 26 49 9 16 0 0.00 M M 7.9 22 190 M M 0 31 180
18 77 44 61 22 4 0 0.00 M M 10.8 18 200 M M 0 29 200
19 78 37 58 19 7 0 0.00 M M 8.7 18 350 M M 0 23 350
20 63 37 50 12 15 0 0.00 M M 10.2 20 360 M M 0 27 350
21 50 40 45 7 20 0 0.00 M M 6.3 14 130 M M 9 18 120
22 55 20 38 0 27 0 0.00 M M 6.5 17 340 M M 1 24 340
23 50 27 39 2 26 0 T M M 13.5 25 170 M M 10 38 170
24 54 38 46 9 19 0 0.06 M M 16.1 31 360 M M 10 1 41 350
25 57 26 42 6 23 0 0.00 M M 7.8 20 350 M M 2 29 350
26 54 19 37 1 28 0 M M M 9.1 22 30 M M 0 31 30
27 53 21 37 2 28 0 0.00 M M 5.0 10 250 M M 0 15 250
28 62 25 44 9 21 0 0.00 M M 10.9 21 200 M M 0 30 200
29 45 16 31 -3 34 0 0.00 M M 13.8 31 360 M M 0 39 350
30 56 7 32 -2 33 0 0.00 M M 7.3 18 220 M M 0 26 230
================================================================================
SM 1900 890 547 3 0.33 M 295.0 M 52
================================================================================
AV 63.3 29.7 9.8 FASTST M M 2 MAX(MPH)
MISC ----> 38 300 55 300
================================================================================
NOTES:
# LAST OF SEVERAL OCCURRENCES
COLUMN 17 PEAK WIND IN M.P.H.
PRELIMINARY LOCAL CLIMATOLOGICAL DATA (WS FORM: F-6) , PAGE 2
STATION: HILL CITY KS
MONTH: NOVEMBER
YEAR: 2020
LATITUDE: 39 22 N
LONGITUDE: 99 50 W
[TEMPERATURE DATA] [PRECIPITATION DATA] SYMBOLS USED IN COLUMN 16
AVERAGE MONTHLY: 46.5 TOTAL FOR MONTH: 0.33 1 = FOG OR MIST
DPTR FM NORMAL: 5.8 DPTR FM NORMAL: -0.62 2 = FOG REDUCING VISIBILITY
HIGHEST: 86 ON 4 GRTST 24HR 0.27 ON 9- 9 TO 1/4 MILE OR LESS
LOWEST: 7 ON 30 3 = THUNDER
SNOW, ICE PELLETS, HAIL 4 = ICE PELLETS
TOTAL MONTH: M 5 = HAIL
GRTST 24HR M ON M 6 = FREEZING RAIN OR DRIZZLE
GRTST DEPTH: M ON M 7 = DUSTSTORM OR SANDSTORM:
VSBY 1/2 MILE OR LESS
8 = SMOKE OR HAZE
[NO. OF DAYS WITH] [WEATHER - DAYS WITH] 9 = BLOWING SNOW
X = TORNADO
MAX 32 OR BELOW: 0 0.01 INCH OR MORE: 2
MAX 90 OR ABOVE: 0 0.10 INCH OR MORE: 1
MIN 32 OR BELOW: 19 0.50 INCH OR MORE: 0
MIN 0 OR BELOW: 0 1.00 INCH OR MORE: 0
[HDD (BASE 65) ]
TOTAL THIS MO. 547 CLEAR (SCALE 0-3) 25
DPTR FM NORMAL -184 PTCLDY (SCALE 4-7) 1
TOTAL FM JUL 1 1079 CLOUDY (SCALE 8-10) 4
DPTR FM NORMAL -89
[CDD (BASE 65) ]
TOTAL THIS MO. 3
DPTR FM NORMAL 3 [PRESSURE DATA]
TOTAL FM JAN 1 1474 HIGHEST SLP M ON M
DPTR FM NORMAL 174 LOWEST SLP 29.52 ON 14
[REMARKS]
#FINAL-11-20#