000
CXUS53 KGLD 030126
CLAHLC
CLIMATE REPORT
NATIONAL WEATHER SERVICE GOODLAND
623 PM MST THU JAN 2 2020
...................................
...THE HILL CITY CLIMATE SUMMARY FOR THE YEAR OF 2019...
CLIMATE NORMAL PERIOD 1981 TO 2010
CLIMATE RECORD PERIOD 1896 TO 2020
WEATHER OBSERVED NORMAL DEPART LAST YEAR`S
VALUE DATE(S) VALUE FROM VALUE DATE(S)
NORMAL
................................................................
TEMPERATURE (F)
RECORD
HIGH 117 07/24/1936
LOW -26 12/22/1989
HIGHEST 108 07/17 106 2 105 06/28
LOWEST -10 03/04 -9 -1 -3 01/16
AVG. MAXIMUM 65.8 66.7 -0.9 66.9
AVG. MINIMUM 39.9 40.0 -0.1 39.8
MEAN 52.8 53.4 -0.6 53.3
DAYS MAX >= 90 64 59.0 5.0 63
DAYS MAX <= 32 32 22.6 9.4 20
DAYS MIN <= 32 158 141.5 16.5 154
DAYS MIN <= 0 4 4.4 -0.4 2
PRECIPITATION (INCHES)
RECORD
MAXIMUM 36.31 2018
MINIMUM 10.53 2012
TOTALS 29.34 22.92 6.42
DAYS >= .01 76 MM MM 80
DAYS >= .10 40 MM MM 46
DAYS >= .50 20 MM MM 19
DAYS >= 1.00 11 MM MM 10
GREATEST
24 HR. TOTAL 1.89 6.23
.................................................................
- INDICATES NEGATIVE NUMBERS.
R INDICATES RECORD WAS SET OR TIED.
MM INDICATES DATA IS MISSING.
T INDICATES TRACE AMOUNT.
$$