000
CXUS51 KPBZ 010730
CF6HLG
PRELIMINARY LOCAL CLIMATOLOGICAL DATA (WS FORM: F-6)
STATION: WHEELING WV
MONTH: MARCH
YEAR: 2021
LATITUDE: 40 10 N
LONGITUDE: 80 39 W
TEMPERATURE IN F: :PCPN: SNOW: WIND :SUNSHINE: SKY :PK WND
================================================================================
1 2 3 4 5 6A 6B 7 8 9 10 11 12 13 14 15 16 17 18
12Z AVG MX 2MIN
DY MAX MIN AVG DEP HDD CDD WTR SNW DPTH SPD SPD DIR MIN PSBL S-S WX SPD DR
================================================================================
1 58 28 43 8 22 0 0.21 M M 14.2 28 270 M M 8 1 40 310
2 41 20 31 -4 34 0 0.00 M M 7.0 16 320 M M 1 20 320
3 56 27 42 6 23 0 0.00 M M 9.2 22 230 M M 0 30 220
4 43 22 33 -3 32 0 0.00 M M 10.0 22 320 M M 8 8 28 320
5 39 18 29 -7 36 0 0.00 M M 8.6 22 310 M M 1 28 320
6 41 24 33 -3 32 0 0.00 M M 9.0 21 310 M M 0 24 310
7 45 23 34 -3 31 0 0.00 M M 6.1 14 270 M M 1 20 300
8 56 22 39 2 26 0 0.00 M M 7.9 16 210 M M 1 24 220
9 65 46 56 18 9 0 0.00 M M 8.0 17 270 M M 4 23 240
10 69 46 58 20 7 0 0.00 M M 10.8 22 200 M M 1 29 210
11 65 54 60 22 5 0 0.35 M M 13.0 26 230 M M 8 1 39 230
12 59 42 51 13 14 0 0.01 M M 9.2 18 350 M M 3 1 26 280
13 50 28 39 0 26 0 0.00 M M 6.3 15 350 M M 0 19 270
14 54 28 41 2 24 0 0.00 M M 11.3 28 310 M M 0 35 320
15 42 22 32 -8 33 0 T M M 10.2 17 100 M M 3 23 90
16 65 39 52 12 13 0 0.02 M M 5.8 14 110 M M 7 15 280
17 67 37 52 12 13 0 0.00 M M 4.1 13 250 M M 2 1 16 180
18 58 39 49 8 16 0 0.94 M M 15.1 33 40 M M 10 18 44 40
19 48 29 39 -2 26 0 0.00 M M 12.3 23 30 M M 1 32 30
20 57 27 42 1 23 0 0.00 M M 7.6 13 40 M M 0 17 70
21 65 37 51 9 14 0 0.00 M M 6.7 13 120 M M 0 17 110
22 68 41 55 13 10 0 0.00 M M 6.8 14 120 M M 0 19 130
23 69 44 57 14 8 0 0.00 M M 9.9 20 130 M M 0 27 150
24 75 54 65 22 0 0 0.02 M M 10.1 22 180 M M 6 29 200
25 73 54 64 21 1 0 0.10 M M 7.7 35 210 M M 4 44 200
26 62 51 57 13 8 0 0.07 M M 13.4 36 230 M M 9 53 230
27 70 44 57 13 8 0 0.00 M M 5.2 15 190 M M 2 20 180
28 59 36 48 3 17 0 0.74 M M 16.1 36 260 M M 8 13 47 270
29 53 32 43 -2 22 0 0.00 M M 7.6 14 270 M M 3 21 270
30 74 41 58 13 7 0 0.00 M M 12.3 25 190 M M 0 32 180
31 66 37 52 6 13 0 0.27 M M 9.5 18 320 M M 9 1 24 290
================================================================================
SM 1812 1092 553 0 2.73 M 291.0 M 100
================================================================================
AV 58.5 35.2 9.4 FASTST M M 3 MAX(MPH)
MISC ----> # 36 230 53 230
================================================================================
NOTES:
# LAST OF SEVERAL OCCURRENCES
COLUMN 17 PEAK WIND IN M.P.H.
PRELIMINARY LOCAL CLIMATOLOGICAL DATA (WS FORM: F-6) , PAGE 2
STATION: WHEELING WV
MONTH: MARCH
YEAR: 2021
LATITUDE: 40 10 N
LONGITUDE: 80 39 W
[TEMPERATURE DATA] [PRECIPITATION DATA] SYMBOLS USED IN COLUMN 16
AVERAGE MONTHLY: 46.8 TOTAL FOR MONTH: 2.73 1 = FOG OR MIST
DPTR FM NORMAL: 6.7 DPTR FM NORMAL: -0.43 2 = FOG REDUCING VISIBILITY
HIGHEST: 75 ON 24 GRTST 24HR 0.94 ON 18-18 TO 1/4 MILE OR LESS
LOWEST: 18 ON 5 3 = THUNDER
SNOW, ICE PELLETS, HAIL 4 = ICE PELLETS
TOTAL MONTH: M 5 = HAIL
GRTST 24HR M ON M 6 = FREEZING RAIN OR DRIZZLE
GRTST DEPTH: M ON M 7 = DUSTSTORM OR SANDSTORM:
VSBY 1/2 MILE OR LESS
8 = SMOKE OR HAZE
[NO. OF DAYS WITH] [WEATHER - DAYS WITH] 9 = BLOWING SNOW
X = TORNADO
MAX 32 OR BELOW: 0 0.01 INCH OR MORE: 10
MAX 90 OR ABOVE: 0 0.10 INCH OR MORE: 6
MIN 32 OR BELOW: 14 0.50 INCH OR MORE: 2
MIN 0 OR BELOW: 0 1.00 INCH OR MORE: 0
[HDD (BASE 65) ]
TOTAL THIS MO. 553 CLEAR (SCALE 0-3) 19
DPTR FM NORMAL -220 PTCLDY (SCALE 4-7) 8
TOTAL FM JUL 1 4387 CLOUDY (SCALE 8-10) 4
DPTR FM NORMAL -553
[CDD (BASE 65) ]
TOTAL THIS MO. 0
DPTR FM NORMAL -1 [PRESSURE DATA]
TOTAL FM JAN 1 0 HIGHEST SLP 30.60 ON 20
DPTR FM NORMAL -1 LOWEST SLP 29.55 ON 28
[REMARKS]
#FINAL-03-21#