000
CXUS53 KFSD 011622
CF6HON
PRELIMINARY LOCAL CLIMATOLOGICAL DATA (WS FORM: F-6)
STATION: HURON
MONTH: MAY
YEAR: 2020
LATITUDE: 44 22 N
LONGITUDE: 98 13 W
TEMPERATURE IN F: :PCPN: SNOW: WIND :SUNSHINE: SKY :PK WND
================================================================================
1 2 3 4 5 6A 6B 7 8 9 10 11 12 13 14 15 16 17 18
12Z AVG MX 2MIN
DY MAX MIN AVG DEP HDD CDD WTR SNW DPTH SPD SPD DIR MIN PSBL S-S WX SPD DR
================================================================================
1 82 53 68 15 0 3 T 0.0 0 17.5 32 310 M M 1 42 300
2 75 47 61 7 4 0 0.00 0.0 0 7.8 18 300 M M 0 31 320
3 74 41 58 4 7 0 0.00 0.0 0 8.6 18 80 M M 1 26 80
4 53 47 50 -4 15 0 0.51 0.0 0 16.0 36 330 M M 9 1 52 330
5 56 40 48 -7 17 0 T 0.0 0 15.1 35 340 M M 9 50 340
6 65 39 52 -3 13 0 0.00 0.0 0 7.3 14 360 M M 3 24 10
7 58 37 48 -7 17 0 T 0.0 0 6.3 20 20 M M 2 26 20
8 57 31 44 -12 21 0 0.00 0.0 0 9.0 16 330 M M 0 23 340
9 56 35 46 -10 19 0 0.01 0.0 0 19.0 35 350 M M 6 49 340
10 49 31 40 -16 25 0 0.00 0.0 0 14.4 25 340 M M 6 33 330
11 52 31 42 -15 23 0 0.00 0.0 0 7.0 13 330 M M 6 20 20
12 53 37 45 -12 20 0 T 0.0 0 8.9 17 170 M M 8 24 170
13 54 44 49 -8 16 0 0.04 0.0 0 11.5 20 170 M M 9 1 33 170
14 73 47 60 2 5 0 0.01 0.0 0 8.6 18 310 M M 2 1 24 350
15 69 36 53 -5 12 0 T 0.0 0 3.2 10 120 M M 4 15 180
16 60 50 55 -3 10 0 0.69 0.0 0 7.7 14 90 M M 10 1 19 100
17 67 46 57 -1 8 0 0.00 0.0 0 10.0 20 70 M M 7 1 26 60
18 71 40 56 -3 9 0 0.00 0.0 0 8.1 17 130 M M 0 23 80
19 68 45 57 -2 8 0 T 0.0 0 11.0 21 140 M M 3 1 31 150
20 70 56 63 4 2 0 T 0.0 0 15.2 23 130 M M 9 35 150
21 68 57 63 3 2 0 0.01 0.0 0 13.0 23 160 M M 4 1 32 150
22 74 56 65 5 0 0 T 0.0 0 11.2 18 150 M M 4 1 26 150
23 78 59 69 9 0 4 0.00 0.0 0 8.8 16 140 M M 3 1 23 110
24 74 57 66 5 0 1 0.64 0.0 0 11.2 28 80 M M 7 13 40 80
25 65 55 60 -1 5 0 T 0.0 0 11.2 18 350 M M 8 1 23 350
26 74 54 64 3 1 0 T 0.0 0 5.9 12 340 M M 5 1 15 350
27 85 48 67 5 0 2 0.00 0.0 0 4.6 16 360 M M 1 22 350
28 74 50 62 0 3 0 T 0.0 0 14.4 26 320 M M 2 36 320
29 70 46 58 -4 7 0 0.00 0.0 0 7.7 15 20 M M 0 22 30
30 74 51 63 1 2 0 0.00 0.0 0 4.8 12 50 M M 4 16 140
31 79 53 66 3 0 1 0.00 0.0 0 14.6 26 150 M M 3 40 160
================================================================================
SM 2077 1419 271 11 1.91 0.0 319.6 M 136
================================================================================
AV 67.0 45.8 10.3 FASTST M M 4 MAX(MPH)
MISC ----> 36 330 52 330
================================================================================
NOTES:
# LAST OF SEVERAL OCCURRENCES
-COLUMN 17 PEAK WIND IN M.P.H.
-PRECIPITATION AMOUNTS IN COLUMNS 7,8,AND 9 ARE THE OFFICAL PRECIPITATION
AMOUNTS FOR HURON, SD.
-SNOW DEPTH IN COLUMN 9 IS RECORDED AT 6 AM CST (12Z).
PRELIMINARY LOCAL CLIMATOLOGICAL DATA (WS FORM: F-6) , PAGE 2
STATION: HURON
MONTH: MAY
YEAR: 2020
LATITUDE: 44 22 N
LONGITUDE: 98 13 W
[TEMPERATURE DATA] [PRECIPITATION DATA] SYMBOLS USED IN COLUMN 16
AVERAGE MONTHLY: 56.4 TOTAL FOR MONTH: 1.91 1 = FOG OR MIST
DPTR FM NORMAL: -1.7 DPTR FM NORMAL: -1.20 2 = FOG REDUCING VISIBILITY
HIGHEST: 85 ON 27 GRTST 24HR 0.69 ON 16 TO 1/4 MILE OR LESS
LOWEST: 31 ON 11,10 3 = THUNDER
SNOW, ICE PELLETS, HAIL 4 = ICE PELLETS
TOTAL MONTH: 0.0 INCH 5 = HAIL
GRTST 24HR 0.0 6 = FREEZING RAIN OR DRIZZLE
GRTST DEPTH: 0 7 = DUSTSTORM OR SANDSTORM:
VSBY 1/2 MILE OR LESS
8 = SMOKE OR HAZE
[NO. OF DAYS WITH] [WEATHER - DAYS WITH] 9 = BLOWING SNOW
X = TORNADO
MAX 32 OR BELOW: 0 0.01 INCH OR MORE: 7
MAX 90 OR ABOVE: 0 0.10 INCH OR MORE: 3
MIN 32 OR BELOW: 3 0.50 INCH OR MORE: 3
MIN 0 OR BELOW: 0 1.00 INCH OR MORE: 0
[HDD (BASE 65) ]
TOTAL THIS MO. 271 CLEAR (SCALE 0-3) 12
DPTR FM NORMAL 28 PTCLDY (SCALE 4-7) 12
TOTAL FM JUL 1 7637 CLOUDY (SCALE 8-10) 7
DPTR FM NORMAL 16
[CDD (BASE 65) ]
TOTAL THIS MO. 11
DPTR FM NORMAL -18 [PRESSURE DATA]
TOTAL FM JAN 1 11 HIGHEST SLP 30.43 ON 11
DPTR FM NORMAL -22 LOWEST SLP 29.52 ON 24
[REMARKS]
#FINAL-05-20#