000
CXUS54 KLZK 011230
CF6HOT
PRELIMINARY LOCAL CLIMATOLOGICAL DATA (WS FORM: F-6)
STATION: HOT SPRINGS MEMORIAL FIELD
MONTH: JULY
YEAR: 2023
LATITUDE: 34 28 N
LONGITUDE: 93 6 W
TEMPERATURE IN F: :PCPN: SNOW: WIND :SUNSHINE: SKY :PK WND
================================================================================
1 2 3 4 5 6A 6B 7 8 9 10 11 12 13 14 15 16 17 18
12Z AVG MX 2MIN
DY MAX MIN AVG DEP HDD CDD WTR SNW DPTH SPD SPD DIR MIN PSBL S-S WX SPD DR
================================================================================
1 95 78 87 5 0 22 0.00 M M 6.8 18 250 M M 0 24 230
2 97 74 86 4 0 21 0.00 M M 6.2 21 240 M M 0 30 240
3 94 72 83 1 0 18 0.53 M M 4.8 31 30 M M 2 123 42 30
4 90 72 81 -1 0 16 T M M 3.7 14 150 M M 1 3 16 140
5 91 73 82 0 0 17 0.38 M M 2.5 15 260 M M 2 13 23 260
6 91 73 82 0 0 17 T M M 3.3 18 220 M M 4 13 25 220
7 89 71 80 -2 0 15 T M M 3.0 13 330 M M 6 13 18 340
8 87 73 80 -2 0 15 0.13 M M 3.9 14 240 M M 2 13 17 230
9 82 71 77 -5 0 12 0.40 M M 3.0 12 90 M M 7 13 15 120
10 87 66 77 -5 0 12 0.00 M M 4.1 10 230 M M 1 1 13 80
11 87 70 79 -4 0 14 0.30 M M 4.3 14 80 M M 5 123 22 310
12 86 75 81 -2 0 16 0.00 M M 5.3 12 200 M M 8 1 15 140
13 92 74 83 0 0 18 0.30 M M 4.7 22 60 M M 5 13 29 50
14 87 70 79 -4 0 14 0.91 M M 5.5 23 350 M M 3 13 33 360
15 92 71 82 -1 0 17 0.01 M M 1.5 9 340 M M 2 13 14 300
16 90 72 81 -2 0 16 0.00 M M 1.8 8 240 M M 0 1 10 240
17 94 71 83 0 0 18 T M M 2.8 12 240 M M 1 3 14 240
18 96 76 86 3 0 21 0.00 M M 5.3 15 230 M M 0 20 250
19 96 80 88 5 0 23 0.00 M M 7.6 16 240 M M 0 25 230
20 95 78 87 4 0 22 0.00 M M 4.8 14 230 M M 0 18 240
21 87 75 81 -2 0 16 0.00 M M 3.0 13 50 M M 3 138 17 50
22 87 69 78 -5 0 13 0.00 M M 3.3 12 40 M M 3 15 40
23 93 66 80 -3 0 15 0.00 M M 2.3 9 150 M M 0 14 130
24 94 70 82 -1 0 17 0.00 M M 4.4 13 260 M M 0 1 17 200
25 97 70 84 1 0 19 0.00 M M 3.8 14 240 M M 0 17 250
26 96 76 86 3 0 21 0.00 M M 5.4 17 230 M M 0 23 240
27 98 75 87 4 0 22 0.00 M M 4.1 16 240 M M 0 1 22 200
28 99 73 86 3 0 21 0.00 M M 2.9 13 180 M M 0 1 17 230
29 102 73 88 5 0 23 0.00 M M 2.3 14 250 M M 0 18 17 240
30 103 77 90 7 0 25 0.00 M M 3.3 14 190 M M 1 138 22 190
31 96 71 84 1 0 19 0.15 M M 4.6 24 20 M M 2 13 38 30
================================================================================
SM 2870 2255 0 555 3.11 M 124.3 M 58
================================================================================
AV 92.6 72.7 4.0 FASTST M M 2 MAX(MPH)
MISC ----> 31 30 42 30
================================================================================
NOTES:
# LAST OF SEVERAL OCCURRENCES
COLUMN 17 PEAK WIND IN M.P.H.
PRELIMINARY LOCAL CLIMATOLOGICAL DATA (WS FORM: F-6) , PAGE 2
STATION: HOT SPRINGS MEMORIAL FIELD
MONTH: JULY
YEAR: 2023
LATITUDE: 34 28 N
LONGITUDE: 93 6 W
[TEMPERATURE DATA] [PRECIPITATION DATA] SYMBOLS USED IN COLUMN 16
AVERAGE MONTHLY: 82.7 TOTAL FOR MONTH: 3.11 1 = FOG OR MIST
DPTR FM NORMAL: -0.1 DPTR FM NORMAL: -0.88 2 = FOG REDUCING VISIBILITY
HIGHEST: 103 ON 30 GRTST 24HR 0.92 ON 14-15 TO 1/4 MILE OR LESS
LOWEST: 66 ON 23,10 3 = THUNDER
SNOW, ICE PELLETS, HAIL 4 = ICE PELLETS
TOTAL MONTH: M 5 = HAIL
GRTST 24HR M ON M 6 = FREEZING RAIN OR DRIZZLE
GRTST DEPTH: M ON M 7 = DUSTSTORM OR SANDSTORM:
VSBY 1/2 MILE OR LESS
8 = SMOKE OR HAZE
[NO. OF DAYS WITH] [WEATHER - DAYS WITH] 9 = BLOWING SNOW
X = TORNADO
MAX 32 OR BELOW: 0 0.01 INCH OR MORE: 9
MAX 90 OR ABOVE: 22 0.10 INCH OR MORE: 8
MIN 32 OR BELOW: 0 0.50 INCH OR MORE: 2
MIN 0 OR BELOW: 0 1.00 INCH OR MORE: 0
[HDD (BASE 65) ]
TOTAL THIS MO. 0 CLEAR (SCALE 0-3) 25
DPTR FM NORMAL 0 PTCLDY (SCALE 4-7) 6
TOTAL FM JUL 1 0 CLOUDY (SCALE 8-10) 0
DPTR FM NORMAL 0
[CDD (BASE 65) ]
TOTAL THIS MO. 555
DPTR FM NORMAL 5 [PRESSURE DATA]
TOTAL FM JAN 1 1278 HIGHEST SLP 30.13 ON 25
DPTR FM NORMAL 13 LOWEST SLP 29.80 ON 14
[REMARKS]
#FINAL-07-23#