000
CXUS54 KHGX 011647
CLMHOU
CLIMATE REPORT
NATIONAL WEATHER SERVICE HOUSTON/GALVESTON TX
1147 AM CDT MON APR 01 2024
...................................
...THE HOUSTON/HOBBY AIRPORT CLIMATE SUMMARY FOR THE MONTH OF MARCH 2024...
CLIMATE NORMAL PERIOD: 1991 TO 2020
CLIMATE RECORD PERIOD: 1930 TO 2024
WEATHER OBSERVED NORMAL DEPART LAST YEAR`S
VALUE DATE(S) VALUE FROM VALUE DATE(S)
NORMAL
................................................................
TEMPERATURE (F)
RECORD
HIGH 96 03/30/1946
LOW 22 03/03/1943
HIGHEST 89 03/05 MM MM 87 03/11
03/25
LOWEST 48 03/10 MM MM 44 03/20
03/19
AVG. MAXIMUM 76.5 73.4 3.1 77.6
AVG. MINIMUM 59.2 55.9 3.3 61.2
MEAN 67.9 64.7 3.2 69.4
DAYS MAX >= 90 0 0.0 0.0 0
DAYS MAX <= 32 0 0.0 0.0 0
DAYS MIN <= 32 0 0.4 -0.4 0
DAYS MIN <= 0 0 0.0 0.0 0
PRECIPITATION (INCHES)
RECORD
MAXIMUM 8.77 2007
TOTALS 2.63 3.28 -0.65
DAILY AVG. 0.08 0.11 -0.03 0.06
DAYS >= .01 10 8.3 1.7 7
DAYS >= .10 2 4.4 -2.4 2
DAYS >= .50 1 2.0 -1.0 1
DAYS >= 1.00 1 1.1 -0.1 1
GREATEST
24 HR. TOTAL 1.97 03/21 TO 03/21 1.55 03/17 TO 03/17
SNOWFALL (INCHES)
RECORDS
TOTAL MM MM
TOTALS 0.0
SINCE 7/1 T
LIQUID 7/1 -0.10
DAYS >= TRACE 0
GREATEST
24 HR TOTAL MM
DEGREE DAYS
HEATING TOTAL 32 101 -69 52
SINCE 7/1 874 1076 -202 MM
COOLING TOTAL 128 90 38 197
SINCE 1/1 186 142 44 MM
................................................................
WIND (MPH)
AVERAGE WIND SPEED 9.1
HIGHEST WIND SPEED/DIRECTION 31/280 DATE 03/21
HIGHEST GUST SPEED/DIRECTION 48/270 DATE 03/21
SKY COVER
AVERAGE SKY COVER 0.73
AVERAGE RH (PERCENT) 70
WEATHER CONDITIONS. NUMBER OF DAYS WITH
THUNDERSTORM 5 MIXED PRECIP 0
HEAVY RAIN 3 RAIN 2
LIGHT RAIN 15 FREEZING RAIN 0
LT FREEZING RAIN 0 HAIL 0
HEAVY SNOW 0 SNOW 0
LIGHT SNOW 0 SLEET 0
FOG 15 FOG W/VIS <= 1/4 MILE 1
HAZE 2
- INDICATES NEGATIVE NUMBERS.
R INDICATES RECORD WAS SET OR TIED.
MM INDICATES DATA IS MISSING.
T INDICATES TRACE AMOUNT.
$$