000
CXUS55 KSEW 011030
CF6HQM
PRELIMINARY LOCAL CLIMATOLOGICAL DATA (WS FORM: F-6)
STATION: HOQUIAM WA AIRPORT
MONTH: NOVEMBER
YEAR: 2022
LATITUDE: 46 58 N
LONGITUDE: 123 56 W
TEMPERATURE IN F: :PCPN: SNOW: WIND :SUNSHINE: SKY :PK WND
================================================================================
1 2 3 4 5 6A 6B 7 8 9 10 11 12 13 14 15 16 17 18
12Z AVG MX 2MIN
DY MAX MIN AVG DEP HDD CDD WTR SNW DPTH SPD SPD DIR MIN PSBL S-S WX SPD DR
================================================================================
1 52 41 47 -2 18 0 0.22 M M 6.6 28 230 M M 7 12 34 220
2 51 36 44 -5 21 0 0.01 M M 4.9 13 130 M M 6 12 15 140
3 55 37 46 -2 19 0 1.79 M M 12.2 32 190 M M 9 12 46 180
4 58 50 54 6 11 0 2.99 M M 23.9 35 300 M M 10 1 52 300
5 51 43 47 -1 18 0 0.21 M M 10.1 28 300 M M 6 1 40 290
6 48 39 44 -4 21 0 0.94 M M 8.9 22 210 M M 8 1 28 250
7 44 38 41 -7 24 0 0.20 M M 9.4 16 130 M M 8 1 20 130
8 51 37 44 -3 21 0 T M M 12.0 24 80 M M 4 32 80
9 49 30 40 -7 25 0 0.00 M M 3.8 10 110 M M 2 1 12 250
10 50 36 43 -4 22 0 0.02 M M 7.8 13 110 M M 10 1 16 90
11 50 42 46 -1 19 0 0.00 M M 11.8 20 80 M M 8 28 80
12 53 35 44 -3 21 0 0.00 M M 5.8 13 80 M M 2 18 80
13 51 32 42 -4 23 0 0.00 M M 7.5 16 100 M M 2 22 110
14 56 38 47 1 18 0 0.00 M M 10.8 20 70 M M 1 26 60
15 58 37 48 2 17 0 0.00 M M 13.1 22 80 M M 0 30 80
16 57 36 47 1 18 0 0.00 M M 11.6 18 100 M M 0 1 22 130
17 54 36 45 -1 20 0 0.00 M M 13.5 25 100 M M 0 36 120
18 53 33 43 -2 22 0 0.13 M M 9.8 21 100 M M 0 8 27 100
19 53 32 43 -2 22 0 0.00 M M 9.6 17 100 M M 0 21 100
20 53 33 43 -2 22 0 0.00 M M 7.5 12 100 M M 2 15 90
21 52 39 46 1 19 0 T M M 8.3 14 100 M M 8 17 100
22 54 46 50 5 15 0 0.92 M M 12.6 31 200 M M 9 44 200
23 54 43 49 5 16 0 0.06 M M 6.5 15 90 M M 4 19 90
24 54 37 46 2 19 0 0.00 M M 6.7 14 100 M M 3 17 90
25 51 35 43 -1 22 0 0.12 M M 4.6 18 330 M M 7 27 310
26 51 35 43 -1 22 0 0.15 M M 9.8 31 250 M M 9 40 240
27 51 38 45 1 20 0 0.33 M M 9.8 33 250 M M 8 43 250
28 45 33 39 -5 26 0 0.04 M M 4.2 13 300 M M 4 17 290
29 51 34 43 0 22 0 2.08 M M 13.3 35 200 M M 9 1 45 210
30 47 36 42 -1 23 0 0.06 M M 5.2 21 290 M M 9 1 29 260
================================================================================
SM 1557 1117 606 0 10.27 M 281.6 M 155
================================================================================
AV 51.9 37.2 9.4 FASTST M M 5 MAX(MPH)
MISC ----> # 35 300 52 300
================================================================================
NOTES:
# LAST OF SEVERAL OCCURRENCES
COLUMN 17 PEAK WIND IN M.P.H.
PRELIMINARY LOCAL CLIMATOLOGICAL DATA (WS FORM: F-6) , PAGE 2
STATION: HOQUIAM WA AIRPORT
MONTH: NOVEMBER
YEAR: 2022
LATITUDE: 46 58 N
LONGITUDE: 123 56 W
[TEMPERATURE DATA] [PRECIPITATION DATA] SYMBOLS USED IN COLUMN 16
AVERAGE MONTHLY: 44.6 TOTAL FOR MONTH: 10.27 1 = FOG OR MIST
DPTR FM NORMAL: -1.3 DPTR FM NORMAL: -0.68 2 = FOG REDUCING VISIBILITY
HIGHEST: 58 ON 15, 4 GRTST 24HR 4.36 ON 3- 4 TO 1/4 MILE OR LESS
LOWEST: 30 ON 9 3 = THUNDER
SNOW, ICE PELLETS, HAIL 4 = ICE PELLETS
TOTAL MONTH: M 5 = HAIL
GRTST 24HR M ON M 6 = FREEZING RAIN OR DRIZZLE
GRTST DEPTH: M ON M 7 = DUSTSTORM OR SANDSTORM:
VSBY 1/2 MILE OR LESS
8 = SMOKE OR HAZE
[NO. OF DAYS WITH] [WEATHER - DAYS WITH] 9 = BLOWING SNOW
X = TORNADO
MAX 32 OR BELOW: 0 0.01 INCH OR MORE: 17
MAX 90 OR ABOVE: 0 0.10 INCH OR MORE: 12
MIN 32 OR BELOW: 3 0.50 INCH OR MORE: 5
MIN 0 OR BELOW: 0 1.00 INCH OR MORE: 3
[HDD (BASE 65) ]
TOTAL THIS MO. 606 CLEAR (SCALE 0-3) 10
DPTR FM NORMAL 34 PTCLDY (SCALE 4-7) 11
TOTAL FM JUL 1 990 CLOUDY (SCALE 8-10) 9
DPTR FM NORMAL -435
[CDD (BASE 65) ]
TOTAL THIS MO. 0
DPTR FM NORMAL 0 [PRESSURE DATA]
TOTAL FM JAN 1 105 HIGHEST SLP 30.53 ON 16
DPTR FM NORMAL 80 LOWEST SLP 29.42 ON 29
[REMARKS]
#FINAL-11-22#