000
CXUS55 KSEW 050126
CF6HQM
PRELIMINARY LOCAL CLIMATOLOGICAL DATA (WS FORM: F-6)
STATION: HOQUIAM WA AIRPORT
MONTH: APRIL
YEAR: 2020
LATITUDE: 46 58 N
LONGITUDE: 123 56 W
TEMPERATURE IN F: :PCPN: SNOW: WIND :SUNSHINE: SKY :PK WND
================================================================================
1 2 3 4 5 6A 6B 7 8 9 10 11 12 13 14 15 16 17 18
12Z AVG MX 2MIN
DY MAX MIN AVG DEP HDD CDD WTR SNW DPTH SPD SPD DIR MIN PSBL S-S WX SPD DR
================================================================================
1 50 37 44 -3 21 0 0.18 0.0 0 6.3 14 360 M M 7 1 19 310
2 48 39 44 -3 21 0 0.11 0.0 0 6.5 17 260 M M 8 1 21 260
3 48 38 43 -4 22 0 T 0.0 0 7.5 21 290 M M 10 24 270
4 52 35 44 -4 21 0 0.00 0.0 0 6.8 12 120 M M 9 16 120
5 56 44 50 2 15 0 T 0.0 0 8.5 16 320 M M 10 20 320
6 55 36 46 -2 19 0 0.00 0.0 0 7.5 18 290 M M 1 18 23 290
7 53 39 46 -2 19 0 0.00 0.0 0 7.3 18 260 M M 4 23 250
8 61 34 48 0 17 0 0.00 0.0 0 5.9 15 260 M M 0 12 18 80
9 58 38 48 0 17 0 0.00 0.0 0 5.9 17 290 M M 0 21 290
10 52 44 48 0 17 0 0.00 0.0 0 9.4 18 280 M M 9 1 23 280
11 54 41 48 0 17 0 0.00 0.0 0 8.1 17 260 M M 6 20 260
12 60 35 48 0 17 0 0.00 0.0 0 6.7 16 290 M M 0 1 20 280
13 62 32 47 -1 18 0 0.00 0.0 0 8.2 18 250 M M 0 21 260
14 55 45 50 2 15 0 0.01 0.0 0 9.5 18 260 M M 9 1 22 260
15 61 47 54 5 11 0 0.02 0.0 0 7.0 15 330 M M 5 12 19 320
16 68 40 54 5 11 0 0.00 0.0 0 6.9 17 290 M M 3 12 22 300
17 59 37 48 -1 17 0 0.00 0.0 0 7.6 22 260 M M 2 24 260
18 55 46 51 2 14 0 0.01 0.0 0 7.0 14 260 M M 8 1 17 260
19 56 47 52 3 13 0 T 0.0 0 5.8 14 260 M M 7 1 17 250
20 56 41 49 0 16 0 0.00 0.0 0 6.9 16 270 M M 5 12 20 270
21 56 48 52 3 13 0 0.00 0.0 0 8.1 17 260 M M 10 21 260
22 53 48 51 2 14 0 0.45 0.0 0 12.1 21 240 M M 10 1 24 240
23 54 47 51 1 14 0 0.01 0.0 0 9.2 16 250 M M 9 1 19 240
24 56 47 52 2 13 0 0.18 0.0 0 6.6 13 210 M M 9 1 15 210
25 57 50 54 4 11 0 0.53 0.0 0 12.9 26 220 M M 8 1 33 220
26 59 44 52 2 13 0 0.30 0.0 0 9.6 28 190 M M 5 1 36 190
27 57 49 53 3 12 0 0.13 0.0 0 13.3 28 200 M M 8 1 35 210
28 58 46 52 2 13 0 T 0.0 0 6.1 12 280 M M 6 1 14 270
29 62 51 57 7 8 0 0.09 0.0 0 13.1 24 230 M M 9 1 29 190
30 56 45 51 0 14 0 0.10 0.0 0 12.8 24 240 M M 8 1 29 230
================================================================================
SM 1687 1270 463 0 2.12 0.0 249.1 M 185
================================================================================
AV 56.2 42.3 8.3 FASTST M M 6 MAX(MPH)
MISC ----> # 28 190 # 36 190
================================================================================
NOTES:
# LAST OF SEVERAL OCCURRENCES
COLUMN 17 PEAK WIND IN M.P.H.
PRELIMINARY LOCAL CLIMATOLOGICAL DATA (WS FORM: F-6) , PAGE 2
STATION: HOQUIAM WA AIRPORT
MONTH: APRIL
YEAR: 2020
LATITUDE: 46 58 N
LONGITUDE: 123 56 W
[TEMPERATURE DATA] [PRECIPITATION DATA] SYMBOLS USED IN COLUMN 16
AVERAGE MONTHLY: 49.3 TOTAL FOR MONTH: 2.12 1 = FOG OR MIST
DPTR FM NORMAL: 0.6 DPTR FM NORMAL: -2.98 2 = FOG REDUCING VISIBILITY
HIGHEST: 68 ON 16 GRTST 24HR 0.53 ON 25-25 TO 1/4 MILE OR LESS
LOWEST: 32 ON 13 3 = THUNDER
SNOW, ICE PELLETS, HAIL 4 = ICE PELLETS
TOTAL MONTH: 0.0 INCH 5 = HAIL
GRTST 24HR 0.0 6 = FREEZING RAIN OR DRIZZLE
GRTST DEPTH: 0 7 = DUSTSTORM OR SANDSTORM:
VSBY 1/2 MILE OR LESS
8 = SMOKE OR HAZE
[NO. OF DAYS WITH] [WEATHER - DAYS WITH] 9 = BLOWING SNOW
X = TORNADO
MAX 32 OR BELOW: 0 0.01 INCH OR MORE: 13
MAX 90 OR ABOVE: 0 0.10 INCH OR MORE: 8
MIN 32 OR BELOW: 1 0.50 INCH OR MORE: 1
MIN 0 OR BELOW: 0 1.00 INCH OR MORE: 0
[HDD (BASE 65) ]
TOTAL THIS MO. 463 CLEAR (SCALE 0-3) 7
DPTR FM NORMAL -26 PTCLDY (SCALE 4-7) 13
TOTAL FM JUL 1 4345 CLOUDY (SCALE 8-10) 10
DPTR FM NORMAL -226
[CDD (BASE 65) ]
TOTAL THIS MO. 0
DPTR FM NORMAL 0 [PRESSURE DATA]
TOTAL FM JAN 1 0 HIGHEST SLP 30.45 ON 13
DPTR FM NORMAL 0 LOWEST SLP 29.60 ON 5
[REMARKS]
CORRECTED@ @
#FINAL-04-20#