414
CXUS55 KSEW 020028
CF6HQM
PRELIMINARY LOCAL CLIMATOLOGICAL DATA (WS FORM: F-6)
STATION: HOQUIAM WA AIRPORT
MONTH: MARCH
YEAR: 2020
LATITUDE: 46 58 N
LONGITUDE: 123 56 W
TEMPERATURE IN F: :PCPN: SNOW: WIND :SUNSHINE: SKY :PK WND
================================================================================
1 2 3 4 5 6A 6B 7 8 9 10 11 12 13 14 15 16 17 18
12Z AVG MX 2MIN
DY MAX MIN AVG DEP HDD CDD WTR SNW DPTH SPD SPD DIR MIN PSBL S-S WX SPD DR
================================================================================
1 46 29 38 -7 27 0 0.00 0.0 0 5.8 15 300 M M 4 1 18 310
2 48 40 44 -1 21 0 0.48 0.0 0 12.8 20 250 M M 10 1 24 260
3 48 45 47 2 18 0 0.29 0.0 0 11.5 24 250 M M 9 1 31 250
4 50 40 45 0 20 0 0.01 0.0 0 6.0 18 290 M M 2 22 290
5 48 38 43 -2 22 0 0.56 0.0 0 9.7 21 230 M M 9 1 25 180
6 45 36 41 -4 24 0 0.01 0.0 0 3.8 9 260 M M 7 11 260
7 44 35 40 -5 25 0 0.14 0.0 0 6.1 16 210 M M 6 1 19 220
8 49 30 40 -5 25 0 0.00 0.0 0 5.8 13 140 M M 3 1 14 130
9 53 32 43 -2 22 0 0.00 0.0 0 6.4 15 110 M M 0 19 110
10 48 33 41 -5 24 0 0.12 0.0 0 8.6 17 250 M M 7 1 22 230
11 49 40 45 -1 20 0 0.04 0.0 0 10.8 23 290 M M 4 18 29 290
12 48 33 41 -5 24 0 0.00 0.0 0 7.2 20 290 M M 2 25 290
13 43 35 39 -7 26 0 0.07 0.0 0 5.6 13 70 M M 10 1 17 80
14 45 36 41 -5 24 0 T M 0 14.1 29 80 M M 7 35 80
15 51 32 42 -4 23 0 0.00 0.0 0 11.6 24 70 M M 0 31 80
16 59 30 45 -1 20 0 0.00 0.0 0 5.1 15 270 M M 0 18 270
17 51 30 41 -5 24 0 0.00 0.0 0 6.0 14 260 M M 1 16 260
18 51 35 43 -3 22 0 0.00 0.0 0 6.2 14 260 M M 3 1 17 260
19 53 31 42 -4 23 0 0.00 0.0 0 4.9 13 260 M M 0 1 14 260
20 56 33 45 -1 20 0 0.00 0.0 0 6.9 17 330 M M 0 1 21 330
21 51 38 45 -2 20 0 0.00 0.0 0 5.4 16 260 M M 4 18 250
22 46 37 42 -5 23 0 T 0.0 0 6.9 16 240 M M 10 1 22 240
23 49 40 45 -2 20 0 0.33 0.0 0 12.0 26 240 M M 6 18 31 240
24 47 39 43 -4 22 0 0.39 0.0 0 7.6 15 310 M M 9 1 18 320
25 50 34 42 -5 23 0 0.00 0.0 0 5.3 17 250 M M 5 1 20 260
26 48 35 42 -5 23 0 0.01 0.0 0 8.6 20 220 M M 9 1 23 220
27 49 43 46 -1 19 0 0.39 0.0 0 8.5 17 180 M M 10 1 22 190
28 50 46 48 1 17 0 0.59 0.0 0 14.5 24 210 M M 10 1 30 200
29 51 46 49 2 16 0 0.34 0.0 0 14.2 28 180 M M 10 1 38 200
30 49 41 45 -2 20 0 0.36 0.0 0 17.3 33 240 M M 8 1 45 250
31 49 37 43 -4 22 0 0.35 0.0 0 8.7 25 290 M M 7 1 30 290
================================================================================
SM 1524 1129 679 0 4.48 0.0 263.9 M 172
================================================================================
AV 49.2 36.4 8.5 FASTST M M 6 MAX(MPH)
MISC ----> # 33 240 # 45 250
================================================================================
NOTES:
# LAST OF SEVERAL OCCURRENCES
COLUMN 17 PEAK WIND IN M.P.H.
PRELIMINARY LOCAL CLIMATOLOGICAL DATA (WS FORM: F-6) , PAGE 2
STATION: HOQUIAM WA AIRPORT
MONTH: MARCH
YEAR: 2020
LATITUDE: 46 58 N
LONGITUDE: 123 56 W
[TEMPERATURE DATA] [PRECIPITATION DATA] SYMBOLS USED IN COLUMN 16
AVERAGE MONTHLY: 42.8 TOTAL FOR MONTH: 4.48 1 = FOG OR MIST
DPTR FM NORMAL: -3.2 DPTR FM NORMAL: -2.51 2 = FOG REDUCING VISIBILITY
HIGHEST: 59 ON 16 GRTST 24HR 0.59 ON 28-28 TO 1/4 MILE OR LESS
LOWEST: 29 ON 1 3 = THUNDER
SNOW, ICE PELLETS, HAIL 4 = ICE PELLETS
TOTAL MONTH: 0.0 INCH 5 = HAIL
GRTST 24HR 0.0 6 = FREEZING RAIN OR DRIZZLE
GRTST DEPTH: 0 7 = DUSTSTORM OR SANDSTORM:
VSBY 1/2 MILE OR LESS
8 = SMOKE OR HAZE
[NO. OF DAYS WITH] [WEATHER - DAYS WITH] 9 = BLOWING SNOW
X = TORNADO
MAX 32 OR BELOW: 0 0.01 INCH OR MORE: 17
MAX 90 OR ABOVE: 0 0.10 INCH OR MORE: 12
MIN 32 OR BELOW: 7 0.50 INCH OR MORE: 2
MIN 0 OR BELOW: 0 1.00 INCH OR MORE: 0
[HDD (BASE 65) ]
TOTAL THIS MO. 679 CLEAR (SCALE 0-3) 9
DPTR FM NORMAL 90 PTCLDY (SCALE 4-7) 12
TOTAL FM JUL 1 3882 CLOUDY (SCALE 8-10) 10
DPTR FM NORMAL -200
[CDD (BASE 65) ]
TOTAL THIS MO. 0
DPTR FM NORMAL 0 [PRESSURE DATA]
TOTAL FM JAN 1 0 HIGHEST SLP 30.44 ON 1
DPTR FM NORMAL 0 LOWEST SLP 29.59 ON 30
[REMARKS]
CORRECTED404
#FINAL-03-20#