000
CXUS54 KHUN 021357
CF6HSV
PRELIMINARY LOCAL CLIMATOLOGICAL DATA (WS FORM: F-6)
STATION: HUNTSVILLE
MONTH: SEPTEMBER
YEAR: 2022
LATITUDE: 34 39 N
LONGITUDE: 86 46 W
TEMPERATURE IN F: :PCPN: SNOW: WIND :SUNSHINE: SKY :PK WND
================================================================================
1 2 3 4 5 6A 6B 7 8 9 10 11 12 13 14 15 16 17 18
12Z AVG MX 2MIN
DY MAX MIN AVG DEP HDD CDD WTR SNW DPTH SPD SPD DIR MIN PSBL S-S WX SPD DR
================================================================================
1 92 58 75 -4 0 10 0.00 0.0 0 2.1 7 160 M M 1 12 20
2 92 65 79 1 0 14 0.10 0.0 0 6.5 15 220 M M 6 1 20 220
3 88 72 80 2 0 15 0.18 0.0 0 6.2 20 140 M M 6 13 26 140
4 82 71 77 -1 0 12 0.23 0.0 0 6.9 14 150 M M 9 13 19 120
5 83 70 77 -1 0 12 0.03 0.0 0 2.3 9 180 M M 8 1 12 170
6 88 69 79 1 0 14 0.76 0.0 0 2.3 24 300 M M 9 123 38 290
7 86 67 77 -1 0 12 0.00 0.0 0 5.8 15 10 M M 4 1 22 50
8 86 63 75 -2 0 10 0.00 0.0 0 6.6 13 20 M M 2 19 40
9 84 67 76 -1 0 11 0.09 0.0 0 8.7 20 140 M M 7 1 26 130
10 77 68 73 -4 0 8 0.10 0.0 0 7.6 16 100 M M 9 1 21 100
11 83 70 77 1 0 12 1.62 0.0 0 5.5 21 300 M M 7 13 36 300
12 78 56 67 -9 0 2 0.00 0.0 0 5.4 16 20 M M 4 22 30
13 83 54 69 -7 0 4 0.00 0.0 0 2.7 9 260 M M 1 15 310
14 84 57 71 -5 0 6 0.00 0.0 0 4.7 15 30 M M 1 19 30
15 86 58 72 -3 0 7 0.00 0.0 0 2.8 10 90 M M 1 14 110
16 84 63 74 -1 0 9 0.00 0.0 0 5.5 13 140 M M 3 19 100
17 85 63 74 -1 0 9 0.00 0.0 0 5.6 12 130 M M 4 15 140
18 87 65 76 2 0 11 0.00 0.0 0 2.7 8 230 M M 2 12 260
19 91 63 77 3 0 12 0.00 0.0 0 2.7 9 200 M M 1 13 200
20 97 67 82 8 0 17 0.00 0.0 0 3.3 14 20 M M 1 20 360
21 97 68 83 9 0 18 0.00 0.0 0 2.6 10 180 M M 1 1 16 320
22 90 61 76 3 0 11 0.00 0.0 0 7.2 17 20 M M 2 1 25 330
23 80 56 68 -5 0 3 0.00 0.0 0 5.1 13 110 M M 0 18 30
24 87 57 72 0 0 7 0.00 0.0 0 4.8 10 220 M M 3 15 240
25 81 63 72 0 0 7 0.43 0.0 0 4.9 15 170 M M 6 13 23 270
26 81 53 67 -5 0 2 0.00 0.0 0 5.5 15 320 M M 0 1 26 260
27 77 46 62 -9 3 0 0.00 0.0 0 6.2 20 350 M M 0 30 310
28 73 46 60 -11 5 0 0.00 0.0 0 9.3 20 360 M M 0 33 360
29 76 49 63 -8 2 0 0.00 0.0 0 12.4 20 40 M M 0 28 30
30 79 49 64 -6 1 0 0.00 0.0 0 7.6 18 360 M M 0 24 10
================================================================================
SM 2537 1834 11 255 3.54 0.0 161.5 M 98
================================================================================
AV 84.6 61.1 5.4 FASTST M M 3 MAX(MPH)
MISC ----> 24 300 38 290
================================================================================
NOTES:
# LAST OF SEVERAL OCCURRENCES
COLUMN 17 PEAK WIND IN M.P.H.
PRELIMINARY LOCAL CLIMATOLOGICAL DATA (WS FORM: F-6) , PAGE 2
STATION: HUNTSVILLE
MONTH: SEPTEMBER
YEAR: 2022
LATITUDE: 34 39 N
LONGITUDE: 86 46 W
[TEMPERATURE DATA] [PRECIPITATION DATA] SYMBOLS USED IN COLUMN 16
AVERAGE MONTHLY: 72.9 TOTAL FOR MONTH: 3.54 1 = FOG OR MIST
DPTR FM NORMAL: -2.1 DPTR FM NORMAL: 0.05 2 = FOG REDUCING VISIBILITY
HIGHEST: 97 ON 21,20 GRTST 24HR 1.62 ON 11-11 TO 1/4 MILE OR LESS
LOWEST: 46 ON 28,27 3 = THUNDER
SNOW, ICE PELLETS, HAIL 4 = ICE PELLETS
TOTAL MONTH: 0.0 INCH 5 = HAIL
GRTST 24HR 0.0 6 = FREEZING RAIN OR DRIZZLE
GRTST DEPTH: 0 7 = DUSTSTORM OR SANDSTORM:
VSBY 1/2 MILE OR LESS
8 = SMOKE OR HAZE
[NO. OF DAYS WITH] [WEATHER - DAYS WITH] 9 = BLOWING SNOW
X = TORNADO
MAX 32 OR BELOW: 0 0.01 INCH OR MORE: 9
MAX 90 OR ABOVE: 6 0.10 INCH OR MORE: 7
MIN 32 OR BELOW: 0 0.50 INCH OR MORE: 2
MIN 0 OR BELOW: 0 1.00 INCH OR MORE: 1
[HDD (BASE 65) ]
TOTAL THIS MO. 11 CLEAR (SCALE 0-3) 18
DPTR FM NORMAL 3 PTCLDY (SCALE 4-7) 9
TOTAL FM JUL 1 11 CLOUDY (SCALE 8-10) 3
DPTR FM NORMAL 6
[CDD (BASE 65) ]
TOTAL THIS MO. 255
DPTR FM NORMAL -51 [PRESSURE DATA]
TOTAL FM JAN 1 2116 HIGHEST SLP 30.29 ON 28
DPTR FM NORMAL 110 LOWEST SLP 29.76 ON 8
[REMARKS]
#FINAL-09-22#