000
CXUS53 KAPX 010607
CLMHTL
CLIMATE REPORT
NATIONAL WEATHER SERVICE
207 AM EDT TUE AUG 01 2023
...................................
...THE HOUGHTON LAKE MI CLIMATE SUMMARY FOR THE MONTH OF JULY 2023...
CLIMATE NORMAL PERIOD: 1991 TO 2020
CLIMATE RECORD PERIOD: 1913 TO 2023
WEATHER OBSERVED NORMAL DEPART LAST YEAR`S
VALUE DATE(S) VALUE FROM VALUE
NORMAL
..............................................................
TEMPERATURE (F)
HIGHEST 90 07/04 MM MM
07/05
LOWEST 45 07/07 MM MM
AVG. MAXIMUM 80.0 80.5 -0.5
AVG. MINIMUM 54.3 55.0 -0.7
MEAN 67.1 67.8 -0.7
DAYS MAX >= 90 2 2.0 0.0
DAYS MAX <= 32 0 0.0 0.0
DAYS MIN <= 32 0 0.0 0.0
DAYS MIN <= 0 0 0.0 0.0
PRECIPITATION (INCHES)
TOTALS 2.86 2.74 0.12
DAYS >= .01 15 10.0 5.0
DAYS >= .10 7 5.7 1.3
DAYS >= .50 2 1.9 0.1
DAYS >= 1.00 0 0.5 -0.5
GREATEST
24 HR. TOTAL 0.87 07/05 TO 07/06
SNOWFALL (INCHES)
RECORDS
24 HR TOTAL MM
TOTALS 0.0 0.0 0.0
DAYS >= TRACE 0 0.0 0.0
DAYS >= 1.0 0 0.0 0.0
GREATEST
SNOW DEPTH 0
24 HR TOTAL MM
DEGREE DAYS
HEATING TOTAL 30 41 -11
SINCE 7/1 30 37 -7
COOLING TOTAL 104 126 -22
SINCE 1/1 177 216 -39
..............................................................
WIND (MPH)
AVERAGE WIND SPEED 5.2
HIGHEST WIND SPEED/DIRECTION 24/340 DATE 07/16
HIGHEST GUST SPEED/DIRECTION 32/330 DATE 07/16
SKY COVER
AVERAGE SKY COVER 0.35
AVERAGE RH (PERCENT) 72
- INDICATES NEGATIVE NUMBERS.
R INDICATES RECORD WAS SET OR TIED.
MM INDICATES DATA IS MISSING.
T INDICATES TRACE AMOUNT.
$$