000
CXUS51 KCAR 010700
CF6HUL
PRELIMINARY LOCAL CLIMATOLOGICAL DATA (WS FORM: F-6)
STATION: HOULTON ME
MONTH: APRIL
YEAR: 2023
LATITUDE: 46 7 N
LONGITUDE: 67 48 W
TEMPERATURE IN F: :PCPN: SNOW: WIND :SUNSHINE: SKY :PK WND
================================================================================
1 2 3 4 5 6A 6B 7 8 9 10 11 12 13 14 15 16 17 18
12Z AVG MX 2MIN
DY MAX MIN AVG DEP HDD CDD WTR SNW DPTH SPD SPD DIR MIN PSBL S-S WX SPD DR
================================================================================
1 36 31 34 2 31 0 0.25 M M 7.0 15 110 M M 10 1 23 130
2 38 24 31 -1 34 0 T M M 13.3 24 320 M M 2 38 290
3 42 17 30 -3 35 0 T M M 9.2 22 230 M M 3 34 190
4 51 28 40 7 25 0 0.00 M M 9.0 20 360 M M 4 27 360
5 34 23 29 -5 36 0 0.63 M M 6.0 16 20 M M 7 1268 24 330
6 39 30 35 1 30 0 0.02 M M 6.3 13 200 M M 10 16 20 190
7 45 25 35 1 30 0 0.00 M M 8.2 26 290 M M 3 42 270
8 36 20 28 -7 37 0 0.00 M M 8.9 21 280 M M 0 33 350
9 48 19 34 -2 31 0 0.00 M M 6.3 17 270 M M 0 28 300
10 58 26 42 6 23 0 0.00 M M 8.2 18 230 M M 0 26 240
11 61 42 52 16 13 0 T M M 8.9 24 230 M M 4 35 230
12 52 27 40 3 25 0 T M M 9.8 22 300 M M 6 42 310
13 67 24 46 9 19 0 0.00 M M 5.2 18 230 M M 0 24 230
14 58 31 45 7 20 0 0.00 M M 7.8 21 10 M M 1 27 360
15 68 29 49 11 16 0 0.00 M M 4.2 13 160 M M 0 20 210
16 53 40 47 8 18 0 T M M 3.3 10 110 M M 10 1 18 110
17 62 43 53 14 12 0 0.07 M M 6.2 17 100 M M 10 1 27 100
18 55 37 46 6 19 0 0.43 M M 6.6 16 220 M M 9 13 27 120
19 49 31 40 0 25 0 0.02 M M 5.4 16 310 M M 7 23 320
20 44 31 38 -3 27 0 0.00 M M 8.5 16 310 M M 10 24 280
21 57 28 43 2 22 0 0.00 M M 6.4 15 10 M M 2 23 110
22 59 33 46 4 19 0 0.00 M M 6.9 15 120 M M 2 23 130
23 63 36 50 8 15 0 0.00 M M 9.1 17 100 M M 0 26 90
24 48 36 42 -1 23 0 0.00 M M 7.4 15 100 M M 10 1 24 120
25 47 37 42 -1 23 0 0.02 M M 3.7 9 110 M M 10 1 15 90
26 51 30 41 -3 24 0 0.01 M M 1.9 7 210 M M 7 1 11 150
27 61 30 46 2 19 0 0.03 M M 2.5 14 20 M M 6 22 280
28 67 29 48 4 17 0 0.00 M M 4.2 18 10 M M 0 24 350
29 66 33 50 5 15 0 0.00 M M 5.0 15 200 M M 1 23 130
30 56 44 50 5 15 0 T M M 8.6 20 100 M M 9 31 120
================================================================================
SM 1571 914 698 0 1.48 M 204.0 M 143
================================================================================
AV 52.4 30.5 6.8 FASTST M M 5 MAX(MPH)
MISC ----> 26 290 # 42 270
================================================================================
NOTES:
# LAST OF SEVERAL OCCURRENCES
COLUMN 17 PEAK WIND IN M.P.H.
PRELIMINARY LOCAL CLIMATOLOGICAL DATA (WS FORM: F-6) , PAGE 2
STATION: HOULTON ME
MONTH: APRIL
YEAR: 2023
LATITUDE: 46 7 N
LONGITUDE: 67 48 W
[TEMPERATURE DATA] [PRECIPITATION DATA] SYMBOLS USED IN COLUMN 16
AVERAGE MONTHLY: 41.4 TOTAL FOR MONTH: 1.48 1 = FOG OR MIST
DPTR FM NORMAL: 2.8 DPTR FM NORMAL: -1.46 2 = FOG REDUCING VISIBILITY
HIGHEST: 68 ON 15 GRTST 24HR 0.65 ON 5- 6 TO 1/4 MILE OR LESS
LOWEST: 17 ON 3 3 = THUNDER
SNOW, ICE PELLETS, HAIL 4 = ICE PELLETS
TOTAL MONTH: M 5 = HAIL
GRTST 24HR M ON M 6 = FREEZING RAIN OR DRIZZLE
GRTST DEPTH: M ON M 7 = DUSTSTORM OR SANDSTORM:
VSBY 1/2 MILE OR LESS
8 = SMOKE OR HAZE
[NO. OF DAYS WITH] [WEATHER - DAYS WITH] 9 = BLOWING SNOW
X = TORNADO
MAX 32 OR BELOW: 0 0.01 INCH OR MORE: 9
MAX 90 OR ABOVE: 0 0.10 INCH OR MORE: 3
MIN 32 OR BELOW: 20 0.50 INCH OR MORE: 1
MIN 0 OR BELOW: 0 1.00 INCH OR MORE: 0
[HDD (BASE 65) ]
TOTAL THIS MO. 698 CLEAR (SCALE 0-3) 14
DPTR FM NORMAL -94 PTCLDY (SCALE 4-7) 7
TOTAL FM JUL 1 7275 CLOUDY (SCALE 8-10) 9
DPTR FM NORMAL -1151
[CDD (BASE 65) ]
TOTAL THIS MO. 0
DPTR FM NORMAL 0 [PRESSURE DATA]
TOTAL FM JAN 1 0 HIGHEST SLP 30.52 ON 5
DPTR FM NORMAL 0 LOWEST SLP 29.19 ON 1
[REMARKS]
#FINAL-04-23#