000
CXUS56 KMTR 011000
CF6HWD
PRELIMINARY LOCAL CLIMATOLOGICAL DATA (WS FORM: F-6)
STATION: HAYWARD AIRPORT
MONTH: FEBRUARY
YEAR: 2024
LATITUDE: 37 39 N
LONGITUDE: 122 7 W
TEMPERATURE IN F: :PCPN: SNOW: WIND :SUNSHINE: SKY :PK WND
================================================================================
1 2 3 4 5 6A 6B 7 8 9 10 11 12 13 14 15 16 17 18
12Z AVG MX 2MIN
DY MAX MIN AVG DEP HDD CDD WTR SNW DPTH SPD SPD DIR MIN PSBL S-S WX SPD DR
================================================================================
1 61 52 57 5 8 0 0.37 M M 5.4 15 250 M M 7 1 22 240
2 60 48 54 2 11 0 0.46 M M 7.6 17 270 M M 7 1 24 230
3 58 48 53 1 12 0 0.52 M M 5.8 16 70 M M 7 1 23 70
4 64 49 57 5 8 0 0.83 M M 18.0 41 140 M M 9 1 61 120
5 61 52 57 4 8 0 0.12 M M 8.9 18 140 M M 8 8 31 190
6 61 47 54 1 11 0 0.00 M M 5.1 17 280 M M 5 21 290
7 56 42 49 -4 16 0 0.72 M M 9.0 29 290 M M 7 1 43 290
8 58 39 49 -4 16 0 0.00 M M 5.3 9 240 M M 1 13 280
9 58 41 50 -3 15 0 0.00 M M 5.0 13 280 M M 1 16 280
10 64 41 53 0 12 0 0.00 M M 3.6 15 280 M M 0 20 280
11 63 47 55 2 10 0 0.00 M M 4.0 13 280 M M 4 16 280
12 62 43 53 0 12 0 0.00 M M 4.4 12 280 M M 2 18 14 260
13 61 45 53 0 12 0 0.00 M M 3.9 13 290 M M 2 17 290
14 61 49 55 1 10 0 0.17 M M 7.1 20 150 M M 8 18 26 150
15 65 51 58 4 7 0 0.00 M M 6.4 15 290 M M 5 17 300
16 63 50 57 3 8 0 0.00 M M 3.1 8 260 M M 0 13 250
17 61 54 58 4 7 0 0.40 M M 8.6 26 140 M M 8 1 42 120
18 70 48 59 5 6 0 0.55 M M 9.4 25 140 M M 5 1 39 160
19 65 56 61 7 4 0 0.16 M M 12.1 25 190 M M 9 38 38 180
20 62 52 57 3 8 0 0.51 M M 5.6 18 280 M M 7 1 25 290
21 63 46 55 1 10 0 0.00 M M 4.3 10 300 M M 3 12 M M
22 64 47 56 2 9 0 0.00 M M 4.7 10 280 M M 2 15 70
23 70 50 60 6 5 0 0.00 M M 6.2 14 60 M M 0 20 60
24 71 47 59 5 6 0 0.00 M M 4.1 10 280 M M 0 17 270
25 68 48 58 4 7 0 T M M 5.2 21 290 M M 1 25 300
26 64 50 57 2 8 0 T M M 4.8 15 280 M M 5 8 22 290
27 63 44 54 -1 11 0 0.00 M M 5.7 15 280 M M 0 20 280
28 68 44 56 1 9 0 0.00 M M 5.8 17 280 M M 0 22 270
29 62 51 57 2 8 0 0.28 M M 10.9 22 200 M M 9 1 33 200
================================================================================
SM 1827 1381 274 0 5.09 M 190.0 M 122
================================================================================
AV 63.0 47.6 6.6 FASTST M M 4 MAX(MPH)
MISC ----> 41 140 61 120
================================================================================
NOTES:
# LAST OF SEVERAL OCCURRENCES
COLUMN 17 PEAK WIND IN M.P.H.
PRELIMINARY LOCAL CLIMATOLOGICAL DATA (WS FORM: F-6) , PAGE 2
STATION: HAYWARD AIRPORT
MONTH: FEBRUARY
YEAR: 2024
LATITUDE: 37 39 N
LONGITUDE: 122 7 W
[TEMPERATURE DATA] [PRECIPITATION DATA] SYMBOLS USED IN COLUMN 16
AVERAGE MONTHLY: 55.3 TOTAL FOR MONTH: 5.09 1 = FOG OR MIST
DPTR FM NORMAL: 1.8 DPTR FM NORMAL: 1.98 2 = FOG REDUCING VISIBILITY
HIGHEST: 71 ON 24 GRTST 24HR 1.34 ON 3- 4 TO 1/4 MILE OR LESS
LOWEST: 39 ON 8 3 = THUNDER
SNOW, ICE PELLETS, HAIL 4 = ICE PELLETS
TOTAL MONTH: M 5 = HAIL
GRTST 24HR M ON M 6 = FREEZING RAIN OR DRIZZLE
GRTST DEPTH: M ON M 7 = DUSTSTORM OR SANDSTORM:
VSBY 1/2 MILE OR LESS
8 = SMOKE OR HAZE
[NO. OF DAYS WITH] [WEATHER - DAYS WITH] 9 = BLOWING SNOW
X = TORNADO
MAX 32 OR BELOW: 0 0.01 INCH OR MORE: 12
MAX 90 OR ABOVE: 0 0.10 INCH OR MORE: 12
MIN 32 OR BELOW: 0 0.50 INCH OR MORE: 5
MIN 0 OR BELOW: 0 1.00 INCH OR MORE: 0
[HDD (BASE 65) ]
TOTAL THIS MO. 274 CLEAR (SCALE 0-3) 13
DPTR FM NORMAL -48 PTCLDY (SCALE 4-7) 11
TOTAL FM JUL 1 1172 CLOUDY (SCALE 8-10) 5
DPTR FM NORMAL -451
[CDD (BASE 65) ]
TOTAL THIS MO. 0
DPTR FM NORMAL 0 [PRESSURE DATA]
TOTAL FM JAN 1 0 HIGHEST SLP M ON M
DPTR FM NORMAL 0 LOWEST SLP 29.34 ON 4
[REMARKS]
#FINAL-02-24#