000
CXUS53 KICT 030638
CF6ICT
PRELIMINARY LOCAL CLIMATOLOGICAL DATA (WS FORM: F-6)
STATION: WICHITA EISENHOWER NATIONAL
MONTH: SEPTEMBER
YEAR: 2022
LATITUDE: 37 39 N
LONGITUDE: 97 25 W
TEMPERATURE IN F: :PCPN: SNOW: WIND :SUNSHINE: SKY :PK WND
================================================================================
1 2 3 4 5 6A 6B 7 8 9 10 11 12 13 14 15 16 17 18
12Z AVG MX 2MIN
DY MAX MIN AVG DEP HDD CDD WTR SNW DPTH SPD SPD DIR MIN PSBL S-S WX SPD DR
================================================================================
1 93 60 77 0 0 12 0.00 0.0 0 8.1 24 190 M M 5 30 190
2 95 67 81 5 0 16 0.00 0.0 0 6.5 17 180 M M 5 1 21 180
3 96 66 81 5 0 16 0.00 0.0 0 6.9 17 20 M M 3 23 360
4 87 58 73 -3 0 8 0.00 0.0 0 8.8 16 30 M M 1 23 40
5 92 66 79 3 0 14 0.00 0.0 0 7.9 18 100 M M 3 24 110
6 94 64 79 4 0 14 0.00 0.0 0 5.7 17 110 M M 2 22 120
7 94 68 81 6 0 16 0.00 0.0 0 7.5 17 60 M M 1 23 40
8 92 60 76 1 0 11 0.00 0.0 0 8.1 14 160 M M 1 20 150
9 94 60 77 3 0 12 0.00 0.0 0 7.6 15 140 M M 1 23 160
10 70 57 64 -10 1 0 0.08 0.0 0 12.7 21 360 M M 7 1 30 10
11 80 51 66 -8 0 1 0.00 0.0 0 8.0 16 10 M M 1 8 23 40
12 87 48 68 -5 0 3 0.00 0.0 0 7.5 18 210 M M 0 8 26 220
13 93 56 75 2 0 10 0.00 0.0 0 10.2 20 180 M M 1 25 180
14 94 67 81 9 0 16 0.00 0.0 0 15.2 28 190 M M 5 38 200
15 89 65 77 5 0 12 0.00 0.0 0 14.4 24 160 M M 6 34 160
16 93 64 79 7 0 14 0.02 0.0 0 13.5 26 180 M M 6 3 36 180
17 96 71 84 13 0 19 0.04 0.0 0 19.4 32 170 M M 4 3 42 180
18 100 74 87 16 0 22 0.00 0.0 0 16.8 28 190 M M 1 37 210
19 101 67 84 14 0 19 0.00 0.0 0 12.8 25 180 M M 3 34 170
20 100 70 85 15 0 20 0.00 0.0 0 13.5 26 210 M M 1 37 200
21 101 59 80 10 0 15 0.01 0.0 0 13.9 33 40 M M 5 8 44 40
22 62 54 58 -11 7 0 0.52 0.0 0 11.2 25 40 M M 10 1 31 40
23 78 56 67 -2 0 2 T 0.0 0 7.1 16 220 M M 7 3 23 180
24 92 59 76 8 0 11 0.00 0.0 0 3.2 8 50 M M 2 13 350
25 82 54 68 0 0 3 0.00 0.0 0 11.1 21 340 M M 2 8 29 340
26 82 53 68 0 0 3 0.00 0.0 0 5.0 13 110 M M 2 8 17 110
27 89 55 72 5 0 7 0.00 0.0 0 8.2 20 170 M M 1 24 180
28 84 59 72 5 0 7 0.00 0.0 0 14.9 21 60 M M 1 29 70
29 81 54 68 2 0 3 0.00 0.0 0 12.1 21 150 M M 1 27 130
30 83 58 71 5 0 6 T 0.0 0 12.5 24 180 M M 6 31 180
================================================================================
SM 2674 1820 8 312 0.67 0.0 310.3 M 94
================================================================================
AV 89.1 60.7 10.3 FASTST M M 3 MAX(MPH)
MISC ----> 33 40 44 40
================================================================================
NOTES:
# LAST OF SEVERAL OCCURRENCES
COLUMN 17 PEAK WIND IN M.P.H.
PRELIMINARY LOCAL CLIMATOLOGICAL DATA (WS FORM: F-6) , PAGE 2
STATION: WICHITA EISENHOWER NATIONAL
MONTH: SEPTEMBER
YEAR: 2022
LATITUDE: 37 39 N
LONGITUDE: 97 25 W
[TEMPERATURE DATA] [PRECIPITATION DATA] SYMBOLS USED IN COLUMN 16
AVERAGE MONTHLY: 74.9 TOTAL FOR MONTH: 0.67 1 = FOG OR MIST
DPTR FM NORMAL: 3.2 DPTR FM NORMAL: -2.38 2 = FOG REDUCING VISIBILITY
HIGHEST: 101 ON 21,19 GRTST 24HR 0.53 ON 21-22 TO 1/4 MILE OR LESS
LOWEST: 48 ON 12 3 = THUNDER
SNOW, ICE PELLETS, HAIL 4 = ICE PELLETS
TOTAL MONTH: 0.0 INCH 5 = HAIL
GRTST 24HR 0.0 6 = FREEZING RAIN OR DRIZZLE
GRTST DEPTH: 0 7 = DUSTSTORM OR SANDSTORM:
VSBY 1/2 MILE OR LESS
8 = SMOKE OR HAZE
[NO. OF DAYS WITH] [WEATHER - DAYS WITH] 9 = BLOWING SNOW
X = TORNADO
MAX 32 OR BELOW: 0 0.01 INCH OR MORE: 5
MAX 90 OR ABOVE: 17 0.10 INCH OR MORE: 1
MIN 32 OR BELOW: 0 0.50 INCH OR MORE: 1
MIN 0 OR BELOW: 0 1.00 INCH OR MORE: 0
[HDD (BASE 65) ]
TOTAL THIS MO. 8 CLEAR (SCALE 0-3) 19
DPTR FM NORMAL -24 PTCLDY (SCALE 4-7) 10
TOTAL FM JUL 1 8 CLOUDY (SCALE 8-10) 1
DPTR FM NORMAL -22
[CDD (BASE 65) ]
TOTAL THIS MO. 312
DPTR FM NORMAL 79 [PRESSURE DATA]
TOTAL FM JAN 1 2094 HIGHEST SLP 30.29 ON 11
DPTR FM NORMAL 368 LOWEST SLP 29.73 ON 9
[REMARKS]
#FINAL-09-22#