000
CXUS55 KPIH 011553
CF6IDA
PRELIMINARY LOCAL CLIMATOLOGICAL DATA (WS FORM: F-6)
STATION: IDAHO FALLS
MONTH: AUGUST
YEAR: 2021
LATITUDE: 43 31 N
LONGITUDE: 112 4 W
TEMPERATURE IN F: :PCPN: SNOW: WIND :SUNSHINE: SKY :PK WND
================================================================================
1 2 3 4 5 6A 6B 7 8 9 10 11 12 13 14 15 16 17 18
12Z AVG MX 2MIN
DY MAX MIN AVG DEP HDD CDD WTR SNW DPTH SPD SPD DIR MIN PSBL S-S WX SPD DR
================================================================================
1 87 64 76 7 0 11 0.01 M M 7.1 21 160 M M 6 3 25 160
2 82 60 71 2 0 6 0.25 M M 9.5 22 320 M M 4 13 31 270
3 85 53 69 0 0 4 0.00 M M 2.4 13 210 M M 1 12 17 220
4 91 54 73 4 0 8 0.00 M M 5.8 14 150 M M 1 18 20 230
5 92 56 74 5 0 9 T M M 8.1 29 240 M M 2 3 42 230
6 69 50 60 -9 5 0 0.08 M M 10.6 33 320 M M 6 138 48 340
7 83 46 65 -4 0 0 0.00 M M 7.7 20 200 M M 0 18 27 190
8 86 49 68 0 0 3 0.00 M M 10.3 25 220 M M 1 18 35 220
9 77 47 62 -6 3 0 0.00 M M 9.8 16 200 M M 0 25 190
10 83 42 63 -5 2 0 0.00 M M 9.3 17 190 M M 1 24 210
11 88 47 68 0 0 3 0.00 M M 5.5 14 190 M M 2 18 190
12 94 50 72 4 0 7 0.00 M M 5.2 13 20 M M 0 17 30
13 96 55 76 8 0 11 0.00 M M 5.5 12 360 M M 0 17 10
14 92 51 72 5 0 7 0.00 M M 9.0 18 210 M M 0 8 25 220
15 91 51 71 4 0 6 0.00 M M 4.1 12 220 M M 6 8 15 210
16 91 49 70 3 0 5 0.00 M M 5.4 14 200 M M 3 8 19 200
17 92 52 72 6 0 7 0.00 M M 8.3 22 200 M M 4 38 31 180
18 67 52 60 -6 5 0 0.80 M M 4.5 21 200 M M 9 138 27 200
19 55 49 52 -14 13 0 0.44 M M 8.8 22 220 M M 10 18 31 200
20 71 47 59 -7 6 0 0.05 M M 4.6 12 220 M M 5 18 19 180
21 72 45 59 -7 6 0 0.22 M M 6.0 25 290 M M 6 138 35 300
22 M M M M M M 0.00 M M 9.0 21 200 M M 1 18 30 200
23 81 M M M M M 0.00 M M 8.7 26 210 M M 3 18 33 210
24 80 50 65 0 0 0 0.00 M M 7.2 20 210 M M 3 8 25 210
25 87 46 67 3 0 2 0.00 M M 5.3 18 220 M M 1 18 24 210
26 80 45 63 -1 2 0 0.00 M M 10.6 20 190 M M 0 8 26 210
27 80 50 65 1 0 0 0.00 M M 14.2 26 220 M M 1 8 40 210
28 77 44 61 -3 4 0 0.00 M M 5.7 15 10 M M 0 20 20
29 85 37 61 -2 4 0 0.00 M M 5.2 17 220 M M 0 23 220
30 87 42 65 2 0 0 0.00 M M 7.6 21 220 M M 3 8 27 220
31 82 45 64 1 1 0 0.00 M M 9.9 23 210 M M 8 8 31 210
================================================================================
SM 2483 1428 51 89 1.85 M 230.9 M 87
================================================================================
AV 82.8 49.2 7.4 FASTST M M 3 MAX(MPH)
MISC ----> 33 320 48 340
================================================================================
NOTES:
# LAST OF SEVERAL OCCURRENCES
COLUMN 17 PEAK WIND IN M.P.H.
22ND: TEMPERATURE DATA MISSING DUE TO TEMPERATURE SENSOR FAILURE.
23RD: LOW TEMPERATURE DATA MISSING DUE TO TEMPERATURE SENSOR FAILURE.
PRELIMINARY LOCAL CLIMATOLOGICAL DATA (WS FORM: F-6) , PAGE 2
STATION: IDAHO FALLS
MONTH: AUGUST
YEAR: 2021
LATITUDE: 43 31 N
LONGITUDE: 112 4 W
[TEMPERATURE DATA] [PRECIPITATION DATA] SYMBOLS USED IN COLUMN 16
AVERAGE MONTHLY: 66.0 TOTAL FOR MONTH: 1.85 1 = FOG OR MIST
DPTR FM NORMAL: -0.5 DPTR FM NORMAL: 1.26 2 = FOG REDUCING VISIBILITY
HIGHEST: 96 ON 13 GRTST 24HR 0.83 ON 18-19 TO 1/4 MILE OR LESS
LOWEST: 37 ON 29 3 = THUNDER
SNOW, ICE PELLETS, HAIL 4 = ICE PELLETS
TOTAL MONTH: M 5 = HAIL
GRTST 24HR M ON M 6 = FREEZING RAIN OR DRIZZLE
GRTST DEPTH: M ON M 7 = DUSTSTORM OR SANDSTORM:
VSBY 1/2 MILE OR LESS
8 = SMOKE OR HAZE
[NO. OF DAYS WITH] [WEATHER - DAYS WITH] 9 = BLOWING SNOW
X = TORNADO
MAX 32 OR BELOW: 0 0.01 INCH OR MORE: 7
MAX 90 OR ABOVE: 8 0.10 INCH OR MORE: 4
MIN 32 OR BELOW: 0 0.50 INCH OR MORE: 1
MIN 0 OR BELOW: 0 1.00 INCH OR MORE: 0
[HDD (BASE 65) ]
TOTAL THIS MO. 51 CLEAR (SCALE 0-3) 20
DPTR FM NORMAL 9 PTCLDY (SCALE 4-7) 9
TOTAL FM JUL 1 51 CLOUDY (SCALE 8-10) 2
DPTR FM NORMAL -18
[CDD (BASE 65) ]
TOTAL THIS MO. 89
DPTR FM NORMAL -1 [PRESSURE DATA]
TOTAL FM JAN 1 428 HIGHEST SLP 30.25 ON 3
DPTR FM NORMAL 192 LOWEST SLP 29.54 ON 17
[REMARKS]
2ND: RAINFALL OF 0.25 INCHES TIES THE OLD RECORD SET IN 1952.
13TH: HIGH OF 96 TIES PREVIOUS RECORD SET IN 2003.
18TH: RAINFALL OF 0.80 BREAKS OLD RECORD OF 0.77 SET IN 1980.
19TH: RAINFALL OF 0.44 BREAKS OLD RECORD OF 0.31 SET IN 1980.
#FINAL-08-21#