000
CXUS53 KUNR 071513
CF6IEN
PRELIMINARY LOCAL CLIMATOLOGICAL DATA (WS FORM: F-6)
STATION: PINE RIDGE SD
MONTH: JUNE
YEAR: 2022
LATITUDE: 43 1 N
LONGITUDE: 102 31 W
TEMPERATURE IN F: :PCPN: SNOW: WIND :SUNSHINE: SKY :PK WND
================================================================================
1 2 3 4 5 6A 6B 7 8 9 10 11 12 13 14 15 16 17 18
12Z AVG MX 2MIN
DY MAX MIN AVG DEP HDD CDD WTR SNW DPTH SPD SPD DIR MIN PSBL S-S WX SPD DR
================================================================================
1 67 39 53 -9 12 0 0.00 M M 4.1 13 260 M M 2 19 210
2 71 39 55 -7 10 0 0.00 M M 3.1 10 330 M M 3 18 330
3 71 47 59 -3 6 0 0.61 M M 10.9 22 100 M M 1 138 30 70
4 76 49 63 0 2 0 T M M 7.6 17 70 M M 1 3 25 80
5 74 54 64 1 1 0 0.14 M M 5.5 20 140 M M 5 13 25 150
6 76 46 61 -3 4 0 0.24 M M 6.3 24 50 M M 5 13 36 40
7 71 43 57 -7 8 0 0.07 M M 4.2 25 250 M M 5 123 40 270
8 75 42 59 -5 6 0 0.00 M M 7.8 18 240 M M 0 26 240
9 78 52 65 0 0 0 0.00 M M 5.8 14 90 M M 3 19 100
10 85 46 66 1 0 1 0.00 M M 3.5 14 200 M M 0 18 240
11 87 55 71 6 0 6 0.00 M M 7.2 32 10 M M 0 46 10
12 90 56 73 7 0 8 0.00 M M 10.3 31 170 M M 1 50 170
13 90 59 75 9 0 10 0.09 M M 8.1 29 350 M M 4 13 43 340
14 76 50 63 -3 2 0 0.05 M M 12.4 30 280 M M 2 13 43 280
15 80 42 61 -6 4 0 0.00 M M 12.0 30 250 M M 0 46 230
16 88 37 63 -4 2 0 0.00 M M 4.8 13 90 M M 0 21 90
17 97 61 79 12 0 14 T M M 17.2 32 140 M M 0 47 130
18 101 75 88 20 0 23 0.00 M M 20.3 35 190 M M 1 48 170
19 97 60 79 11 0 14 0.03 M M 14.9 38 210 M M 1 3 56 200
20 82 48 65 -3 0 0 0.05 M M 5.1 26 270 M M 4 13 37 280
21 81 40 61 -8 4 0 0.00 M M 6.9 18 280 M M 0 29 290
22 92 44 68 -1 0 3 0.00 M M 11.1 22 180 M M 0 32 180
23 97 57 77 8 0 12 0.00 M M 10.4 21 190 M M 0 31 190
24 95 56 76 6 0 11 0.00 M M 8.3 26 300 M M 0 38 40 280
25 75 43 59 -11 6 0 0.01 M M 9.8 26 340 M M 4 42 360
26 77 34 56 -14 9 0 0.00 M M 3.4 12 200 M M 4 17 170
27 91 44 68 -2 0 3 0.00 M M 7.9 20 200 M M 1 27 180
28 95 45 70 -1 0 5 0.00 M M 7.8 25 150 M M 0 38 170
29 104 68 86 15 0 21 0.04 M M 11.8 35 280 M M 0 38 55 290
30 88 52 70 -1 0 5 0.00 M M 5.5 16 60 M M 2 24 60
================================================================================
SM 2527 1483 76 136 1.33 M 254.0 M 49
================================================================================
AV 84.2 49.4 8.5 FASTST M M 2 MAX(MPH)
MISC ----> 38 210 56 200
================================================================================
NOTES:
# LAST OF SEVERAL OCCURRENCES
COLUMN 17 PEAK WIND IN M.P.H.
PRELIMINARY LOCAL CLIMATOLOGICAL DATA (WS FORM: F-6) , PAGE 2
STATION: PINE RIDGE SD
MONTH: JUNE
YEAR: 2022
LATITUDE: 43 1 N
LONGITUDE: 102 31 W
[TEMPERATURE DATA] [PRECIPITATION DATA] SYMBOLS USED IN COLUMN 16
AVERAGE MONTHLY: 66.8 TOTAL FOR MONTH: 1.33 1 = FOG OR MIST
DPTR FM NORMAL: 0.1 DPTR FM NORMAL: -1.68 2 = FOG REDUCING VISIBILITY
HIGHEST: 104 ON 29 GRTST 24HR 0.61 ON 3- 3 TO 1/4 MILE OR LESS
LOWEST: 34 ON 26 3 = THUNDER
SNOW, ICE PELLETS, HAIL 4 = ICE PELLETS
TOTAL MONTH: M 5 = HAIL
GRTST 24HR M ON M 6 = FREEZING RAIN OR DRIZZLE
GRTST DEPTH: M ON M 7 = DUSTSTORM OR SANDSTORM:
VSBY 1/2 MILE OR LESS
8 = SMOKE OR HAZE
[NO. OF DAYS WITH] [WEATHER - DAYS WITH] 9 = BLOWING SNOW
X = TORNADO
MAX 32 OR BELOW: 0 0.01 INCH OR MORE: 10
MAX 90 OR ABOVE: 11 0.10 INCH OR MORE: 3
MIN 32 OR BELOW: 0 0.50 INCH OR MORE: 1
MIN 0 OR BELOW: 0 1.00 INCH OR MORE: 0
[HDD (BASE 65) ]
TOTAL THIS MO. 76 CLEAR (SCALE 0-3) 22
DPTR FM NORMAL 2 PTCLDY (SCALE 4-7) 8
TOTAL FM JUL 1 6589 CLOUDY (SCALE 8-10) 0
DPTR FM NORMAL -422
[CDD (BASE 65) ]
TOTAL THIS MO. 136
DPTR FM NORMAL 11 [PRESSURE DATA]
TOTAL FM JAN 1 141 HIGHEST SLP 30.47 ON 26
DPTR FM NORMAL -6 LOWEST SLP 29.34 ON 13
[REMARKS]
#FINAL-06-22#