000
CXUS54 KFWD 010730
CF6ILE
PRELIMINARY LOCAL CLIMATOLOGICAL DATA (WS FORM: F-6)
STATION: KILLEEN SKYLARK
MONTH: OCTOBER
YEAR: 2022
LATITUDE: 31 4 N
LONGITUDE: 97 41 W
TEMPERATURE IN F: :PCPN: SNOW: WIND :SUNSHINE: SKY :PK WND
================================================================================
1 2 3 4 5 6A 6B 7 8 9 10 11 12 13 14 15 16 17 18
12Z AVG MX 2MIN
DY MAX MIN AVG DEP HDD CDD WTR SNW DPTH SPD SPD DIR MIN PSBL S-S WX SPD DR
================================================================================
1 86 50 68 -4 0 3 0.00 M M 3.6 10 70 M M 0 17 70
2 85 50 68 -4 0 3 0.00 M M 3.8 9 110 M M 0 M M
3 87 50 69 -3 0 4 0.00 M M 2.9 7 100 M M 0 M M
4 88 56 72 1 0 7 0.00 M M 4.0 9 140 M M 0 M M
5 90 54 72 1 0 7 0.00 M M 2.6 6 100 M M 0 M M
6 90 57 74 3 0 9 0.00 M M 3.7 12 100 M M 0 M M
7 87 62 75 5 0 10 0.00 M M 3.3 6 140 M M 0 M M
8 86 60 73 3 0 8 0.00 M M 6.9 12 90 M M 0 17 90
9 88 61 75 5 0 10 0.00 M M 5.7 10 170 M M 0 M M
10 89 59 74 4 0 9 0.00 M M 8.2 15 150 M M 0 20 140
11 88 61 75 6 0 10 0.00 M M 10.3 17 180 M M 1 23 180
12 96 66 81 12 0 16 0.00 M M 7.0 13 270 M M 1 18 210
13 88 59 74 5 0 9 0.00 M M 9.4 18 50 M M 0 23 50
14 90 53 72 4 0 7 0.00 M M 6.4 16 170 M M 0 M M
15 92 71 82 14 0 17 0.00 M M 11.4 16 170 M M 2 20 190
16 83 65 74 6 0 9 0.16 M M 10.2 22 20 M M 5 25 10
17 73 54 64 -4 1 0 0.01 M M 11.7 20 30 M M 5 8 30 360
18 68 46 57 -10 8 0 0.00 M M 8.6 16 20 M M 0 8 18 10
19 73 38 56 -11 9 0 0.00 M M 3.7 10 170 M M 0 M M
20 85 54 70 3 0 5 0.00 M M 8.2 13 230 M M 0 20 260
21 89 53 71 5 0 6 0.00 M M 8.8 17 170 M M 0 25 180
22 86 64 75 9 0 10 0.00 M M 17.6 22 170 M M 1 31 180
23 87 70 79 13 0 14 0.00 M M 19.4 23 160 M M 5 37 180
24 76 62 69 3 0 4 1.20 M M 11.7 30 280 M M 8 13 56 280
25 73 46 60 -5 5 0 0.00 M M 10.6 24 300 M M 1 44 310
26 75 43 59 -6 6 0 0.00 M M 4.8 12 100 M M 0 M M
27 79 48 64 0 1 0 0.01 M M 7.9 17 160 M M 2 8 21 150
28 68 54 61 -3 4 0 0.41 M M 11.2 17 30 M M 4 1 24 30
29 70 53 62 -2 3 0 T M M 9.5 15 310 M M 0 1 22 330
30 74 49 62 -2 3 0 0.00 M M 4.3 9 290 M M 0 M M
31 78 51 65 2 0 0 0.00 M M 3.4 9 140 M M 0 M M
================================================================================
SM 2567 1719 40 177 1.79 M 240.9 M 35
================================================================================
AV 82.8 55.5 7.8 FASTST M M 1 MAX(MPH)
MISC ----> 30 280 56 280
================================================================================
NOTES:
# LAST OF SEVERAL OCCURRENCES
COLUMN 17 PEAK WIND IN M.P.H.
PRELIMINARY LOCAL CLIMATOLOGICAL DATA (WS FORM: F-6) , PAGE 2
STATION: KILLEEN SKYLARK
MONTH: OCTOBER
YEAR: 2022
LATITUDE: 31 4 N
LONGITUDE: 97 41 W
[TEMPERATURE DATA] [PRECIPITATION DATA] SYMBOLS USED IN COLUMN 16
AVERAGE MONTHLY: 69.1 TOTAL FOR MONTH: 1.79 1 = FOG OR MIST
DPTR FM NORMAL: 1.3 DPTR FM NORMAL: -1.69 2 = FOG REDUCING VISIBILITY
HIGHEST: 96 ON 12 GRTST 24HR 1.20 ON 24-24 TO 1/4 MILE OR LESS
LOWEST: 38 ON 19 3 = THUNDER
SNOW, ICE PELLETS, HAIL 4 = ICE PELLETS
TOTAL MONTH: M 5 = HAIL
GRTST 24HR M ON M 6 = FREEZING RAIN OR DRIZZLE
GRTST DEPTH: M ON M 7 = DUSTSTORM OR SANDSTORM:
VSBY 1/2 MILE OR LESS
8 = SMOKE OR HAZE
[NO. OF DAYS WITH] [WEATHER - DAYS WITH] 9 = BLOWING SNOW
X = TORNADO
MAX 32 OR BELOW: 0 0.01 INCH OR MORE: 5
MAX 90 OR ABOVE: 5 0.10 INCH OR MORE: 3
MIN 32 OR BELOW: 0 0.50 INCH OR MORE: 1
MIN 0 OR BELOW: 0 1.00 INCH OR MORE: 1
[HDD (BASE 65) ]
TOTAL THIS MO. 40 CLEAR (SCALE 0-3) 26
DPTR FM NORMAL -24 PTCLDY (SCALE 4-7) 5
TOTAL FM JUL 1 40 CLOUDY (SCALE 8-10) 0
DPTR FM NORMAL -28
[CDD (BASE 65) ]
TOTAL THIS MO. 177
DPTR FM NORMAL 26 [PRESSURE DATA]
TOTAL FM JAN 1 3399 HIGHEST SLP 30.38 ON 19
DPTR FM NORMAL 889 LOWEST SLP 29.58 ON 24
[REMARKS]
#FINAL-10-22#