000
CXUS51 KPHI 010815
CF6ILG
PRELIMINARY LOCAL CLIMATOLOGICAL DATA (WS FORM: F-6)
STATION: WILMINGTON DE
MONTH: APRIL
YEAR: 2023
LATITUDE: 39 40 N
LONGITUDE: 75 36 W
TEMPERATURE IN F: :PCPN: SNOW: WIND :SUNSHINE: SKY :PK WND
================================================================================
1 2 3 4 5 6A 6B 7 8 9 10 11 12 13 14 15 16 17 18
12Z AVG MX 2MIN
DY MAX MIN AVG DEP HDD CDD WTR SNW DPTH SPD SPD DIR MIN PSBL S-S WX SPD DR
================================================================================
1 74 51 63 14 2 0 0.42 0.0 0 16.4 39 290 M M 8 13 54 230
2 55 39 47 -2 18 0 0.00 0.0 0 14.2 31 320 M M 3 41 320
3 65 32 49 0 16 0 0.00 0.0 0 8.5 21 160 M M 1 24 150
4 79 49 64 14 1 0 0.00 0.0 0 8.2 22 190 M M 0 1 32 190
5 79 57 68 18 0 3 0.00 0.0 0 7.6 18 160 M M 2 12 24 160
6 85 58 72 22 0 7 0.17 0.0 0 7.2 24 320 M M 1 31 310
7 58 46 52 1 13 0 0.00 0.0 0 9.6 20 330 M M 6 25 340
8 53 40 47 -4 18 0 0.00 0.0 0 8.3 20 20 M M 0 26 20
9 62 34 48 -4 17 0 0.00 0.0 0 6.5 21 170 M M 0 25 170
10 66 36 51 -1 14 0 0.00 0.0 0 5.1 16 160 M M 0 19 170
11 74 43 59 7 6 0 0.00 0.0 0 7.0 17 220 M M 0 21 250
12 85 58 72 19 0 7 0.00 0.0 0 11.4 24 310 M M 0 33 280
13 88 57 73 20 0 8 0.00 0.0 0 7.1 17 230 M M 0 22 260
14 84 56 70 17 0 5 0.00 0.0 0 7.3 17 190 M M 0 22 190
15 73 59 66 12 0 1 0.10 0.0 0 4.8 14 230 M M 7 13 16 220
16 77 56 67 13 0 2 0.00 0.0 0 3.9 13 160 M M 5 128 14 160
17 69 54 62 8 3 0 0.03 0.0 0 13.4 31 300 M M 8 1 37 290
18 67 44 56 1 9 0 0.00 0.0 0 13.6 26 260 M M 4 35 280
19 70 38 54 -1 11 0 0.00 0.0 0 7.7 22 290 M M 0 27 280
20 75 46 61 5 4 0 0.00 0.0 0 8.6 17 160 M M 0 22 160
21 84 51 68 12 0 3 0.00 0.0 0 6.5 15 50 M M 2 1 19 60
22 79 54 67 11 0 2 1.15 0.0 0 10.6 26 250 M M 4 13 37 260
23 69 47 58 1 7 0 0.07 0.0 0 11.5 21 310 M M 5 29 300
24 61 43 52 -5 13 0 0.00 0.0 0 8.5 16 290 M M 3 21 320
25 61 38 50 -7 15 0 0.00 0.0 0 6.8 15 300 M M 1 21 290
26 65 39 52 -6 13 0 0.12 0.0 0 7.3 22 160 M M 5 3 26 160
27 62 50 56 -2 9 0 0.00 0.0 0 7.5 14 100 M M 10 17 100
28 57 52 55 -3 10 0 1.34 0.0 0 16.0 25 60 M M 8 1 34 70
29 67 52 60 2 5 0 0.42 0.0 0 9.8 22 60 M M 9 18 29 50
30 65 54 60 1 5 0 0.73 0.0 0 13.7 33 300 M M 10 1 48 320
================================================================================
SM 2108 1433 209 38 4.55 0.0 274.6 M 102
================================================================================
AV 70.3 47.8 9.2 FASTST M M 3 MAX(MPH)
MISC ----> 39 290 54 230
================================================================================
NOTES:
# LAST OF SEVERAL OCCURRENCES
COLUMN 17 PEAK WIND IN M.P.H.
PRELIMINARY LOCAL CLIMATOLOGICAL DATA (WS FORM: F-6) , PAGE 2
STATION: WILMINGTON DE
MONTH: APRIL
YEAR: 2023
LATITUDE: 39 40 N
LONGITUDE: 75 36 W
[TEMPERATURE DATA] [PRECIPITATION DATA] SYMBOLS USED IN COLUMN 16
AVERAGE MONTHLY: 59.0 TOTAL FOR MONTH: 4.55 1 = FOG OR MIST
DPTR FM NORMAL: 5.1 DPTR FM NORMAL: 1.04 2 = FOG REDUCING VISIBILITY
HIGHEST: 88 ON 13 GRTST 24HR 1.76 ON 28-29 TO 1/4 MILE OR LESS
LOWEST: 32 ON 3 3 = THUNDER
SNOW, ICE PELLETS, HAIL 4 = ICE PELLETS
TOTAL MONTH: 0.0 INCH 5 = HAIL
GRTST 24HR 0.0 6 = FREEZING RAIN OR DRIZZLE
GRTST DEPTH: 0 7 = DUSTSTORM OR SANDSTORM:
VSBY 1/2 MILE OR LESS
8 = SMOKE OR HAZE
[NO. OF DAYS WITH] [WEATHER - DAYS WITH] 9 = BLOWING SNOW
X = TORNADO
MAX 32 OR BELOW: 0 0.01 INCH OR MORE: 10
MAX 90 OR ABOVE: 0 0.10 INCH OR MORE: 8
MIN 32 OR BELOW: 1 0.50 INCH OR MORE: 3
MIN 0 OR BELOW: 0 1.00 INCH OR MORE: 2
[HDD (BASE 65) ]
TOTAL THIS MO. 209 CLEAR (SCALE 0-3) 16
DPTR FM NORMAL -138 PTCLDY (SCALE 4-7) 10
TOTAL FM JUL 1 3806 CLOUDY (SCALE 8-10) 4
DPTR FM NORMAL -706
[CDD (BASE 65) ]
TOTAL THIS MO. 38
DPTR FM NORMAL 26 [PRESSURE DATA]
TOTAL FM JAN 1 38 HIGHEST SLP 30.56 ON 8
DPTR FM NORMAL 25 LOWEST SLP 29.11 ON 30
[REMARKS]
#FINAL-04-23#