000
CXUS53 KILX 011511
CLMILX


CLIMATE REPORT
NATIONAL WEATHER SERVICE LINCOLN IL
956 AM CDT SUN APR 1 2018

...................................

...THE LINCOLN IL CLIMATE SUMMARY FOR THE MONTH OF MARCH 2018...

CLIMATE NORMAL PERIOD 1981 TO 2010
CLIMATE RECORD PERIOD 1905 TO 2018

WEATHER         OBSERVED          NORMAL  DEPART  LAST YEAR`S
                 VALUE   DATE(S)  VALUE   FROM    VALUE
                                          NORMAL
.............................................................
TEMPERATURE (F)
RECORD
 HIGH              86   03/30/1986
                        03/29/1985
 LOW              -14   03/10/1934
HIGHEST            58   03/15        MM      MM       77
LOWEST             18   03/14        MM      MM       14
AVG. MAXIMUM     47.3              51.1    -3.8     51.8
AVG. MINIMUM     28.3              31.2    -2.9     32.8
MEAN             37.8              41.1    -3.3     42.3
DAYS MAX >= 90      0               0.0     0.0        0
DAYS MAX <= 32      0               1.8    -1.8        2
DAYS MIN <= 32     23              16.8     6.2       15
DAYS MIN <= 0       0               0.0     0.0        0

PRECIPITATION (INCHES)
RECORD
 MAXIMUM         7.14   1973
 MINIMUM         0.13   1961
TOTALS           4.24              2.60    1.64     3.99
DAILY AVG.       0.14              0.08    0.06     0.13
DAYS >= .01        12              10.3     1.7       11
DAYS >= .10         8               6.4     1.6        7
DAYS >= .50         2               1.9     0.1        2
DAYS >= 1.00        1               0.3     0.7        1
GREATEST
 24 HR. TOTAL    1.85   03/24 TO 03/24              1.75

SNOWFALL (INCHES)
RECORDS
 TOTAL           21.0   1934
TOTALS            0.3               1.7    -1.4      3.7
SINCE 7/1        10.2              20.2   -10.0     10.9
DAYS >= 1.0         0               0.7    -0.7        1
GREATEST
 SNOW DEPTH         0   MM                             4
 24 HR TOTAL      0.2   03/24 TO 03/24               3.7

DEGREE_DAYS
HEATING TOTAL     809               741      68      697
 SINCE 7/1       5209              5164      45     4305
COOLING TOTAL       0                 2      -2        0
 SINCE 1/1          0                 2      -2        0
..............................................................

WIND (MPH)
AVERAGE WIND SPEED              MM
HIGHEST WIND SPEED/DIRECTION    MM        DATE   MM
HIGHEST GUST SPEED/DIRECTION    MM        DATE   MM

SKY COVER
POSSIBLE SUNSHINE (PERCENT)   MM
AVERAGE SKY COVER             MM
NUMBER OF DAYS FAIR            0
NUMBER OF DAYS PC              0
NUMBER OF DAYS CLOUDY          0

AVERAGE RH (PERCENT)     MM

WEATHER CONDITIONS. NUMBER OF DAYS WITH
THUNDERSTORM              1     MIXED PRECIP               0
HEAVY RAIN                1     RAIN                       4
LIGHT RAIN               12     FREEZING RAIN              0
LT FREEZING RAIN          0     HAIL                       0
HEAVY SNOW                0     SNOW                       0
LIGHT SNOW                4     SLEET                      5
FOG                       9     FOG W/VIS <= 1/4 MILE      1
HAZE                      0

-  INDICATES NEGATIVE NUMBERS.
R  INDICATES RECORD WAS SET OR TIED.
MM INDICATES DATA IS MISSING.
T  INDICATES TRACE AMOUNT.

&&

Record precipitation of 1.85 inches of rain was set on March 24.

$$

JRP
