000
CXUS53 KILX 011725
CLSILX
CLIMATE REPORT
NATIONAL WEATHER SERVICE LINCOLN IL
1125 AM CST TUE MAR 01 2022
...................................
...THE LINCOLN IL CLIMATE SUMMARY FOR THE WINTER SEASON, FROM
12/1/2021 TO 2/28/2022...
CLIMATE NORMAL PERIOD 1991 TO 2020
CLIMATE RECORD PERIOD 1905 TO 2022
WEATHER OBSERVED NORMAL DEPART LAST YEAR`S
VALUE DATE(S) VALUE FROM VALUE
NORMAL
..............................................................
TEMPERATURE (F)
RECORD
HIGH 75 02/27/1996
LOW -34 01/15/1927
HIGHEST 65 12/15 MM MM 63
LOWEST -6 01/06 MM MM -13
01/07
AVG. MAXIMUM 40.2 37.7 2.5 35.1
AVG. MINIMUM 18.8 20.8 -2.0 19.6
MEAN 29.5 29.3 0.2 27.4
DAYS MAX >= 90 0 0.0 0.0 MM
DAYS MAX <= 32 24 29.3 -5.3 MM
DAYS MIN <= 32 78 77.9 0.1 MM
DAYS MIN <= 0 7 6.6 0.4 MM
PRECIPITATION (INCHES)
RECORD
MAXIMUM 15.57 1949
MINIMUM 1.46 1919
TOTALS 5.95 6.38 -0.43 6.23
DAILY AVG. 0.07 0.07
DAYS >= .01 27 27.9 -0.9 MM
DAYS >= .10 14 14.9 -0.9 MM
DAYS >= .50 5 3.9 1.1 MM
DAYS >= 1.00 0 1.1 -1.1 MM
GREATEST
24 HR. TOTAL 0.81 02/02 TO 02/02 1.39
SNOWFALL (INCHES)
RECORDS
TOTAL 41.1 2014
24 HR TOTAL 13.0 02/23/1914 TO 02/23/1914
TOTALS 21.6 16.8 4.8 22.0
DAYS >= TRACE 24 13.6 10.4 MM
DAYS >= 1.0 5 5.4 -0.4 MM
GREATEST
SNOW DEPTH 10 02/04 7
24 HR TOTAL MM 5.3
DEGREE DAYS
HEATING TOTAL 3161 3218 -57 3345
SINCE 7/1 4130 4360 -230 MM
COOLING TOTAL 0 0 0 0
SINCE 1/1 0 0 0 MM
FREEZE DATES
RECORD
EARLIEST 09/11/1917
LATEST 05/29/1925
EARLIEST 11/02
LATEST 04/22
..............................................................
SKY COVER
POSSIBLE SUNSHINE (PERCENT) MM
WEATHER CONDITIONS. NUMBER OF DAYS WITH
THUNDERSTORM 2 MIXED PRECIP 0
HEAVY RAIN 1 RAIN 9
LIGHT RAIN 21 FREEZING RAIN 1
LT FREEZING RAIN 5 HAIL 0
HEAVY SNOW 1 SNOW 3
LIGHT SNOW 23 SLEET 5
FOG 19 FOG W/VIS <= 1/4 MILE 2
HAZE 0
- INDICATES NEGATIVE NUMBERS.
R INDICATES RECORD WAS SET OR TIED.
MM INDICATES DATA IS MISSING.
T INDICATES TRACE AMOUNT.
&&
RECORDS SET IN LINCOLN IL DURING 2021-2022 WINTER SEASON (DEC-FEB)...
* 2ND WARMEST DECEMBER WITH MEAN TEMP 40.1F
* 2ND SNOWIEST FEBRUARY WITH 20.3 INCHES OF SNOW
* 8TH WETTEST FEBRUARY WITH 3.35 INCHES OF PRECIPITATION
$$