000
CXUS53 KLBF 010712
CLMIML
CLIMATE REPORT
NATIONAL WEATHER SERVICE NORTH PLATTE NE
212 AM CDT SAT APR 01 2023
...................................
...THE IMPERIAL CLIMATE SUMMARY FOR THE MONTH OF MARCH 2023...
CLIMATE NORMAL PERIOD 1991 TO 2020
CLIMATE RECORD PERIOD 1893 TO 2023
WEATHER OBSERVED NORMAL DEPART LAST YEAR`S
VALUE DATE(S) VALUE FROM VALUE DATE(S)
NORMAL
................................................................
TEMPERATURE (F)
RECORD
HIGH 89 03/16/2015
03/29/1967
03/31/1946
LOW -24 03/03/1960
HIGHEST 72 03/15 78 -6 76 03/02
LOWEST 14 03/28 7 7 3 03/10
AVG. MAXIMUM 45.0 55.5 -10.5 53.0
AVG. MINIMUM 23.5 26.2 -2.7 23.4
MEAN 34.3 40.9 -6.6 38.2
DAYS MAX >= 90 0 0.0 0.0 0
DAYS MAX <= 32 4 1.5 2.5 4
DAYS MIN <= 32 31 24.2 6.8 28
DAYS MIN <= 0 0 0.4 -0.4 0
PRECIPITATION (INCHES)
RECORD
MAXIMUM 6.15 1981
MINIMUM 0.10 1968
TOTALS 0.61 0.79 -0.18 0.62
DAILY AVG. 0.02 0.03 -0.01 0.02
DAYS >= .01 5 5.7 -0.7 8
DAYS >= .10 4 1.8 2.2 2
DAYS >= .50 0 0.4 -0.4 0
DAYS >= 1.00 0 0.0 0.0 0
GREATEST
24 HR. TOTAL 0.26 03/25 TO 03/25 0.26 03/21 TO 03/21
SNOWFALL (INCHES)
TOTALS MM
DEGREE DAYS
HEATING TOTAL 945 749 196 825
SINCE 7/1 5835 5229 606 MM
COOLING TOTAL 0 0 0 0
SINCE 1/1 0 0 0 MM
................................................................
WIND (MPH)
HIGHEST WIND SPEED/DIRECTION 38/340 DATE 03/16
HIGHEST GUST SPEED/DIRECTION 52/310 DATE 03/25
AVERAGE RH (PERCENT) 67
WEATHER CONDITIONS. NUMBER OF DAYS WITH
THUNDERSTORM 0 MIXED PRECIP 0
HEAVY RAIN 0 RAIN 1
LIGHT RAIN 4 FREEZING RAIN 0
LT FREEZING RAIN 0 HAIL 0
HEAVY SNOW 1 SNOW 2
LIGHT SNOW 6 SLEET 0
FOG 15 FOG W/VIS <= 1/4 MILE 4
HAZE 3
- INDICATES NEGATIVE NUMBERS.
R INDICATES RECORD WAS SET OR TIED.
MM INDICATES DATA IS MISSING.
T INDICATES TRACE AMOUNT.
$$