000
CXUS53 KLBF 011124
CLMIML
CLIMATE REPORT
NATIONAL WEATHER SERVICE NORTH PLATTE NE
624 AM CDT WED NOV 01 2023
...................................
...THE IMPERIAL CLIMATE SUMMARY FOR THE MONTH OF OCTOBER 2023...
CLIMATE NORMAL PERIOD 1991 TO 2020
CLIMATE RECORD PERIOD 1893 TO 2023
WEATHER OBSERVED NORMAL DEPART LAST YEAR`S
VALUE DATE(S) VALUE FROM VALUE DATE(S)
NORMAL
................................................................
TEMPERATURE (F)
RECORD
HIGH 96 10/05/1947
LOW -3 10/22/1917
HIGHEST 90 10/02 87 3 88 10/02
LOWEST 9 10/30 21 -12 25 10/31
AVG. MAXIMUM 66.6 66.0 0.6 71.4
AVG. MINIMUM 35.9 36.6 -0.7 36.7
MEAN 51.3 51.3 -0.0 54.1
DAYS MAX >= 90 1 0.6 0.4 0
DAYS MAX <= 32 1 0.6 0.4 0
DAYS MIN <= 32 11 9.1 1.9 10
DAYS MIN <= 0 0 0.0 0.0 0
PRECIPITATION (INCHES)
RECORD
MAXIMUM 4.22 1930
MINIMUM 0.00 1933
TOTALS 0.28 1.37 -1.09 0.06
DAILY AVG. 0.01 0.04 -0.03 0.00
DAYS >= .01 5 6.8 -1.8 3
DAYS >= .10 1 2.9 -1.9 0
DAYS >= .50 0 0.8 -0.8 0
DAYS >= 1.00 0 0.2 -0.2 0
GREATEST
24 HR. TOTAL 0.17 10/12 TO 10/13 0.04 10/03 TO 10/03
SNOWFALL (INCHES)
TOTALS MM
DEGREE DAYS
HEATING TOTAL 444 432 12 340
SINCE 7/1 470 539 -69 MM
COOLING TOTAL 23 7 16 8
SINCE 1/1 986 1015 -29 MM
................................................................
WIND (MPH)
HIGHEST WIND SPEED/DIRECTION 41/330 DATE 10/13
HIGHEST GUST SPEED/DIRECTION 59/330 DATE 10/13
AVERAGE RH (PERCENT) 58
WEATHER CONDITIONS. NUMBER OF DAYS WITH
THUNDERSTORM 3 MIXED PRECIP 0
HEAVY RAIN 0 RAIN 0
LIGHT RAIN 5 FREEZING RAIN 0
LT FREEZING RAIN 0 HAIL 0
HEAVY SNOW 0 SNOW 0
LIGHT SNOW 2 SLEET 0
FOG 8 FOG W/VIS <= 1/4 MILE 2
HAZE 4
- INDICATES NEGATIVE NUMBERS.
R INDICATES RECORD WAS SET OR TIED.
MM INDICATES DATA IS MISSING.
T INDICATES TRACE AMOUNT.
$$