000
CXUS53 KIND 010600
CF6IND
PRELIMINARY LOCAL CLIMATOLOGICAL DATA (WS FORM: F-6)
STATION: INDIANAPOLIS IN
MONTH: MARCH
YEAR: 2020
LATITUDE: 39 43 N
LONGITUDE: 86 17 W
TEMPERATURE IN F: :PCPN: SNOW: WIND :SUNSHINE: SKY :PK WND
================================================================================
1 2 3 4 5 6A 6B 7 8 9 10 11 12 13 14 15 16 17 18
12Z AVG MX 2MIN
DY MAX MIN AVG DEP HDD CDD WTR SNW DPTH SPD SPD DIR MIN PSBL S-S WX SPD DR
================================================================================
1 63 26 45 8 20 0 0.01 0.0 0 12.1 32 220 M M 6 43 210
2 55 47 51 14 14 0 0.20 0.0 0 9.8 24 220 M M 10 12 34 220
3 56 38 47 10 18 0 0.41 0.0 0 12.8 33 270 M M 6 13 46 290
4 54 35 45 7 20 0 T 0.0 0 10.9 29 290 M M 4 37 290
5 59 31 45 7 20 0 T 0.0 0 11.4 25 260 M M 5 33 260
6 42 25 34 -4 31 0 T T 0 18.2 30 330 M M 8 18 39 320
7 50 21 36 -3 29 0 0.00 0.0 0 6.8 14 180 M M 0 24 210
8 66 30 48 9 17 0 0.00 0.0 0 11.6 24 190 M M 4 30 190
9 66 50 58 18 7 0 0.07 0.0 0 18.7 31 200 M M 9 1 42 180
10 57 39 48 8 17 0 0.14 0.0 0 11.9 25 310 M M 10 1 35 300
11 46 39 43 3 22 0 T 0.0 0 4.5 14 250 M M 10 1 17 230
12 59 43 51 10 14 0 0.14 T 0 8.8 23 310 M M 9 1 30 310
13 54 36 45 4 20 0 0.00 0.0 0 13.4 30 310 M M 7 39 310
14 42 32 37 -5 28 0 0.39 1.2 0 10.4 20 70 M M 10 14 26 50
15 46 32 39 -3 26 0 0.00 0.0 T 10.4 18 60 M M 8 27 40
16 47 38 43 1 22 0 T 0.0 0 6.6 13 200 M M 10 16 90
17 54 36 45 2 20 0 0.00 0.0 0 7.9 18 310 M M 8 1 25 300
18 51 40 46 3 19 0 1.05 0.0 0 7.3 16 100 M M 9 1 20 100
19 67 49 58 15 7 0 0.63 0.0 0 12.1 36 200 M M 10 123 46 190
20 67 31 49 5 16 0 0.18 0.0 0 18.2 35 320 M M 9 13 44 220
21 36 30 33 -11 32 0 0.00 0.0 0 8.9 18 10 M M 9 24 360
22 38 28 33 -11 32 0 0.13 T 0 9.2 15 70 M M 7 14 19 90
23 43 36 40 -5 25 0 0.00 0.0 0 5.8 15 330 M M 9 1 19 320
24 50 36 43 -2 22 0 0.07 0.0 0 9.4 20 20 M M 9 1 23 20
25 61 32 47 1 18 0 0.00 0.0 0 5.1 12 210 M M 5 128 16 190
26 68 45 57 11 8 0 T 0.0 0 8.4 18 30 M M 8 24 250
27 60 52 56 10 9 0 0.42 0.0 0 9.6 20 40 M M 10 13 22 40
28 74 56 65 18 0 0 0.81 0.0 0 12.7 31 230 M M 10 13 39 230
29 65 50 58 11 7 0 0.01 0.0 0 22.8 39 240 M M 7 52 220
30 60 42 51 4 14 0 0.00 0.0 0 16.7 29 290 M M 3 39 290
31 43 38 41 -7 24 0 0.02 0.0 0 9.4 16 340 M M 10 1 20 340
================================================================================
SM 1699 1163 578 0 4.68 1.2 341.8 M 239
================================================================================
AV 54.8 37.5 11.0 FASTST M M 8 MAX(MPH)
MISC ----> 39 240 52 220
================================================================================
NOTES:
# LAST OF SEVERAL OCCURRENCES
COLUMN 17 PEAK WIND IN M.P.H.
PRELIMINARY LOCAL CLIMATOLOGICAL DATA (WS FORM: F-6) , PAGE 2
STATION: INDIANAPOLIS IN
MONTH: MARCH
YEAR: 2020
LATITUDE: 39 43 N
LONGITUDE: 86 17 W
[TEMPERATURE DATA] [PRECIPITATION DATA] SYMBOLS USED IN COLUMN 16
AVERAGE MONTHLY: 46.2 TOTAL FOR MONTH: 4.68 1 = FOG OR MIST
DPTR FM NORMAL: 4.0 DPTR FM NORMAL: 1.12 2 = FOG REDUCING VISIBILITY
HIGHEST: 74 ON 28 GRTST 24HR 1.13 ON 18-19 TO 1/4 MILE OR LESS
LOWEST: 21 ON 7 3 = THUNDER
SNOW, ICE PELLETS, HAIL 4 = ICE PELLETS
TOTAL MONTH: 1.2 INCHES 5 = HAIL
GRTST 24HR 1.2 ON 14-14 6 = FREEZING RAIN OR DRIZZLE
GRTST DEPTH: T 7 = DUSTSTORM OR SANDSTORM:
VSBY 1/2 MILE OR LESS
8 = SMOKE OR HAZE
[NO. OF DAYS WITH] [WEATHER - DAYS WITH] 9 = BLOWING SNOW
X = TORNADO
MAX 32 OR BELOW: 0 0.01 INCH OR MORE: 16
MAX 90 OR ABOVE: 0 0.10 INCH OR MORE: 11
MIN 32 OR BELOW: 11 0.50 INCH OR MORE: 3
MIN 0 OR BELOW: 0 1.00 INCH OR MORE: 1
[HDD (BASE 65) ]
TOTAL THIS MO. 578 CLEAR (SCALE 0-3) 2
DPTR FM NORMAL -129 PTCLDY (SCALE 4-7) 12
TOTAL FM JUL 1 4379 CLOUDY (SCALE 8-10) 17
DPTR FM NORMAL -470
[CDD (BASE 65) ]
TOTAL THIS MO. 0
DPTR FM NORMAL -2 [PRESSURE DATA]
TOTAL FM JAN 1 0 HIGHEST SLP M ON M
DPTR FM NORMAL -2 LOWEST SLP 29.56 ON 29
[REMARKS]
#FINAL-03-20#