000
CXUS54 KFWD 010832
CF6INJ
PRELIMINARY LOCAL CLIMATOLOGICAL DATA (WS FORM: F-6)
STATION: HILLSBORO
MONTH: NOVEMBER
YEAR: 2023
LATITUDE: 32 0 N
LONGITUDE: 97 6 W
TEMPERATURE IN F: :PCPN: SNOW: WIND :SUNSHINE: SKY :PK WND
================================================================================
1 2 3 4 5 6A 6B 7 8 9 10 11 12 13 14 15 16 17 18
12Z AVG MX 2MIN
DY MAX MIN AVG DEP HDD CDD WTR SNW DPTH SPD SPD DIR MIN PSBL S-S WX SPD DR
================================================================================
1 60 31 46 -17 19 0 0.00 M M 3.3 8 70 M M 0 M M
2 65 35 50 -12 15 0 0.00 M M 5.9 12 150 M M 0 8 16 130
3 72 45 59 -3 6 0 0.00 M M 8.7 15 190 M M 1 24 190
4 75 54 65 3 0 0 0.00 M M 8.9 14 180 M M 3 1 18 160
5 77 61 69 8 0 4 0.00 M M 8.5 12 170 M M 3 1 20 190
6 81 65 73 12 0 8 0.00 M M 13.0 20 180 M M 2 26 190
7 85 63 74 14 0 9 0.00 M M 13.9 21 170 M M 0 26 170
8 83 67 75 15 0 10 0.00 M M 13.4 20 180 M M 2 25 180
9 72 53 63 3 2 0 0.23 M M 10.1 16 350 M M 8 25 360
10 60 52 56 -3 9 0 0.00 M M 10.5 14 360 M M 10 1 21 50
11 65 54 60 1 5 0 0.00 M M 7.3 14 50 M M 10 20 50
12 64 51 58 0 7 0 0.00 M M 2.6 6 10 M M 3 M M
13 68 53 61 3 4 0 0.00 M M 6.6 13 40 M M 1 16 40
14 72 47 60 2 5 0 0.00 M M 2.4 6 60 M M 3 8 M M
15 72 48 60 3 5 0 0.00 M M 0.8 6 70 M M 0 1 M M
16 M M M M M M M M M M M M M M M M M
17 M M M M M M M M M M M M M M M M M
18 M M M M M M M M M M M M M M M M M
19 M M M M M M M M M M M M M M M M M
20 79 57 68 13 0 3 0.00 M M 13.3 23 310 M M 2 31 310
21 58 37 48 -7 17 0 0.00 M M 15.3 24 340 M M 7 32 340
22 64 30 47 -7 18 0 0.00 M M 4.1 13 350 M M 0 17 350
23 62 37 50 -4 15 0 0.00 M M 6.1 9 130 M M 0 M M
24 67 40 54 1 11 0 0.00 M M 3.5 8 90 M M 0 M M
25 64 43 54 1 11 0 0.26 M M 6.1 13 90 M M 5 17 90
26 52 33 43 -10 22 0 0.00 M M 11.0 20 340 M M 2 28 320
27 53 29 41 -11 24 0 0.00 M M 3.8 8 360 M M 0 M M
28 62 36 49 -3 16 0 0.00 M M 2.8 8 200 M M 4 M M
29 65 37 51 -1 14 0 0.00 M M 6.2 12 160 M M 4 17 190
30 69 56 63 12 2 0 0.10 M M 7.0 14 160 M M 9 123 18 160
================================================================================
SM 1766 1214 227 34 0.59 M 195.3 M 79
================================================================================
AV 67.9 46.7 7.5 FASTST M M 3 MAX(MPH)
MISC ----> 24 340 32 340
================================================================================
NOTES:
# LAST OF SEVERAL OCCURRENCES
COLUMN 17 PEAK WIND IN M.P.H.
PRELIMINARY LOCAL CLIMATOLOGICAL DATA (WS FORM: F-6) , PAGE 2
STATION: HILLSBORO
MONTH: NOVEMBER
YEAR: 2023
LATITUDE: 32 0 N
LONGITUDE: 97 6 W
[TEMPERATURE DATA] [PRECIPITATION DATA] SYMBOLS USED IN COLUMN 16
AVERAGE MONTHLY: 57.3 TOTAL FOR MONTH: 0.59 1 = FOG OR MIST
DPTR FM NORMAL: 0.4 DPTR FM NORMAL: -2.25 2 = FOG REDUCING VISIBILITY
HIGHEST: 85 ON 7 GRTST 24HR 0.26 ON 25-25 TO 1/4 MILE OR LESS
LOWEST: 29 ON 27 3 = THUNDER
SNOW, ICE PELLETS, HAIL 4 = ICE PELLETS
TOTAL MONTH: M 5 = HAIL
GRTST 24HR M ON M 6 = FREEZING RAIN OR DRIZZLE
GRTST DEPTH: M ON M 7 = DUSTSTORM OR SANDSTORM:
VSBY 1/2 MILE OR LESS
8 = SMOKE OR HAZE
[NO. OF DAYS WITH] [WEATHER - DAYS WITH] 9 = BLOWING SNOW
X = TORNADO
MAX 32 OR BELOW: 0 0.01 INCH OR MORE: 3
MAX 90 OR ABOVE: 0 0.10 INCH OR MORE: 2
MIN 32 OR BELOW: 3 0.50 INCH OR MORE: 0
MIN 0 OR BELOW: 0 1.00 INCH OR MORE: 0
[HDD (BASE 65) ]
TOTAL THIS MO. 227 CLEAR (SCALE 0-3) 15
DPTR FM NORMAL -45 PTCLDY (SCALE 4-7) 7
TOTAL FM JUL 1 293 CLOUDY (SCALE 8-10) 8
DPTR FM NORMAL -53
[CDD (BASE 65) ]
TOTAL THIS MO. 34
DPTR FM NORMAL 5 [PRESSURE DATA]
TOTAL FM JAN 1 3528 HIGHEST SLP M ON M
DPTR FM NORMAL 990 LOWEST SLP M ON M
[REMARKS]
#FINAL-11-23#