000
CXUS53 KDLH 031707
CF6INL
PRELIMINARY LOCAL CLIMATOLOGICAL DATA (WS FORM: F-6)
STATION: INTERNATIONAL FALLS
MONTH: DECEMBER
YEAR: 2023
LATITUDE: 48 34 N
LONGITUDE: 93 23 W
TEMPERATURE IN F: :PCPN: SNOW: WIND :SUNSHINE: SKY :PK WND
================================================================================
1 2 3 4 5 6A 6B 7 8 9 10 11 12 13 14 15 16 17 18
12Z AVG MX 2MIN
DY MAX MIN AVG DEP HDD CDD WTR SNW DPTH SPD SPD DIR MIN PSBL S-S WX SPD DR
================================================================================
1 32 12 22 4 43 0 T T 1 4.5 10 250 M M M 18 17 250
2 32 9 21 3 44 0 0.00 0.0 1 4.8 12 130 M M M 16 130
3 36 26 31 14 34 0 0.00 0.0 1 5.9 10 150 M M M 17 200
4 35 31 33 16 32 0 0.00 0.0 1 3.0 12 340 M M M 8 13 190
5 31 18 25 9 40 0 0.00 0.0 1 4.6 12 330 M M M 15 300
6 44 23 34 18 31 0 0.00 0.0 1 4.6 14 220 M M M 23 210
7 46 21 34 19 31 0 0.00 0.0 T 6.2 14 120 M M M 1 20 120
8 38 32 35 20 30 0 0.01 0.0 T 5.9 14 110 M M M 18 20 110
9 35 20 28 14 37 0 T 0.2 0 12.4 24 340 M M M 16 34 350
10 23 19 21 7 44 0 T T T 5.0 12 290 M M M 17 280
11 25 19 22 9 43 0 T T T 8.7 21 280 M M M 1 34 270
12 24 9 17 4 48 0 0.01 0.3 T 12.1 24 290 M M M 18 39 310
13 32 4 18 5 47 0 0.00 0.0 T 5.5 12 220 M M M 19 220
14 52 26 39 27 26 0 0.00 0.0 T 8.6 18 240 M M M 34 250
15 39 27 33 21 32 0 0.04 0.0 0 3.2 10 30 M M M 1 16 20
16 33 M M M M M M 0.0 0 M M M M M M 1 M M
17 34 13 24 13 41 0 0.02 0.5 T 11.6 31 330 M M M 1 43 340
18 15 4 10 -1 55 0 T T 1 7.1 21 330 M M M 8 29 300
19 32 12 22 12 43 0 0.00 0.0 1 5.2 10 250 M M M 17 150
20 27 17 22 12 43 0 0.00 0.0 T 8.8 16 140 M M M 23 130
21 36 27 32 22 33 0 T 0.0 T 7.0 14 130 M M M 22 160
22 36 34 35 26 30 0 0.00 0.0 T 2.3 8 140 M M M 1 14 180
23 41 35 38 29 27 0 0.00 0.0 0 5.4 10 140 M M 10 12 19 150
24 47 33 40 31 25 0 0.91 0.2 0 8.2 17 350 M M 10 1 24 350
25 33 30 32 24 33 0 0.03 0.0 T 10.3 16 20 M M 10 16 24 30
26 34 31 33 25 32 0 0.13 0.0 0 7.8 14 60 M M 10 16 21 50
27 33 32 33 25 32 0 0.02 0.0 0 4.1 9 20 M M 10 12 14 30
28 34 24 29 21 36 0 0.00 0.0 0 4.7 9 320 M M 9 12 12 320
29 34 21 28 21 37 0 0.00 0.0 0 2.6 7 310 M M 7 12 10 290
30 31 21 26 19 39 0 0.04 0.9 0 8.2 15 20 M M 10 16 23 360
31 22 15 19 12 46 0 T T 1 6.2 14 360 M M 10 1 18 350
================================================================================
SM 1046 645 1114 0 1.21 2.1 194.5 M 86
================================================================================
AV 33.7 21.5 6.5 FASTST M M 10 MAX(MPH)
MISC ----> 31 330 43 340
================================================================================
NOTES:
# LAST OF SEVERAL OCCURRENCES
COLUMN 17 PEAK WIND IN M.P.H.
PRELIMINARY LOCAL CLIMATOLOGICAL DATA (WS FORM: F-6) , PAGE 2
STATION: INTERNATIONAL FALLS
MONTH: DECEMBER
YEAR: 2023
LATITUDE: 48 34 N
LONGITUDE: 93 23 W
[TEMPERATURE DATA] [PRECIPITATION DATA] SYMBOLS USED IN COLUMN 16
AVERAGE MONTHLY: 27.6 TOTAL FOR MONTH: 1.21 1 = FOG OR MIST
DPTR FM NORMAL: 15.8 DPTR FM NORMAL: 0.22 2 = FOG REDUCING VISIBILITY
HIGHEST: 52 ON 14 GRTST 24HR 0.91 ON 24-24 TO 1/4 MILE OR LESS
LOWEST: 4 ON 18,13 3 = THUNDER
SNOW, ICE PELLETS, HAIL 4 = ICE PELLETS
TOTAL MONTH: 2.1 INCHES 5 = HAIL
GRTST 24HR 0.9 ON 30-30 6 = FREEZING RAIN OR DRIZZLE
GRTST DEPTH: 1 ON 31,19 7 = DUSTSTORM OR SANDSTORM:
VSBY 1/2 MILE OR LESS
8 = SMOKE OR HAZE
[NO. OF DAYS WITH] [WEATHER - DAYS WITH] 9 = BLOWING SNOW
X = TORNADO
MAX 32 OR BELOW: 12 0.01 INCH OR MORE: 9
MAX 90 OR ABOVE: 0 0.10 INCH OR MORE: 2
MIN 32 OR BELOW: 27 0.50 INCH OR MORE: 1
MIN 0 OR BELOW: 0 1.00 INCH OR MORE: 0
[HDD (BASE 65) ]
TOTAL THIS MO. 1114 CLEAR (SCALE 0-3) 0
DPTR FM NORMAL -537 PTCLDY (SCALE 4-7) 1
TOTAL FM JUL 1 2855 CLOUDY (SCALE 8-10) 30
DPTR FM NORMAL -1223
[CDD (BASE 65) ]
TOTAL THIS MO. 0
DPTR FM NORMAL 0 [PRESSURE DATA]
TOTAL FM JAN 1 255 HIGHEST SLP 30.49 ON 13
DPTR FM NORMAL 81 LOWEST SLP 29.28 ON 8
[REMARKS]
#FINAL-12-23#