226
CXUS56 KFGZ 010910
CF6INW
PRELIMINARY LOCAL CLIMATOLOGICAL DATA (WS FORM: F-6)
STATION: WINSLOW AZ AIRPORT
MONTH: JANUARY
YEAR: 2021
LATITUDE: 35 1 N
LONGITUDE: 110 44 W
TEMPERATURE IN F: :PCPN: SNOW: WIND :SUNSHINE: SKY :PK WND
================================================================================
1 2 3 4 5 6A 6B 7 8 9 10 11 12 13 14 15 16 17 18
12Z AVG MX 2MIN
DY MAX MIN AVG DEP HDD CDD WTR SNW DPTH SPD SPD DIR MIN PSBL S-S WX SPD DR
================================================================================
1 46 15 31 -3 34 0 0.00 M M 4.8 10 220 M M 3 13 320
2 54 13 34 0 31 0 0.00 M M 4.6 12 110 M M 0 14 110
3 51 13 32 -2 33 0 0.00 M M 4.4 10 210 M M 0 14 20
4 55 14 35 1 30 0 0.00 M M 3.5 9 90 M M 0 11 110
5 58 21 40 6 25 0 0.00 M M 7.5 18 320 M M 0 24 320
6 50 11 31 -3 34 0 0.00 M M 3.4 9 100 M M 0 10 150
7 54 12 33 -1 32 0 0.00 M M 3.4 10 300 M M 0 11 340
8 48 13 31 -3 34 0 0.00 M M 2.9 9 300 M M 0 12 300
9 46 12 29 -5 36 0 0.00 M M 10.1 30 300 M M 0 8 37 310
10 45 10 28 -6 37 0 0.00 M M 3.3 9 240 M M 0 12 310
11 44 11 28 -6 37 0 0.00 M M 4.6 10 320 M M 0 16 310
12 43 2 23 -12 42 0 0.00 M M 2.9 7 210 M M 0 9 330
13 48 6 27 -8 38 0 0.00 M M 3.5 12 330 M M 0 14 340
14 55 11 33 -2 32 0 0.00 M M 4.9 14 260 M M 0 16 260
15 57 13 35 0 30 0 0.00 M M 4.6 16 300 M M 0 22 300
16 61 22 42 7 23 0 0.00 M M 7.4 18 320 M M 0 25 310
17 58 15 37 2 28 0 0.00 M M 3.8 9 70 M M 0 12 70
18 51 13 32 -3 33 0 0.00 M M 4.1 21 180 M M 3 26 180
19 43 32 38 3 27 0 0.20 M M 9.2 18 300 M M 10 1 22 300
20 46 26 36 0 29 0 0.00 M M 3.5 12 310 M M 5 1 14 310
21 49 23 36 0 29 0 0.00 M M 2.9 10 200 M M 5 12 12 200
22 56 29 43 7 22 0 0.00 M M 8.4 21 200 M M 7 25 190
23 54 30 42 6 23 0 0.00 M M 11.2 31 220 M M 5 39 220
24 48 27 38 2 27 0 T M M 9.7 25 230 M M 6 30 230
25 47 24 36 0 29 0 0.05 M M 13.6 38 240 M M 7 12 56 190
26 34 16 25 -11 40 0 0.06 M M 5.0 21 250 M M 8 12 26 240
27 43 10 27 -9 38 0 0.00 M M 6.5 15 120 M M 0 18 120
28 48 19 34 -3 31 0 0.00 M M 2.9 14 130 M M 0 17 130
29 55 24 40 3 25 0 T M M 13.4 32 190 M M 3 39 200
30 49 20 35 -2 30 0 0.00 M M 3.7 13 240 M M 0 14 340
31 51 13 32 -5 33 0 0.00 M M 3.5 9 320 M M 0 15 330
================================================================================
SM 1547 520 972 0 0.31 M 177.2 M 62
================================================================================
AV 49.9 16.8 5.7 FASTST M M 2 MAX(MPH)
MISC ----> 38 240 56 190
================================================================================
NOTES:
# LAST OF SEVERAL OCCURRENCES
COLUMN 17 PEAK WIND IN M.P.H.
PRELIMINARY LOCAL CLIMATOLOGICAL DATA (WS FORM: F-6) , PAGE 2
STATION: WINSLOW AZ AIRPORT
MONTH: JANUARY
YEAR: 2021
LATITUDE: 35 1 N
LONGITUDE: 110 44 W
[TEMPERATURE DATA] [PRECIPITATION DATA] SYMBOLS USED IN COLUMN 16
AVERAGE MONTHLY: 33.3 TOTAL FOR MONTH: 0.31 1 = FOG OR MIST
DPTR FM NORMAL: -1.9 DPTR FM NORMAL: -0.21 2 = FOG REDUCING VISIBILITY
HIGHEST: 61 ON 16 GRTST 24HR 1.12 ON 25-25 TO 1/4 MILE OR LESS
LOWEST: 2 ON 12 3 = THUNDER
SNOW, ICE PELLETS, HAIL 4 = ICE PELLETS
TOTAL MONTH: M 5 = HAIL
GRTST 24HR M ON M 6 = FREEZING RAIN OR DRIZZLE
GRTST DEPTH: M ON M 7 = DUSTSTORM OR SANDSTORM:
VSBY 1/2 MILE OR LESS
8 = SMOKE OR HAZE
[NO. OF DAYS WITH] [WEATHER - DAYS WITH] 9 = BLOWING SNOW
X = TORNADO
MAX 32 OR BELOW: 0 0.01 INCH OR MORE: 3
MAX 90 OR ABOVE: 0 0.10 INCH OR MORE: 1
MIN 32 OR BELOW: 31 0.50 INCH OR MORE: 0
MIN 0 OR BELOW: 0 1.00 INCH OR MORE: 0
[HDD (BASE 65) ]
TOTAL THIS MO. 972 CLEAR (SCALE 0-3) 22
DPTR FM NORMAL 47 PTCLDY (SCALE 4-7) 8
TOTAL FM JUL 1 2820 CLOUDY (SCALE 8-10) 1
DPTR FM NORMAL 18
[CDD (BASE 65) ]
TOTAL THIS MO. 0
DPTR FM NORMAL 0 [PRESSURE DATA]
TOTAL FM JAN 1 0 HIGHEST SLP M ON M
DPTR FM NORMAL 0 LOWEST SLP 29.51 ON 25
[REMARKS]
#FINAL-01-21#