000
CXUS51 KCTP 010819
CLMIPT
CLIMATE REPORT
NATIONAL WEATHER SERVICE STATE COLLEGE PA
419 AM EDT SAT JUL 01 2023
...................................
...THE WILLIAMSPORT PA CLIMATE SUMMARY FOR THE MONTH OF JUNE 2023...
CLIMATE NORMAL PERIOD 1991 TO 2020
CLIMATE RECORD PERIOD 1895 TO 2023
WEATHER OBSERVED NORMAL DEPART LAST YEAR`S
VALUE DATE(S) VALUE FROM VALUE DATE(S)
NORMAL
................................................................
TEMPERATURE (F)
RECORD
HIGH 104 06/05/1925
LOW 36 06/03/1986
06/01/1907
HIGHEST 96 06/02 91 06/01
06/30
LOWEST 41 06/08 45 06/20
AVG. MAXIMUM 80.2 80.5 -0.3 81.9
AVG. MINIMUM 56.7 58.3 -1.6 57.6
MEAN 68.5 69.4 -0.9 69.8
DAYS MAX >= 90 3 3.0 0.0 4
DAYS MAX <= 32 0 0.0 0.0 0
DAYS MIN <= 32 0 0.0 0.0 0
DAYS MIN <= 0 0 0.0 0.0 0
PRECIPITATION (INCHES)
RECORD
MAXIMUM 16.80 1972
MINIMUM 0.66 1966
TOTALS 3.15 3.85 -0.70 2.69
DAILY AVG. 0.11 0.13 -0.02 0.09
DAYS >= .01 10 11.8 -1.8 12
DAYS >= .10 8 7.7 0.3 7
DAYS >= .50 2 2.7 -0.7 2
DAYS >= 1.00 1 0.8 0.2 0
GREATEST
24 HR. TOTAL 1.90 06/26 TO 06/27 0.74 06/08 TO 06/09
SNOWFALL (INCHES)
RECORDS
TOTAL 0.0 MM
TOTALS 0.0 0.0 0.0 0.0
SINCE 7/1 19.9 35.8 -15.9 MM
SNOWDEPTH AVG. 0 0
DAYS >= 1.0 0 0.0 0.0 0
GREATEST
SNOW DEPTH 0 0 MM
24 HR TOTAL MM MM
DEGREE DAYS
HEATING TOTAL 26 28 -2 7
SINCE 7/1 5042 5771 -729 MM
COOLING TOTAL 138 160 -22 159
SINCE 1/1 176 214 -38 MM
................................................................
WIND (MPH)
AVERAGE WIND SPEED 5.8
HIGHEST WIND SPEED/DIRECTION 25/150 DATE 06/26
HIGHEST GUST SPEED/DIRECTION 37/150 DATE 06/26
SKY COVER
POSSIBLE SUNSHINE (PERCENT) MM
AVERAGE SKY COVER 0.47
NUMBER OF DAYS FAIR 13
NUMBER OF DAYS PC 10
NUMBER OF DAYS CLOUDY 7
WEATHER CONDITIONS. NUMBER OF DAYS WITH
THUNDERSTORM 4 MIXED PRECIP 0
HEAVY RAIN 6 RAIN 6
LIGHT RAIN 12 FREEZING RAIN 0
LT FREEZING RAIN 0 HAIL 0
HEAVY SNOW 0 SNOW 0
LIGHT SNOW 0 SLEET 0
FOG 15 FOG W/VIS <= 1/4 MILE 0
HAZE 15
- INDICATES NEGATIVE NUMBERS.
R INDICATES RECORD WAS SET OR TIED.
MM INDICATES DATA IS MISSING.
T INDICATES TRACE AMOUNT.
$$