000
CXUS53 KEAX 010736
CF6IRK
PRELIMINARY LOCAL CLIMATOLOGICAL DATA (WS FORM: F-6)
STATION: KIRKSVILLE MO
MONTH: APRIL
YEAR: 2023
LATITUDE: 40 5 N
LONGITUDE: 92 33 W
TEMPERATURE IN F: :PCPN: SNOW: WIND :SUNSHINE: SKY :PK WND
================================================================================
1 2 3 4 5 6A 6B 7 8 9 10 11 12 13 14 15 16 17 18
12Z AVG MX 2MIN
DY MAX MIN AVG DEP HDD CDD WTR SNW DPTH SPD SPD DIR MIN PSBL S-S WX SPD DR
================================================================================
1 55 33 44 -3 21 0 0.00 M M 15.0 33 290 M M 4 51 270
2 73 31 52 4 13 0 0.00 M M 11.2 28 190 M M 0 53 170
3 71 47 59 11 6 0 0.00 M M 12.4 20 30 M M 7 26 40
4 87 45 66 18 0 1 0.01 M M 16.7 31 180 M M 4 3 43 170
5 73 34 54 5 11 0 0.07 M M 12.4 29 280 M M 4 13 41 300
6 56 26 41 -8 24 0 0.00 M M 4.6 14 340 M M 0 8 19 340
7 63 30 47 -3 18 0 0.00 M M 8.2 16 170 M M 0 21 160
8 67 32 50 0 15 0 0.00 M M 9.0 18 150 M M 0 25 190
9 71 38 55 5 10 0 0.00 M M 11.1 22 140 M M 0 29 120
10 73 41 57 7 8 0 0.00 M M 6.6 16 160 M M 1 20 150
11 78 42 60 9 5 0 0.00 M M 8.9 21 210 M M 0 18 32 220
12 79 50 65 14 0 0 0.00 M M 11.5 24 210 M M 0 39 240
13 79 49 64 13 1 0 0.00 M M 9.9 21 180 M M 0 30 160
14 81 46 64 12 1 0 0.00 M M 10.2 21 180 M M 0 8 28 170
15 71 40 56 4 9 0 0.23 M M 12.1 39 280 M M 6 13 59 280
16 43 35 39 -13 26 0 0.05 M M 16.0 28 280 M M 9 18 44 300
17 63 35 49 -4 16 0 0.00 M M 12.4 24 300 M M 0 35 280
18 69 40 55 2 10 0 0.00 M M 11.2 20 110 M M 1 30 100
19 76 52 64 11 1 0 0.23 M M 11.7 26 250 M M 6 13 44 250
20 71 37 54 0 11 0 0.76 M M 11.9 29 270 M M 5 13 40 270
21 56 35 46 -8 19 0 0.00 M M 12.1 26 270 M M 2 43 280
22 42 32 37 -17 28 0 T M M 12.0 25 280 M M 7 36 280
23 51 26 39 -15 26 0 0.00 M M 6.7 17 310 M M 1 26 310
24 64 28 46 -9 19 0 T M M 5.7 20 180 M M 8 25 330
25 65 43 54 -1 11 0 0.00 M M 7.3 16 300 M M 5 22 300
26 63 38 51 -4 14 0 0.00 M M 7.9 15 90 M M 2 20 80
27 69 37 53 -3 12 0 0.00 M M 7.3 14 130 M M 2 19 90
28 73 37 55 -1 10 0 0.00 M M 4.9 18 330 M M 2 27 330
29 66 40 53 -3 12 0 0.03 M M 10.5 24 360 M M 5 1 33 20
30 56 40 48 -9 17 0 0.00 M M 16.7 29 290 M M 7 43 310
================================================================================
SM 2004 1139 374 1 1.38 M 314.1 M 88
================================================================================
AV 66.8 38.0 10.5 FASTST M M 3 MAX(MPH)
MISC ----> 39 280 59 280
================================================================================
NOTES:
# LAST OF SEVERAL OCCURRENCES
COLUMN 17 PEAK WIND IN M.P.H.
PRELIMINARY LOCAL CLIMATOLOGICAL DATA (WS FORM: F-6) , PAGE 2
STATION: KIRKSVILLE MO
MONTH: APRIL
YEAR: 2023
LATITUDE: 40 5 N
LONGITUDE: 92 33 W
[TEMPERATURE DATA] [PRECIPITATION DATA] SYMBOLS USED IN COLUMN 16
AVERAGE MONTHLY: 52.4 TOTAL FOR MONTH: 1.38 1 = FOG OR MIST
DPTR FM NORMAL: 0.3 DPTR FM NORMAL: -2.55 2 = FOG REDUCING VISIBILITY
HIGHEST: 87 ON 4 GRTST 24HR 0.99 ON 19-20 TO 1/4 MILE OR LESS
LOWEST: 26 ON 23, 6 3 = THUNDER
SNOW, ICE PELLETS, HAIL 4 = ICE PELLETS
TOTAL MONTH: M 5 = HAIL
GRTST 24HR M ON M 6 = FREEZING RAIN OR DRIZZLE
GRTST DEPTH: M ON M 7 = DUSTSTORM OR SANDSTORM:
VSBY 1/2 MILE OR LESS
8 = SMOKE OR HAZE
[NO. OF DAYS WITH] [WEATHER - DAYS WITH] 9 = BLOWING SNOW
X = TORNADO
MAX 32 OR BELOW: 0 0.01 INCH OR MORE: 7
MAX 90 OR ABOVE: 0 0.10 INCH OR MORE: 3
MIN 32 OR BELOW: 7 0.50 INCH OR MORE: 1
MIN 0 OR BELOW: 0 1.00 INCH OR MORE: 0
[HDD (BASE 65) ]
TOTAL THIS MO. 374 CLEAR (SCALE 0-3) 17
DPTR FM NORMAL -20 PTCLDY (SCALE 4-7) 12
TOTAL FM JUL 1 5318 CLOUDY (SCALE 8-10) 1
DPTR FM NORMAL -255
[CDD (BASE 65) ]
TOTAL THIS MO. 1
DPTR FM NORMAL -8 [PRESSURE DATA]
TOTAL FM JAN 1 1 HIGHEST SLP M ON M
DPTR FM NORMAL -9 LOWEST SLP 29.36 ON 4
[REMARKS]
#FINAL-04-23#