887
CXUS53 KBIS 010803
CF6ISN
PRELIMINARY LOCAL CLIMATOLOGICAL DATA (WS FORM: F-6)
STATION: WILLISTON ND
MONTH: DECEMBER
YEAR: 2019
LATITUDE: 48 10 N
LONGITUDE: 103 38 W
TEMPERATURE IN F: :PCPN: SNOW: WIND :SUNSHINE: SKY :PK WND
================================================================================
1 2 3 4 5 6A 6B 7 8 9 10 11 12 13 14 15 16 17 18
12Z AVG MX 2MIN
DY MAX MIN AVG DEP HDD CDD WTR SNW DPTH SPD SPD DIR MIN PSBL S-S WX SPD DR
================================================================================
1 26 15 21 2 44 0 0.00 M M M M M 0 0 0 0 0
2 39 18 29 11 36 0 0.00 M M M M M 0 0 0 0 0
3 41 24 33 15 32 0 0.00 M M M M M 0 0 0 0 0
4 46 23 35 17 30 0 0.00 M M M M M 0 0 0 0 0
5 32 15 24 7 41 0 0.00 M M M M M 0 0 0 M M
6 32 18 25 8 40 0 T M M M M M 0 0 0 0 0
7 46 27 37 21 28 0 T M M M M M 0 0 0 0 0
8 27 -6 11 -5 54 0 0.03 M M M M M 0 0 0 0 0
9 16 -9 4 -12 61 0 T M M M M M M M 0 M M
10 9 -16 -3 -18 68 0 T M M M M M M M M M M
11 9 -7 1 -14 64 0 M M M M M M 0 0 0 0 0
12 21 8 15 1 50 0 M M M M M M M M M M M
13 24 -3 11 -3 54 0 M M M M M M M M M 18 M M
14 9 -3 3 -11 62 0 M M M M M M M M M M M
15 21 9 15 1 50 0 0.00 M M 10.5 20 300 M M M 24 290
16 24 7 16 3 49 0 0.00 M M M M M 0 0 0 0 0
17 20 8 14 1 51 0 0.00 0.0 M M M M 0 0 0 0 0
18 M M M M M M M M M M M M 0 0 0 0 0
19 M M M M M M M M M M M M 0 0 0 0 0
20 M M M M M M M M M M M M 0 0 0 0 0
21 M M M M M M M M M M M M 0 0 0 0 0
22 42 24 33 21 32 0 0.00 M M M M M 0 0 0 0 0
23 M M M M M M M M M M M M 0 0 0 0 0
24 M M M M M M M M M M M M 0 0 0 0 0
25 M M M M M M M M M M M M 0 0 0 0 0
26 24 13 19 8 46 0 M M M M M M 0 0 0 0 0
27 28 11 20 9 45 0 0.00 0.0 M M M M 0 0 0 0 0
28 23 11 17 6 48 0 M M M M M M 0 0 0 0 0
29 18 12 15 4 50 0 M M M M M M 0 0 0 0 0
30 M M M M M M M M M M M M 0 0 0 0 0
31 M M M M M M M M M M M M M M M M M
================================================================================
SM 577 199 1035 0 0.03 0.0 10.5 0 0
================================================================================
AV 26.2 9.1 10.5 FASTST 0 0 0 MAX(MPH)
MISC ----> # 20 300 # 24 290
================================================================================
NOTES:
# LAST OF SEVERAL OCCURRENCES
COLUMN 17 PEAK WIND IN M.P.H.
PRELIMINARY LOCAL CLIMATOLOGICAL DATA (WS FORM: F-6) , PAGE 2
STATION: WILLISTON ND
MONTH: DECEMBER
YEAR: 2019
LATITUDE: 48 10 N
LONGITUDE: 103 38 W
[TEMPERATURE DATA] [PRECIPITATION DATA] SYMBOLS USED IN COLUMN 16
AVERAGE MONTHLY: 17.6 TOTAL FOR MONTH: 0.03 1 = FOG OR MIST
DPTR FM NORMAL: 3.7 DPTR FM NORMAL: -0.59 2 = FOG REDUCING VISIBILITY
HIGHEST: 46 ON 7, 4 GRTST 24HR 0.03 ON 8- 8 TO 1/4 MILE OR LESS
LOWEST: -16 ON 10 3 = THUNDER
SNOW, ICE PELLETS, HAIL 4 = ICE PELLETS
TOTAL MONTH: 0.0 INCH 5 = HAIL
GRTST 24HR 0.0 6 = FREEZING RAIN OR DRIZZLE
GRTST DEPTH: M ON M 7 = DUSTSTORM OR SANDSTORM:
VSBY 1/2 MILE OR LESS
8 = SMOKE OR HAZE
[NO. OF DAYS WITH] [WEATHER - DAYS WITH] 9 = BLOWING SNOW
X = TORNADO
MAX 32 OR BELOW: 17 0.01 INCH OR MORE: 1
MAX 90 OR ABOVE: 0 0.10 INCH OR MORE: 0
MIN 32 OR BELOW: 22 0.50 INCH OR MORE: 0
MIN 0 OR BELOW: 6 1.00 INCH OR MORE: 0
[HDD (BASE 65) ]
TOTAL THIS MO. 1035 CLEAR (SCALE 0-3) 25
DPTR FM NORMAL -550 PTCLDY (SCALE 4-7) 0
TOTAL FM JUL 1 3134 CLOUDY (SCALE 8-10) 0
DPTR FM NORMAL -613
[CDD (BASE 65) ]
TOTAL THIS MO. 0
DPTR FM NORMAL 0 [PRESSURE DATA]
TOTAL FM JAN 1 397 HIGHEST SLP M ON M
DPTR FM NORMAL -59 LOWEST SLP 29.68 ON 7
[REMARKS]
#FINAL-12-19#