000
CXHW53 PHFO 011250
CF6ITO
PRELIMINARY LOCAL CLIMATOLOGICAL DATA (WS FORM: F-6)
STATION: HILO HI
MONTH: APRIL
YEAR: 2023
LATITUDE: 19 43 N
LONGITUDE: 155 4 W
TEMPERATURE IN F: :PCPN: SNOW: WIND :SUNSHINE: SKY :PK WND
================================================================================
1 2 3 4 5 6A 6B 7 8 9 10 11 12 13 14 15 16 17 18
12Z AVG MX 2MIN
DY MAX MIN AVG DEP HDD CDD WTR SNW DPTH SPD SPD DIR MIN PSBL S-S WX SPD DR
================================================================================
1 83 67 75 3 0 10 0.01 M M 5.8 16 100 M M 7 1 19 110
2 77 67 72 0 0 7 3.26 M M 7.7 20 340 M M 9 1 23 120
3 82 65 74 2 0 9 0.96 M M 6.4 17 110 M M 9 1 22 100
4 79 67 73 1 0 8 0.07 M M 7.4 20 80 M M 9 1 23 80
5 79 65 72 0 0 7 0.06 M M 6.2 14 50 M M 6 18 17 50
6 79 65 72 0 0 7 0.24 M M 5.8 16 110 M M 8 18 19 120
7 80 66 73 1 0 8 0.06 M M 6.1 16 100 M M 8 1 21 80
8 80 67 74 2 0 9 0.03 M M 6.6 15 80 M M 6 1 18 80
9 81 63 72 0 0 7 T M M 6.4 15 80 M M 2 20 80
10 79 65 72 0 0 7 0.10 M M 5.6 16 80 M M 6 1 21 90
11 81 67 74 2 0 9 0.89 M M 7.3 17 90 M M 8 1 21 90
12 80 68 74 2 0 9 0.14 M M 6.9 16 60 M M 8 1 20 80
13 78 67 73 1 0 8 1.44 M M 4.8 12 260 M M 8 1 16 240
14 80 63 72 0 0 7 0.04 M M 8.8 17 10 M M 3 1 21 10
15 81 63 72 0 0 7 0.05 M M 6.7 13 50 M M 5 1 17 50
16 82 67 75 3 0 10 0.45 M M 8.5 21 120 M M 7 1 26 110
17 82 64 73 1 0 8 0.00 M M 7.0 15 100 M M 3 22 110
18 84 64 74 1 0 9 0.25 M M 8.4 23 140 M M 4 1 31 150
19 81 68 75 2 0 10 0.22 M M 9.5 22 150 M M 6 1 31 140
20 83 64 74 1 0 9 0.00 M M 5.7 10 360 M M 3 18 50
21 84 68 76 3 0 11 0.06 M M 8.0 21 120 M M 7 1 24 120
22 83 67 75 2 0 10 0.02 M M 5.7 17 130 M M 7 18 21 100
23 84 65 75 2 0 10 0.00 M M 7.8 18 130 M M 6 24 120
24 87 68 78 5 0 13 0.00 M M 6.4 18 110 M M 7 23 100
25 84 65 75 2 0 10 0.00 M M 7.2 16 120 M M 3 21 110
26 83 66 75 2 0 10 0.00 M M 5.7 12 90 M M 3 M M
27 84 68 76 3 0 11 0.00 M M 6.7 16 100 M M 6 20 120
28 85 65 75 2 0 10 0.25 M M 7.0 18 110 M M 3 1 22 110
29 80 66 73 0 0 8 0.34 M M 5.2 17 60 M M 8 18 22 50
30 81 66 74 1 0 9 0.16 M M 6.2 23 100 M M 8 18 26 90
================================================================================
SM 2446 1976 0 267 9.10 M 203.5 M 183
================================================================================
AV 81.5 65.9 6.8 FASTST M M 6 MAX(MPH)
MISC ----> # 23 140 # 31 150
================================================================================
NOTES:
# LAST OF SEVERAL OCCURRENCES
COLUMN 17 PEAK WIND IN M.P.H.
PRELIMINARY LOCAL CLIMATOLOGICAL DATA (WS FORM: F-6) , PAGE 2
STATION: HILO HI
MONTH: APRIL
YEAR: 2023
LATITUDE: 19 43 N
LONGITUDE: 155 4 W
[TEMPERATURE DATA] [PRECIPITATION DATA] SYMBOLS USED IN COLUMN 16
AVERAGE MONTHLY: 73.7 TOTAL FOR MONTH: 9.10 1 = FOG OR MIST
DPTR FM NORMAL: 1.2 DPTR FM NORMAL: -0.30 2 = FOG REDUCING VISIBILITY
HIGHEST: 87 ON 24 GRTST 24HR 3.93 ON 2- 3 TO 1/4 MILE OR LESS
LOWEST: 63 ON 15,14 3 = THUNDER
SNOW, ICE PELLETS, HAIL 4 = ICE PELLETS
TOTAL MONTH: M 5 = HAIL
GRTST 24HR M ON M 6 = FREEZING RAIN OR DRIZZLE
GRTST DEPTH: M ON M 7 = DUSTSTORM OR SANDSTORM:
VSBY 1/2 MILE OR LESS
8 = SMOKE OR HAZE
[NO. OF DAYS WITH] [WEATHER - DAYS WITH] 9 = BLOWING SNOW
X = TORNADO
MAX 32 OR BELOW: 0 0.01 INCH OR MORE: 22
MAX 90 OR ABOVE: 0 0.10 INCH OR MORE: 13
MIN 32 OR BELOW: 0 0.50 INCH OR MORE: 4
MIN 0 OR BELOW: 0 1.00 INCH OR MORE: 2
[HDD (BASE 65) ]
TOTAL THIS MO. 0 CLEAR (SCALE 0-3) 5
DPTR FM NORMAL 0 PTCLDY (SCALE 4-7) 20
TOTAL FM JUL 1 0 CLOUDY (SCALE 8-10) 5
DPTR FM NORMAL 0
[CDD (BASE 65) ]
TOTAL THIS MO. 267
DPTR FM NORMAL 41 [PRESSURE DATA]
TOTAL FM JAN 1 1025 HIGHEST SLP 30.16 ON 22
DPTR FM NORMAL 214 LOWEST SLP 29.80 ON 19
[REMARKS]
#FINAL-04-23#