000
CXUS55 KGLD 021213
CF6ITR
PRELIMINARY LOCAL CLIMATOLOGICAL DATA (WS FORM: F-6)
STATION: BURLINGTON CO
MONTH: JULY
YEAR: 2021
LATITUDE: 39 15 N
LONGITUDE: 102 17 W
TEMPERATURE IN F: :PCPN: SNOW: WIND :SUNSHINE: SKY :PK WND
================================================================================
1 2 3 4 5 6A 6B 7 8 9 10 11 12 13 14 15 16 17 18
12Z AVG MX 2MIN
DY MAX MIN AVG DEP HDD CDD WTR SNW DPTH SPD SPD DIR MIN PSBL S-S WX SPD DR
================================================================================
1 80 61 71 -3 0 6 0.00 M M 11.5 18 110 M M 6 12 25 100
2 84 59 72 -2 0 7 0.00 M M 10.9 22 110 M M 2 18 29 130
3 91 64 78 4 0 13 0.11 M M 14.7 32 320 M M 2 3 42 310
4 91 61 76 1 0 11 0.19 M M 8.5 52 110 M M 1 138 71 100
5 90 60 75 0 0 10 0.00 M M 7.9 16 130 M M 0 1 22 160
6 89 65 77 2 0 12 0.00 M M 9.4 21 80 M M 3 18 29 20
7 87 60 74 -1 0 9 0.00 M M 7.3 14 180 M M 2 128 18 160
8 100 64 82 7 0 17 0.02 M M 17.5 29 190 M M 0 3 39 200
9 102 67 85 10 0 20 T M M 13.0 35 90 M M 0 3 50 80
10 88 58 73 -2 0 8 0.00 M M 11.4 21 30 M M 1 8 30 40
11 86 53 70 -6 0 5 0.00 M M 6.2 15 120 M M 0 20 40
12 91 57 74 -2 0 9 0.00 M M 10.4 18 180 M M 0 8 24 190
13 95 57 76 0 0 11 0.00 M M 10.2 29 220 M M 0 8 43 210
14 88 65 77 1 0 12 0.00 M M 10.2 22 220 M M 0 8 31 220
15 86 62 74 -2 0 9 0.00 M M 7.3 15 140 M M 4 18 19 160
16 94 58 76 0 0 11 0.87 M M 11.4 33 360 M M 1 123 52 360
17 88 58 73 -3 0 8 0.00 M M 10.2 20 60 M M 1 3 28 50
18 88 61 75 -1 0 10 0.08 M M 9.3 24 170 M M 1 3 31 130
19 90 60 75 -1 0 10 0.00 M M 8.4 16 150 M M 0 22 150
20 86 62 74 -2 0 9 0.00 M M 13.3 17 160 M M 0 27 150
21 90 62 76 0 0 11 0.00 M M 16.2 26 180 M M 0 33 170
22 95 63 79 3 0 14 0.00 M M 11.5 18 150 M M 0 24 140
23 96 65 81 5 0 16 0.00 M M 11.2 18 190 M M 0 27 200
24 93 63 78 2 0 13 0.00 M M 10.7 23 30 M M 1 8 31 30
25 90 63 77 1 0 12 0.25 M M 8.8 32 120 M M 5 1238 41 110
26 90 61 76 0 0 11 0.00 M M 8.7 18 210 M M 0 1 24 170
27 93 62 78 2 0 13 0.00 M M 8.0 17 150 M M 0 24 150
28 99 65 82 6 0 17 0.00 M M 13.1 24 170 M M 0 32 200
29 97 65 81 5 0 16 0.00 M M 11.5 20 150 M M 0 26 150
30 97 65 81 5 0 16 0.00 M M 12.0 21 170 M M 0 31 190
31 82 66 74 -2 0 9 0.00 M M 14.3 25 40 M M 7 18 36 360
================================================================================
SM 2816 1912 0 355 1.52 M 335.0 M 37
================================================================================
AV 90.8 61.7 10.8 FASTST M M 1 MAX(MPH)
MISC ----> 52 110 71 100
================================================================================
NOTES:
# LAST OF SEVERAL OCCURRENCES
COLUMN 17 PEAK WIND IN M.P.H.
PRELIMINARY LOCAL CLIMATOLOGICAL DATA (WS FORM: F-6) , PAGE 2
STATION: BURLINGTON CO
MONTH: JULY
YEAR: 2021
LATITUDE: 39 15 N
LONGITUDE: 102 17 W
[TEMPERATURE DATA] [PRECIPITATION DATA] SYMBOLS USED IN COLUMN 16
AVERAGE MONTHLY: 76.3 TOTAL FOR MONTH: 1.52 1 = FOG OR MIST
DPTR FM NORMAL: 0.9 DPTR FM NORMAL: -1.43 2 = FOG REDUCING VISIBILITY
HIGHEST: 102 ON 9 GRTST 24HR 0.87 ON 16-16 TO 1/4 MILE OR LESS
LOWEST: 53 ON 11 3 = THUNDER
SNOW, ICE PELLETS, HAIL 4 = ICE PELLETS
TOTAL MONTH: M 5 = HAIL
GRTST 24HR M ON M 6 = FREEZING RAIN OR DRIZZLE
GRTST DEPTH: M ON M 7 = DUSTSTORM OR SANDSTORM:
VSBY 1/2 MILE OR LESS
8 = SMOKE OR HAZE
[NO. OF DAYS WITH] [WEATHER - DAYS WITH] 9 = BLOWING SNOW
X = TORNADO
MAX 32 OR BELOW: 0 0.01 INCH OR MORE: 6
MAX 90 OR ABOVE: 19 0.10 INCH OR MORE: 4
MIN 32 OR BELOW: 0 0.50 INCH OR MORE: 1
MIN 0 OR BELOW: 0 1.00 INCH OR MORE: 0
[HDD (BASE 65) ]
TOTAL THIS MO. 0 CLEAR (SCALE 0-3) 27
DPTR FM NORMAL -3 PTCLDY (SCALE 4-7) 4
TOTAL FM JUL 1 0 CLOUDY (SCALE 8-10) 0
DPTR FM NORMAL 0
[CDD (BASE 65) ]
TOTAL THIS MO. 355
DPTR FM NORMAL 28 [PRESSURE DATA]
TOTAL FM JAN 1 602 HIGHEST SLP 30.19 ON 31
DPTR FM NORMAL 48 LOWEST SLP 29.70 ON 9
[REMARKS]
#FINAL-07-21#