000
CXUS53 KEAX 010836
CF6IXD
PRELIMINARY LOCAL CLIMATOLOGICAL DATA (WS FORM: F-6)
STATION: NEW CENTURY AIR CENTER KS
MONTH: NOVEMBER
YEAR: 2022
LATITUDE: 38 49 N
LONGITUDE: 94 54 W
TEMPERATURE IN F: :PCPN: SNOW: WIND :SUNSHINE: SKY :PK WND
================================================================================
1 2 3 4 5 6A 6B 7 8 9 10 11 12 13 14 15 16 17 18
12Z AVG MX 2MIN
DY MAX MIN AVG DEP HDD CDD WTR SNW DPTH SPD SPD DIR MIN PSBL S-S WX SPD DR
================================================================================
1 79 39 59 9 6 0 0.00 M M 8.1 20 200 M M 0 24 200
2 75 52 64 15 1 0 0.00 M M 12.4 25 190 M M 0 35 190
3 76 57 67 18 0 2 0.00 M M 16.8 33 190 M M 4 51 200
4 69 40 55 7 10 0 2.14 M M 13.8 28 280 M M 9 138 37 280
5 56 34 45 -3 20 0 0.28 M M 14.1 22 190 M M 4 1 32 260
6 63 39 51 3 14 0 0.00 M M 8.6 17 190 M M 0 24 190
7 58 42 50 3 15 0 0.00 M M 10.6 18 70 M M 2 27 50
8 63 49 56 9 9 0 T M M 10.9 16 150 M M 8 18 23 140
9 71 M M M M M 0.00 M M 13.0 21 170 M M 5 18 31 160
10 74 37 56 10 9 0 0.68 M M 15.3 25 360 M M 8 13 39 190
11 37 24 31 -15 34 0 T M M 15.2 28 350 M M 2 36 350
12 32 18 25 -20 40 0 0.00 M M 9.8 20 320 M M 5 26 320
13 40 15 28 -17 37 0 0.00 M M 5.9 15 140 M M 0 1 20 120
14 40 28 34 -10 31 0 0.17 M M 5.8 13 150 M M 9 1 16 130
15 39 25 32 -12 33 0 0.04 M M 8.1 21 280 M M 6 1 26 300
16 33 20 27 -17 38 0 T M M 9.3 20 290 M M 4 8 29 280
17 44 19 32 -11 33 0 0.00 M M 9.4 21 340 M M 5 27 340
18 27 17 22 -21 43 0 0.00 M M 10.9 18 310 M M 0 27 320
19 36 16 26 -16 39 0 0.00 M M 11.0 24 320 M M 0 31 330
20 48 15 32 -10 33 0 0.00 M M 11.7 21 200 M M 0 27 190
21 55 31 43 1 22 0 0.00 M M 9.4 21 200 M M 0 31 200
22 62 24 43 2 22 0 0.00 M M 8.1 18 210 M M 0 25 220
23 58 36 47 6 18 0 0.01 M M 9.1 17 180 M M 4 1 26 170
24 59 32 46 6 19 0 0.00 M M 5.8 18 340 M M 7 18 27 340
25 54 28 41 1 24 0 0.00 M M 4.0 12 310 M M 0 13 310
26 53 25 39 -1 26 0 1.55 M M 6.9 14 160 M M 3 1 18 20
27 45 30 38 -1 27 0 0.28 M M 10.2 22 330 M M 6 1 29 320
28 55 25 40 1 25 0 0.00 M M 8.7 16 140 M M 0 22 190
29 57 25 41 3 24 0 T M M 18.2 29 280 M M 4 1 41 210
30 36 20 28 -10 37 0 0.00 M M 8.3 16 290 M M 0 22 280
================================================================================
SM 1594 862 689 2 5.15 M 309.4 M 95
================================================================================
AV 53.1 29.7 10.3 FASTST M M 3 MAX(MPH)
MISC ----> 33 190 51 200
================================================================================
NOTES:
# LAST OF SEVERAL OCCURRENCES
COLUMN 17 PEAK WIND IN M.P.H.
PRELIMINARY LOCAL CLIMATOLOGICAL DATA (WS FORM: F-6) , PAGE 2
STATION: NEW CENTURY AIR CENTER KS
MONTH: NOVEMBER
YEAR: 2022
LATITUDE: 38 49 N
LONGITUDE: 94 54 W
[TEMPERATURE DATA] [PRECIPITATION DATA] SYMBOLS USED IN COLUMN 16
AVERAGE MONTHLY: 41.4 TOTAL FOR MONTH: 5.15 1 = FOG OR MIST
DPTR FM NORMAL: -2.4 DPTR FM NORMAL: 3.24 2 = FOG REDUCING VISIBILITY
HIGHEST: 79 ON 1 GRTST 24HR 2.42 ON 4- 5 TO 1/4 MILE OR LESS
LOWEST: 15 ON 20,13 3 = THUNDER
SNOW, ICE PELLETS, HAIL 4 = ICE PELLETS
TOTAL MONTH: M 5 = HAIL
GRTST 24HR M ON M 6 = FREEZING RAIN OR DRIZZLE
GRTST DEPTH: M ON M 7 = DUSTSTORM OR SANDSTORM:
VSBY 1/2 MILE OR LESS
8 = SMOKE OR HAZE
[NO. OF DAYS WITH] [WEATHER - DAYS WITH] 9 = BLOWING SNOW
X = TORNADO
MAX 32 OR BELOW: 2 0.01 INCH OR MORE: 8
MAX 90 OR ABOVE: 0 0.10 INCH OR MORE: 6
MIN 32 OR BELOW: 19 0.50 INCH OR MORE: 3
MIN 0 OR BELOW: 0 1.00 INCH OR MORE: 2
[HDD (BASE 65) ]
TOTAL THIS MO. 689 CLEAR (SCALE 0-3) 15
DPTR FM NORMAL 52 PTCLDY (SCALE 4-7) 11
TOTAL FM JUL 1 952 CLOUDY (SCALE 8-10) 4
DPTR FM NORMAL -31
[CDD (BASE 65) ]
TOTAL THIS MO. 2
DPTR FM NORMAL 1 [PRESSURE DATA]
TOTAL FM JAN 1 1669 HIGHEST SLP 30.54 ON 18
DPTR FM NORMAL 253 LOWEST SLP 29.42 ON 29
[REMARKS]
#FINAL-11-22#