000
CXUS53 KEAX 010736
CF6IXD
PRELIMINARY LOCAL CLIMATOLOGICAL DATA (WS FORM: F-6)
STATION: NEW CENTURY AIR CENTER KS
MONTH: MAY
YEAR: 2022
LATITUDE: 38 49 N
LONGITUDE: 94 54 W
TEMPERATURE IN F: :PCPN: SNOW: WIND :SUNSHINE: SKY :PK WND
================================================================================
1 2 3 4 5 6A 6B 7 8 9 10 11 12 13 14 15 16 17 18
12Z AVG MX 2MIN
DY MAX MIN AVG DEP HDD CDD WTR SNW DPTH SPD SPD DIR MIN PSBL S-S WX SPD DR
================================================================================
1 71 48 60 1 5 0 0.00 M M 10.8 21 280 M M 2 30 290
2 58 50 54 -6 11 0 0.56 M M 11.8 29 280 M M 7 138 42 280
3 54 44 49 -11 16 0 0.00 M M 11.2 21 330 M M 10 1 27 320
4 54 50 52 -8 13 0 1.06 M M 10.0 28 100 M M 10 13 44 100
5 66 52 59 -2 6 0 1.01 M M 8.5 23 100 M M 8 1 33 100
6 66 53 60 -1 5 0 0.05 M M 6.0 13 340 M M 9 1 17 340
7 73 51 62 0 3 0 0.00 M M 11.3 22 130 M M 0 31 120
8 77 60 69 7 0 4 0.02 M M 15.9 28 140 M M 7 39 140
9 89 68 79 17 0 14 0.00 M M 18.0 30 190 M M 2 8 42 200
10 89 74 82 19 0 17 0.00 M M 13.9 26 200 M M 5 18 36 210
11 90 73 82 19 0 17 0.00 M M 10.0 18 160 M M 1 18 28 190
12 91 69 80 17 0 15 0.00 M M 11.7 23 160 M M 0 34 150
13 82 61 72 8 0 7 0.51 M M 8.6 24 70 M M 4 13 33 60
14 88 62 75 11 0 10 0.00 M M 2.0 9 280 M M 0 13 290
15 75 54 65 1 0 0 0.54 M M 9.4 46 310 M M 3 13 63 300
16 79 51 65 0 0 0 0.00 M M 4.6 12 270 M M 0 16 250
17 81 55 68 3 0 3 1.40 M M 9.2 23 260 M M 2 13 33 300
18 82 61 72 6 0 7 0.55 M M 6.5 18 200 M M 3 13 26 160
19 82 61 72 6 0 7 0.00 M M 10.5 22 220 M M 0 1 31 230
20 76 58 67 1 0 2 0.00 M M 12.0 23 180 M M 7 8 38 190
21 63 42 53 -14 12 0 T M M 13.4 22 350 M M 7 3 31 350
22 68 42 55 -12 10 0 0.00 M M 8.0 18 340 M M 0 25 350
23 67 45 56 -12 9 0 0.00 M M 8.3 18 110 M M 5 37 100
24 62 53 58 -10 7 0 1.36 M M 9.9 26 90 M M 10 1 37 90
25 66 57 62 -6 3 0 0.81 M M 7.1 20 250 M M 10 1 28 190
26 63 49 56 -13 9 0 0.03 M M 10.0 24 320 M M 9 1 31 310
27 80 47 64 -5 1 0 0.00 M M 5.8 12 350 M M 0 15 350
28 85 61 73 4 0 8 0.00 M M 12.8 23 160 M M 0 32 190
29 87 69 78 8 0 13 T M M 17.8 30 170 M M 0 46 160
30 84 71 78 8 0 13 0.03 M M 18.2 30 190 M M 3 3 43 190
31 77 64 71 1 0 6 1.78 M M 5.6 21 310 M M 9 13 30 140
================================================================================
SM 2325 1755 110 143 9.71 M 318.8 M 133
================================================================================
AV 75.0 56.6 10.3 FASTST M M 4 MAX(MPH)
MISC ----> 46 310 63 300
================================================================================
NOTES:
# LAST OF SEVERAL OCCURRENCES
COLUMN 17 PEAK WIND IN M.P.H.
PRELIMINARY LOCAL CLIMATOLOGICAL DATA (WS FORM: F-6) , PAGE 2
STATION: NEW CENTURY AIR CENTER KS
MONTH: MAY
YEAR: 2022
LATITUDE: 38 49 N
LONGITUDE: 94 54 W
[TEMPERATURE DATA] [PRECIPITATION DATA] SYMBOLS USED IN COLUMN 16
AVERAGE MONTHLY: 65.8 TOTAL FOR MONTH: 9.71 1 = FOG OR MIST
DPTR FM NORMAL: 0.9 DPTR FM NORMAL: 4.63 2 = FOG REDUCING VISIBILITY
HIGHEST: 91 ON 12 GRTST 24HR 1.95 ON 17-18 TO 1/4 MILE OR LESS
LOWEST: 42 ON 22,21 3 = THUNDER
SNOW, ICE PELLETS, HAIL 4 = ICE PELLETS
TOTAL MONTH: M 5 = HAIL
GRTST 24HR M ON M 6 = FREEZING RAIN OR DRIZZLE
GRTST DEPTH: M ON M 7 = DUSTSTORM OR SANDSTORM:
VSBY 1/2 MILE OR LESS
8 = SMOKE OR HAZE
[NO. OF DAYS WITH] [WEATHER - DAYS WITH] 9 = BLOWING SNOW
X = TORNADO
MAX 32 OR BELOW: 0 0.01 INCH OR MORE: 14
MAX 90 OR ABOVE: 2 0.10 INCH OR MORE: 10
MIN 32 OR BELOW: 0 0.50 INCH OR MORE: 10
MIN 0 OR BELOW: 0 1.00 INCH OR MORE: 5
[HDD (BASE 65) ]
TOTAL THIS MO. 110 CLEAR (SCALE 0-3) 16
DPTR FM NORMAL 5 PTCLDY (SCALE 4-7) 7
TOTAL FM JUL 1 4504 CLOUDY (SCALE 8-10) 8
DPTR FM NORMAL -464
[CDD (BASE 65) ]
TOTAL THIS MO. 143
DPTR FM NORMAL 41 [PRESSURE DATA]
TOTAL FM JAN 1 157 HIGHEST SLP M ON M
DPTR FM NORMAL 34 LOWEST SLP 29.23 ON 20
[REMARKS]
#FINAL-05-22#