000
CXUS54 KJAN 011929
CLMJAN
CLIMATE REPORT
NATIONAL WEATHER SERVICE JACKSON MS
229 PM CDT WED NOV 01 2023
...................................
...THE JACKSON CLIMATE SUMMARY FOR THE MONTH OF OCTOBER 2023...
CLIMATE NORMAL PERIOD: 1991 TO 2020
CLIMATE RECORD PERIOD: 1896 TO 2023
WEATHER OBSERVED NORMAL DEPART LAST YEAR`S
VALUE DATE(S) VALUE FROM VALUE DATE(S)
NORMAL
................................................................
TEMPERATURE (F)
RECORD
HIGH 99 10/02/2019
LOW 26 10/31/1993
10/31/1917
HIGHEST 92 10/22 90 2 88 10/07
10/23
10/12
LOWEST 40 10/08 35 5 30 10/19
10/31
AVG. MAXIMUM 81.9 78.3 3.6 79.0
AVG. MINIMUM 56.1 54.2 1.9 49.3
MEAN 69.0 66.2 2.8 64.2
DAYS MAX >= 90 6 1.5 4.5 0
DAYS MAX <= 32 0 0.0 0.0 0
DAYS MIN <= 32 0 0.2 -0.2 2
DAYS MIN <= 0 0 0.0 0.0 0
PRECIPITATION (INCHES)
RECORD
MAXIMUM 14.66 2019
MINIMUM 0.00 2005
TOTALS 0.24 3.80 -3.56 1.20
DAILY AVG. 0.01 0.12 -0.11 0.04
DAYS >= .01 4 7.1 -3.1 4
DAYS >= .10 1 4.7 -3.7 3
DAYS >= .50 0 2.3 -2.3 1
DAYS >= 1.00 0 1.3 -1.3 0
GREATEST
24 HR. TOTAL 0.15 10/11 TO 10/11 0.56
SNOWFALL (INCHES)
RECORDS
TOTAL 0.0 MM
TOTALS 0.0 0.0 0.0 0.0
SINCE 7/1 0.0 0.0 0.0 MM
DAYS >= TRACE 0
DAYS >= 1.0 0 0.0 0.0 0
GREATEST
24 HR TOTAL MM
DEGREE DAYS
HEATING TOTAL 55 87 -32 76
SINCE 7/1 55 90 -35 MM
COOLING TOTAL 188 126 62 61
SINCE 1/1 3019 2374 645 MM
................................................................
WIND (MPH)
AVERAGE WIND SPEED 6.3
HIGHEST WIND SPEED/DIRECTION 25/360 DATE 10/15
HIGHEST GUST SPEED/DIRECTION 35/360 DATE 10/15
SKY COVER
POSSIBLE SUNSHINE (PERCENT) MM
AVERAGE SKY COVER 0.31
NUMBER OF DAYS FAIR 20
NUMBER OF DAYS PC 8
NUMBER OF DAYS CLOUDY 3
AVERAGE RH (PERCENT) 61
WEATHER CONDITIONS. NUMBER OF DAYS WITH
THUNDERSTORM 0 MIXED PRECIP 0
HEAVY RAIN 0 RAIN 1
LIGHT RAIN 6 FREEZING RAIN 0
LT FREEZING RAIN 0 HAIL 0
HEAVY SNOW 0 SNOW 0
LIGHT SNOW 0 SLEET 0
FOG 8 FOG W/VIS <= 1/4 MILE 0
HAZE 3
- INDICATES NEGATIVE NUMBERS.
R INDICATES RECORD WAS SET OR TIED.
MM INDICATES DATA IS MISSING.
T INDICATES TRACE AMOUNT.
$$