000
CXUS54 KMEG 011000
CF6JBR
PRELIMINARY LOCAL CLIMATOLOGICAL DATA (WS FORM: F-6)
STATION: JONESBORO
MONTH: JANUARY
YEAR: 2023
LATITUDE: 35 49 N
LONGITUDE: 90 39 W
TEMPERATURE IN F: :PCPN: SNOW: WIND :SUNSHINE: SKY :PK WND
================================================================================
1 2 3 4 5 6A 6B 7 8 9 10 11 12 13 14 15 16 17 18
12Z AVG MX 2MIN
DY MAX MIN AVG DEP HDD CDD WTR SNW DPTH SPD SPD DIR MIN PSBL S-S WX SPD DR
================================================================================
1 67 45 56 17 9 0 0.00 M M 6.1 16 190 M M 6 12 20 210
2 70 58 64 25 1 0 0.80 M M 10.4 31 180 M M 10 13 45 180
3 70 55 63 24 2 0 1.14 M M 12.9 32 170 M M 6 13 42 160
4 57 41 49 10 16 0 0.00 M M 8.0 23 250 M M 0 27 250
5 54 37 46 7 19 0 0.00 M M 8.5 21 270 M M 0 26 280
6 53 31 42 4 23 0 0.00 M M 3.9 14 230 M M 1 16 230
7 48 45 47 9 18 0 T M M 7.8 14 50 M M 10 1 16 50
8 51 36 44 6 21 0 0.00 M M 5.7 15 320 M M 5 1 19 300
9 52 31 42 4 23 0 0.00 M M 5.1 13 210 M M 0 18 18 220
10 60 41 51 13 14 0 0.00 M M 8.8 18 220 M M 2 1 24 220
11 67 54 61 23 4 0 0.00 M M 9.9 20 220 M M 6 1 26 200
12 66 38 52 14 13 0 0.13 M M 12.2 26 310 M M 9 1238 33 320
13 38 29 34 -4 31 0 0.00 M M 10.1 18 300 M M 8 27 330
14 42 25 34 -4 31 0 0.00 M M 3.7 9 160 M M 1 13 150
15 55 29 42 4 23 0 0.00 M M 9.0 23 170 M M 4 30 160
16 62 49 56 18 9 0 T M M 15.7 26 200 M M 7 33 200
17 67 50 59 21 6 0 0.00 M M 4.5 14 210 M M 4 12 20 210
18 64 53 59 21 6 0 0.66 M M 10.3 25 300 M M 7 13 37 280
19 53 36 45 7 20 0 0.00 M M 15.6 32 250 M M 0 43 230
20 49 29 39 1 26 0 0.00 M M 4.4 12 10 M M 0 16 360
21 47 31 39 1 26 0 0.31 M M 6.0 14 50 M M 0 1 17 50
22 44 36 40 1 25 0 0.03 M M 4.3 9 330 M M 10 18 13 270
23 47 32 40 1 25 0 0.00 M M 4.3 12 230 M M 1 1 14 240
24 45 30 38 -1 27 0 0.81 M M 8.5 24 60 M M 4 1 29 50
25 42 34 38 -1 27 0 0.07 M M 11.4 22 50 M M 9 1 27 50
26 40 33 37 -2 28 0 0.00 M M 10.5 21 260 M M 6 27 270
27 56 32 44 5 21 0 0.00 M M M 30 230 M M M 37 220
28 51 35 43 4 22 0 0.74 M M 9.2 20 210 M M 7 1 24 200
29 51 35 43 4 22 0 0.72 M M M 16 60 M M M 12 20 30
30 35 27 31 -8 34 0 M M M 9.6 16 20 M M 10 146 20 40
31 27 22 25 -15 40 0 M M M 9.8 18 20 M M 10 168 24 20
================================================================================
SM 1630 1159 612 0 5.41 M 246.2 M 143
================================================================================
AV 52.6 37.4 8.5 FASTST M M 5 MAX(MPH)
MISC ----> # 32 170 45 180
================================================================================
NOTES:
# LAST OF SEVERAL OCCURRENCES
COLUMN 17 PEAK WIND IN M.P.H.
PRELIMINARY LOCAL CLIMATOLOGICAL DATA (WS FORM: F-6) , PAGE 2
STATION: JONESBORO
MONTH: JANUARY
YEAR: 2023
LATITUDE: 35 49 N
LONGITUDE: 90 39 W
[TEMPERATURE DATA] [PRECIPITATION DATA] SYMBOLS USED IN COLUMN 16
AVERAGE MONTHLY: 45.0 TOTAL FOR MONTH: 5.41 1 = FOG OR MIST
DPTR FM NORMAL: 6.3 DPTR FM NORMAL: 1.89 2 = FOG REDUCING VISIBILITY
HIGHEST: 70 ON 3, 2 GRTST 24HR 3.15 ON 2- 3 TO 1/4 MILE OR LESS
LOWEST: 22 ON 31 3 = THUNDER
SNOW, ICE PELLETS, HAIL 4 = ICE PELLETS
TOTAL MONTH: M 5 = HAIL
GRTST 24HR M ON M 6 = FREEZING RAIN OR DRIZZLE
GRTST DEPTH: M ON M 7 = DUSTSTORM OR SANDSTORM:
VSBY 1/2 MILE OR LESS
8 = SMOKE OR HAZE
[NO. OF DAYS WITH] [WEATHER - DAYS WITH] 9 = BLOWING SNOW
X = TORNADO
MAX 32 OR BELOW: 1 0.01 INCH OR MORE: 10
MAX 90 OR ABOVE: 0 0.10 INCH OR MORE: 8
MIN 32 OR BELOW: 12 0.50 INCH OR MORE: 6
MIN 0 OR BELOW: 0 1.00 INCH OR MORE: 1
[HDD (BASE 65) ]
TOTAL THIS MO. 612 CLEAR (SCALE 0-3) 10
DPTR FM NORMAL -205 PTCLDY (SCALE 4-7) 12
TOTAL FM JUL 1 1950 CLOUDY (SCALE 8-10) 9
DPTR FM NORMAL -220
[CDD (BASE 65) ]
TOTAL THIS MO. 0
DPTR FM NORMAL 0 [PRESSURE DATA]
TOTAL FM JAN 1 0 HIGHEST SLP 30.42 ON 14
DPTR FM NORMAL 0 LOWEST SLP 29.58 ON 25
[REMARKS]
#FINAL-01-23#